40.77.167.54 - - [15/Sep/2022:17:00:30 -0700] "GET /bimages/gallery/thump/IDN%20B6.jpg HTTP/1.1" 200 592494 "-" "Mozilla/5.0 (compatible; bingbot/2.0; +http://www.bing.com/bingbot.htm)" "mantech8.com"
185.191.171.23 - - [15/Sep/2022:17:01:03 -0700] "GET /?camp-fire%2F11589909.html HTTP/1.1" 500 - "-" "Mozilla/5.0 (compatible; SemrushBot/7~bl; +http://www.semrush.com/bot.html)" "mantech8.com"
103.131.71.101 - - [15/Sep/2022:17:01:40 -0700] "GET /robots.txt HTTP/1.1" 200 2442 "-" "Mozilla/5.0 (compatible; coccocbot-web/1.0; +http://help.coccoc.com/searchengine)" "mantech8.com"
185.191.171.15 - - [15/Sep/2022:17:02:28 -0700] "GET /?camp-fire%2F3950874.html HTTP/1.1" 500 - "-" "Mozilla/5.0 (compatible; SemrushBot/7~bl; +http://www.semrush.com/bot.html)" "mantech8.com"
64.233.173.14 - - [15/Sep/2022:17:03:01 -0700] "GET /bimages/client/fels.png HTTP/1.1" 200 22393 "-" "Mozilla/5.0 (Windows NT 5.1; rv:11.0) Gecko Firefox/11.0 (via ggpht.com GoogleImageProxy)" "www.mantech8.com"
185.191.171.20 - - [15/Sep/2022:17:03:26 -0700] "GET /?camp-fire%2F18110961.html HTTP/1.1" 500 - "-" "Mozilla/5.0 (compatible; SemrushBot/7~bl; +http://www.semrush.com/bot.html)" "mantech8.com"
185.191.171.9 - - [15/Sep/2022:17:04:32 -0700] "GET /?camp-fire%2F50403088.html HTTP/1.1" 500 - "-" "Mozilla/5.0 (compatible; SemrushBot/7~bl; +http://www.semrush.com/bot.html)" "mantech8.com"
185.191.171.34 - - [15/Sep/2022:17:04:33 -0700] "GET /?camp-fire%2F7790042.html HTTP/1.1" 500 - "-" "Mozilla/5.0 (compatible; SemrushBot/7~bl; +http://www.semrush.com/bot.html)" "mantech8.com"
114.119.133.182 - - [15/Sep/2022:17:05:03 -0700] "GET /sitemap-index-10.xml HTTP/1.1" 404 88 "-" "Mozilla/5.0 (compatible;PetalBot;+https://webmaster.petalsearch.com/site/petalbot)" "mantech8.com"
185.191.171.35 - - [15/Sep/2022:17:05:17 -0700] "GET /?camp-fire%2F28394135.html HTTP/1.1" 500 - "-" "Mozilla/5.0 (compatible; SemrushBot/7~bl; +http://www.semrush.com/bot.html)" "mantech8.com"
185.191.171.17 - - [15/Sep/2022:17:05:36 -0700] "GET /?camp-fire%2F29675476.html HTTP/1.1" 500 - "-" "Mozilla/5.0 (compatible; SemrushBot/7~bl; +http://www.semrush.com/bot.html)" "mantech8.com"
185.191.171.34 - - [15/Sep/2022:17:05:57 -0700] "GET /?camp-fire%2F46463338.html HTTP/1.1" 500 - "-" "Mozilla/5.0 (compatible; SemrushBot/7~bl; +http://www.semrush.com/bot.html)" "mantech8.com"
185.191.171.33 - - [15/Sep/2022:17:07:02 -0700] "GET /?camp-fire%2F42124971.html HTTP/1.1" 500 - "-" "Mozilla/5.0 (compatible; SemrushBot/7~bl; +http://www.semrush.com/bot.html)" "mantech8.com"
185.191.171.38 - - [15/Sep/2022:17:07:08 -0700] "GET /?camp-fire%2F42744917.html HTTP/1.1" 500 - "-" "Mozilla/5.0 (compatible; SemrushBot/7~bl; +http://www.semrush.com/bot.html)" "mantech8.com"
185.191.171.11 - - [15/Sep/2022:17:07:26 -0700] "GET /?camp-fire%2F1586398.html HTTP/1.1" 500 - "-" "Mozilla/5.0 (compatible; SemrushBot/7~bl; +http://www.semrush.com/bot.html)" "mantech8.com"
185.191.171.43 - - [15/Sep/2022:17:07:59 -0700] "GET /?camp-fire%2F34314481.html HTTP/1.1" 500 - "-" "Mozilla/5.0 (compatible; SemrushBot/7~bl; +http://www.semrush.com/bot.html)" "mantech8.com"
185.191.171.3 - - [15/Sep/2022:17:08:04 -0700] "GET /?camp-fire%2F26070251.html HTTP/1.1" 500 - "-" "Mozilla/5.0 (compatible; SemrushBot/7~bl; +http://www.semrush.com/bot.html)" "mantech8.com"
185.191.171.44 - - [15/Sep/2022:17:10:22 -0700] "GET /?camp-fire%2F46871288.html HTTP/1.1" 500 - "-" "Mozilla/5.0 (compatible; SemrushBot/7~bl; +http://www.semrush.com/bot.html)" "mantech8.com"
185.191.171.21 - - [15/Sep/2022:17:10:28 -0700] "GET /?camp-fire%2F24041533.html HTTP/1.1" 500 - "-" "Mozilla/5.0 (compatible; SemrushBot/7~bl; +http://www.semrush.com/bot.html)" "mantech8.com"
185.191.171.22 - - [15/Sep/2022:17:10:37 -0700] "GET /?camp-fire%2F8983342.html HTTP/1.1" 500 - "-" "Mozilla/5.0 (compatible; SemrushBot/7~bl; +http://www.semrush.com/bot.html)" "mantech8.com"
114.119.133.190 - - [15/Sep/2022:17:10:39 -0700] "GET /index.php?sitemap18.xml HTTP/1.1" 200 300862 "-" "Mozilla/5.0 (compatible;PetalBot;+https://webmaster.petalsearch.com/site/petalbot)" "mantech8.com"
185.191.171.4 - - [15/Sep/2022:17:11:31 -0700] "GET /?camp-fire%2F22144917.html HTTP/1.1" 500 - "-" "Mozilla/5.0 (compatible; SemrushBot/7~bl; +http://www.semrush.com/bot.html)" "mantech8.com"
185.191.171.15 - - [15/Sep/2022:17:11:56 -0700] "GET /?camp-fire%2F56131671.html HTTP/1.1" 500 - "-" "Mozilla/5.0 (compatible; SemrushBot/7~bl; +http://www.semrush.com/bot.html)" "mantech8.com"
185.191.171.9 - - [15/Sep/2022:17:12:23 -0700] "GET /?camp-fire%2F40674651.html HTTP/1.1" 500 - "-" "Mozilla/5.0 (compatible; SemrushBot/7~bl; +http://www.semrush.com/bot.html)" "mantech8.com"
185.191.171.37 - - [15/Sep/2022:17:12:32 -0700] "GET /?camp-fire%2F40674808.html HTTP/1.1" 500 - "-" "Mozilla/5.0 (compatible; SemrushBot/7~bl; +http://www.semrush.com/bot.html)" "mantech8.com"
185.191.171.8 - - [15/Sep/2022:17:12:41 -0700] "GET /?camp-fire%2F18755280.html HTTP/1.1" 500 - "-" "Mozilla/5.0 (compatible; SemrushBot/7~bl; +http://www.semrush.com/bot.html)" "mantech8.com"
185.191.171.36 - - [15/Sep/2022:17:13:21 -0700] "GET /?camp-fire%2F10473183.html HTTP/1.1" 500 - "-" "Mozilla/5.0 (compatible; SemrushBot/7~bl; +http://www.semrush.com/bot.html)" "mantech8.com"
185.191.171.23 - - [15/Sep/2022:17:14:31 -0700] "GET /?camp-fire%2F38833117.html HTTP/1.1" 500 - "-" "Mozilla/5.0 (compatible; SemrushBot/7~bl; +http://www.semrush.com/bot.html)" "mantech8.com"
185.191.171.40 - - [15/Sep/2022:17:14:46 -0700] "GET /?camp-fire%2F23387065.html HTTP/1.1" 500 - "-" "Mozilla/5.0 (compatible; SemrushBot/7~bl; +http://www.semrush.com/bot.html)" "mantech8.com"
150.158.103.30 - - [15/Sep/2022:17:15:05 -0700] "GET /xmlrpc.php HTTP/1.1" 404 88 "-" "Mozilla/5.0 (Windows NT 6.1; WOW64; rv:45.0) Gecko/20100101 Firefox/45.0" "mantech8.com"
185.191.171.4 - - [15/Sep/2022:17:15:28 -0700] "GET /?camp-fire%2F40147992.html HTTP/1.1" 500 - "-" "Mozilla/5.0 (compatible; SemrushBot/7~bl; +http://www.semrush.com/bot.html)" "mantech8.com"
185.191.171.9 - - [15/Sep/2022:17:16:04 -0700] "GET /robots.txt HTTP/1.1" 200 2442 "-" "Mozilla/5.0 (compatible; SemrushBot/7~bl; +http://www.semrush.com/bot.html)" "mantech8.com"
185.191.171.1 - - [15/Sep/2022:17:16:04 -0700] "GET /?camp-fire%2F3109578.html HTTP/1.1" 500 - "-" "Mozilla/5.0 (compatible; SemrushBot/7~bl; +http://www.semrush.com/bot.html)" "mantech8.com"
185.191.171.13 - - [15/Sep/2022:17:16:18 -0700] "GET /?camp-fire%2F39834702.html HTTP/1.1" 500 - "-" "Mozilla/5.0 (compatible; SemrushBot/7~bl; +http://www.semrush.com/bot.html)" "mantech8.com"
185.191.171.23 - - [15/Sep/2022:17:16:36 -0700] "GET /?camp-fire%2F10294890.html HTTP/1.1" 500 - "-" "Mozilla/5.0 (compatible; SemrushBot/7~bl; +http://www.semrush.com/bot.html)" "mantech8.com"
61.135.159.152 - - [15/Sep/2022:17:16:43 -0700] "GET / HTTP/1.1" 500 - "-" "Sogou web spider/4.0(+http://www.sogou.com/docs/help/webmasters.htm#07)" "www.mantech8.com"
141.8.142.103 - - [15/Sep/2022:17:17:00 -0700] "GET /robots.txt HTTP/1.1" 200 26464 "-" "Mozilla/5.0 (compatible; YandexBot/3.0; +http://yandex.com/bots)" "mantech8.com"
185.191.171.17 - - [15/Sep/2022:17:17:21 -0700] "GET /?camp-fire%2F38175572.html HTTP/1.1" 500 - "-" "Mozilla/5.0 (compatible; SemrushBot/7~bl; +http://www.semrush.com/bot.html)" "mantech8.com"
185.191.171.13 - - [15/Sep/2022:17:17:26 -0700] "GET /?camp-fire%2F11617409.html HTTP/1.1" 500 - "-" "Mozilla/5.0 (compatible; SemrushBot/7~bl; +http://www.semrush.com/bot.html)" "mantech8.com"
49.7.20.28 - - [15/Sep/2022:17:17:59 -0700] "GET / HTTP/1.1" 500 - "-" "Sogou web spider/4.0(+http://www.sogou.com/docs/help/webmasters.htm#07)" "www.mantech8.com"
185.191.171.10 - - [15/Sep/2022:17:18:00 -0700] "GET /?camp-fire%2F27754409.html HTTP/1.1" 500 - "-" "Mozilla/5.0 (compatible; SemrushBot/7~bl; +http://www.semrush.com/bot.html)" "mantech8.com"
185.191.171.36 - - [15/Sep/2022:17:18:01 -0700] "GET /?camp-fire%2F14743769.html HTTP/1.1" 500 - "-" "Mozilla/5.0 (compatible; SemrushBot/7~bl; +http://www.semrush.com/bot.html)" "mantech8.com"
185.191.171.9 - - [15/Sep/2022:17:18:36 -0700] "GET /?camp-fire%2F37487855.html HTTP/1.1" 500 - "-" "Mozilla/5.0 (compatible; SemrushBot/7~bl; +http://www.semrush.com/bot.html)" "mantech8.com"
185.191.171.20 - - [15/Sep/2022:17:18:46 -0700] "GET /?camp-fire%2F20186832.html HTTP/1.1" 500 - "-" "Mozilla/5.0 (compatible; SemrushBot/7~bl; +http://www.semrush.com/bot.html)" "mantech8.com"
49.7.20.28 - - [15/Sep/2022:17:19:31 -0700] "GET / HTTP/1.1" 500 - "-" "Mozilla/5.0 (Macintosh; Intel Mac OS X 10_15_1) AppleWebKit/537.36 (KHTML, like Gecko) Chrome/78.0.3904.97 Safari/537.36" "www.mantech8.com"
185.191.171.5 - - [15/Sep/2022:17:19:56 -0700] "GET /?camp-fire%2F39822535.html HTTP/1.1" 500 - "-" "Mozilla/5.0 (compatible; SemrushBot/7~bl; +http://www.semrush.com/bot.html)" "mantech8.com"
185.191.171.43 - - [15/Sep/2022:17:20:06 -0700] "GET /?camp-fire%2F7241000.html HTTP/1.1" 500 - "-" "Mozilla/5.0 (compatible; SemrushBot/7~bl; +http://www.semrush.com/bot.html)" "mantech8.com"
114.119.133.165 - - [15/Sep/2022:17:21:06 -0700] "GET /index.php/reym.xml HTTP/1.1" 200 281189 "-" "Mozilla/5.0 (compatible;PetalBot;+https://webmaster.petalsearch.com/site/petalbot)" "mantech8.com"
185.191.171.38 - - [15/Sep/2022:17:21:31 -0700] "GET /?camp-fire%2F47148230.html HTTP/1.1" 500 - "-" "Mozilla/5.0 (compatible; SemrushBot/7~bl; +http://www.semrush.com/bot.html)" "mantech8.com"
185.191.171.4 - - [15/Sep/2022:17:21:41 -0700] "GET /?camp-fire%2F24265150.html HTTP/1.1" 500 - "-" "Mozilla/5.0 (compatible; SemrushBot/7~bl; +http://www.semrush.com/bot.html)" "mantech8.com"
185.191.171.36 - - [15/Sep/2022:17:22:52 -0700] "GET /?camp-fire%2F17537927.html HTTP/1.1" 500 - "-" "Mozilla/5.0 (compatible; SemrushBot/7~bl; +http://www.semrush.com/bot.html)" "mantech8.com"
185.191.171.24 - - [15/Sep/2022:17:24:36 -0700] "GET /?camp-fire%2F19011881.html HTTP/1.1" 500 - "-" "Mozilla/5.0 (compatible; SemrushBot/7~bl; +http://www.semrush.com/bot.html)" "mantech8.com"
185.191.171.19 - - [15/Sep/2022:17:25:33 -0700] "GET /?camp-fire%2F722469.html HTTP/1.1" 500 - "-" "Mozilla/5.0 (compatible; SemrushBot/7~bl; +http://www.semrush.com/bot.html)" "mantech8.com"
185.191.171.34 - - [15/Sep/2022:17:26:27 -0700] "GET /?camp-fire%2F25094972.html HTTP/1.1" 500 - "-" "Mozilla/5.0 (compatible; SemrushBot/7~bl; +http://www.semrush.com/bot.html)" "mantech8.com"
185.191.171.1 - - [15/Sep/2022:17:27:00 -0700] "GET /?camp-fire%2F39045772.html HTTP/1.1" 500 - "-" "Mozilla/5.0 (compatible; SemrushBot/7~bl; +http://www.semrush.com/bot.html)" "mantech8.com"
185.191.171.25 - - [15/Sep/2022:17:27:36 -0700] "GET /?camp-fire%2F93736760.html HTTP/1.1" 500 - "-" "Mozilla/5.0 (compatible; SemrushBot/7~bl; +http://www.semrush.com/bot.html)" "mantech8.com"
185.191.171.43 - - [15/Sep/2022:17:27:41 -0700] "GET /?camp-fire%2F49926650.html HTTP/1.1" 500 - "-" "Mozilla/5.0 (compatible; SemrushBot/7~bl; +http://www.semrush.com/bot.html)" "mantech8.com"
185.191.171.3 - - [15/Sep/2022:17:28:10 -0700] "GET /?camp-fire%2F29423071.html HTTP/1.1" 500 - "-" "Mozilla/5.0 (compatible; SemrushBot/7~bl; +http://www.semrush.com/bot.html)" "mantech8.com"
185.191.171.42 - - [15/Sep/2022:17:28:24 -0700] "GET /?camp-fire%2F45548603.html HTTP/1.1" 500 - "-" "Mozilla/5.0 (compatible; SemrushBot/7~bl; +http://www.semrush.com/bot.html)" "mantech8.com"
185.191.171.3 - - [15/Sep/2022:17:29:03 -0700] "GET /?camp-fire%2F54817090.html HTTP/1.1" 500 - "-" "Mozilla/5.0 (compatible; SemrushBot/7~bl; +http://www.semrush.com/bot.html)" "mantech8.com"
185.191.171.36 - - [15/Sep/2022:17:29:13 -0700] "GET /?camp-fire%2F1879251.html HTTP/1.1" 500 - "-" "Mozilla/5.0 (compatible; SemrushBot/7~bl; +http://www.semrush.com/bot.html)" "mantech8.com"
185.191.171.36 - - [15/Sep/2022:17:29:14 -0700] "GET /?camp-fire%2F80356532.html HTTP/1.1" 500 - "-" "Mozilla/5.0 (compatible; SemrushBot/7~bl; +http://www.semrush.com/bot.html)" "mantech8.com"
185.191.171.20 - - [15/Sep/2022:17:29:21 -0700] "GET /?camp-fire%2F27118076.html HTTP/1.1" 500 - "-" "Mozilla/5.0 (compatible; SemrushBot/7~bl; +http://www.semrush.com/bot.html)" "mantech8.com"
185.191.171.37 - - [15/Sep/2022:17:29:32 -0700] "GET /?camp-fire%2F13754176.html HTTP/1.1" 500 - "-" "Mozilla/5.0 (compatible; SemrushBot/7~bl; +http://www.semrush.com/bot.html)" "mantech8.com"
5.189.183.89 - - [15/Sep/2022:17:29:42 -0700] "HEAD /wordpress HTTP/1.1" 404 - "-" "Mozilla/5.0 (Windows NT 10.0; Win64; x64) AppleWebKit/537.36 (KHTML, like Gecko) Chrome/74.0.3729.169 Safari/537.36" "mantech8.com"
5.189.183.89 - - [15/Sep/2022:17:29:42 -0700] "HEAD / HTTP/1.1" 500 - "-" "Mozilla/5.0 (Windows NT 10.0; Win64; x64) AppleWebKit/537.36 (KHTML, like Gecko) Chrome/74.0.3729.169 Safari/537.36" "mantech8.com"
5.189.183.89 - - [15/Sep/2022:17:29:42 -0700] "HEAD /wp HTTP/1.1" 404 - "-" "Mozilla/5.0 (Windows NT 10.0; Win64; x64) AppleWebKit/537.36 (KHTML, like Gecko) Chrome/74.0.3729.169 Safari/537.36" "mantech8.com"
5.189.183.89 - - [15/Sep/2022:17:29:42 -0700] "HEAD /bc HTTP/1.1" 404 - "-" "Mozilla/5.0 (Windows NT 10.0; Win64; x64) AppleWebKit/537.36 (KHTML, like Gecko) Chrome/74.0.3729.169 Safari/537.36" "mantech8.com"
5.189.183.89 - - [15/Sep/2022:17:29:42 -0700] "HEAD /bk HTTP/1.1" 404 - "-" "Mozilla/5.0 (Windows NT 10.0; Win64; x64) AppleWebKit/537.36 (KHTML, like Gecko) Chrome/74.0.3729.169 Safari/537.36" "mantech8.com"
5.189.183.89 - - [15/Sep/2022:17:29:42 -0700] "HEAD /backup HTTP/1.1" 404 - "-" "Mozilla/5.0 (Windows NT 10.0; Win64; x64) AppleWebKit/537.36 (KHTML, like Gecko) Chrome/74.0.3729.169 Safari/537.36" "mantech8.com"
5.189.183.89 - - [15/Sep/2022:17:29:43 -0700] "HEAD /old HTTP/1.1" 404 - "-" "Mozilla/5.0 (Windows NT 10.0; Win64; x64) AppleWebKit/537.36 (KHTML, like Gecko) Chrome/74.0.3729.169 Safari/537.36" "mantech8.com"
5.189.183.89 - - [15/Sep/2022:17:29:43 -0700] "HEAD /new HTTP/1.1" 404 - "-" "Mozilla/5.0 (Windows NT 10.0; Win64; x64) AppleWebKit/537.36 (KHTML, like Gecko) Chrome/74.0.3729.169 Safari/537.36" "mantech8.com"
5.189.183.89 - - [15/Sep/2022:17:29:43 -0700] "HEAD /main HTTP/1.1" 404 - "-" "Mozilla/5.0 (Windows NT 10.0; Win64; x64) AppleWebKit/537.36 (KHTML, like Gecko) Chrome/74.0.3729.169 Safari/537.36" "mantech8.com"
5.189.183.89 - - [15/Sep/2022:17:29:43 -0700] "HEAD /home HTTP/1.1" 404 - "-" "Mozilla/5.0 (Windows NT 10.0; Win64; x64) AppleWebKit/537.36 (KHTML, like Gecko) Chrome/74.0.3729.169 Safari/537.36" "mantech8.com"
185.191.171.42 - - [15/Sep/2022:17:29:57 -0700] "GET /?camp-fire%2F34288526.html HTTP/1.1" 500 - "-" "Mozilla/5.0 (compatible; SemrushBot/7~bl; +http://www.semrush.com/bot.html)" "mantech8.com"
185.191.171.22 - - [15/Sep/2022:17:30:26 -0700] "GET /?camp-fire%2F37164078.html HTTP/1.1" 500 - "-" "Mozilla/5.0 (compatible; SemrushBot/7~bl; +http://www.semrush.com/bot.html)" "mantech8.com"
185.191.171.23 - - [15/Sep/2022:17:30:47 -0700] "GET /?camp-fire%2F15802190.html HTTP/1.1" 500 - "-" "Mozilla/5.0 (compatible; SemrushBot/7~bl; +http://www.semrush.com/bot.html)" "mantech8.com"
185.191.171.44 - - [15/Sep/2022:17:33:06 -0700] "GET /?camp-fire%2F54454503.html HTTP/1.1" 500 - "-" "Mozilla/5.0 (compatible; SemrushBot/7~bl; +http://www.semrush.com/bot.html)" "mantech8.com"
185.191.171.3 - - [15/Sep/2022:17:33:29 -0700] "GET /?camp-fire%2F4369178.html HTTP/1.1" 500 - "-" "Mozilla/5.0 (compatible; SemrushBot/7~bl; +http://www.semrush.com/bot.html)" "mantech8.com"
185.191.171.8 - - [15/Sep/2022:17:34:25 -0700] "GET /?camp-fire%2F48358172.html HTTP/1.1" 500 - "-" "Mozilla/5.0 (compatible; SemrushBot/7~bl; +http://www.semrush.com/bot.html)" "mantech8.com"
185.191.171.20 - - [15/Sep/2022:17:34:38 -0700] "GET /?camp-fire%2F1517253.html HTTP/1.1" 500 - "-" "Mozilla/5.0 (compatible; SemrushBot/7~bl; +http://www.semrush.com/bot.html)" "mantech8.com"
185.191.171.21 - - [15/Sep/2022:17:35:31 -0700] "GET /?camp-fire%2F94780493.html HTTP/1.1" 500 - "-" "Mozilla/5.0 (compatible; SemrushBot/7~bl; +http://www.semrush.com/bot.html)" "mantech8.com"
185.191.171.6 - - [15/Sep/2022:17:35:34 -0700] "GET /?camp-fire%2F1946351.html HTTP/1.1" 500 - "-" "Mozilla/5.0 (compatible; SemrushBot/7~bl; +http://www.semrush.com/bot.html)" "mantech8.com"
23.250.52.77 - - [15/Sep/2022:17:35:50 -0700] "GET / HTTP/1.1" 500 - "-" "Mozilla/5.0 (X11; Linux x86_64) AppleWebKit/537.36 (KHTML, like Gecko) Chrome/103.0.5060.53 Safari/537.36" "mantech8.com"
192.210.151.246 - - [15/Sep/2022:17:35:59 -0700] "GET / HTTP/1.1" 500 - "-" "Mozilla/5.0 (X11; Linux x86_64) AppleWebKit/537.36 (KHTML, like Gecko) Chrome/103.0.5060.53 Safari/537.36" "www.mantech8.com"
198.20.168.229 - - [15/Sep/2022:17:36:07 -0700] "GET / HTTP/1.1" 500 - "-" "Mozilla/5.0 (X11; Linux x86_64) AppleWebKit/537.36 (KHTML, like Gecko) Chrome/103.0.5060.53 Safari/537.36" "mantech8.com"
168.91.11.10 - - [15/Sep/2022:17:36:16 -0700] "GET / HTTP/1.1" 500 - "-" "Mozilla/5.0 (X11; Linux x86_64) AppleWebKit/537.36 (KHTML, like Gecko) Chrome/103.0.5060.53 Safari/537.36" "www.mantech8.com"
185.191.171.25 - - [15/Sep/2022:17:36:19 -0700] "GET /?camp-fire%2F37105438.html HTTP/1.1" 500 - "-" "Mozilla/5.0 (compatible; SemrushBot/7~bl; +http://www.semrush.com/bot.html)" "mantech8.com"
185.191.171.1 - - [15/Sep/2022:17:36:40 -0700] "GET /?camp-fire%2F47702093.html HTTP/1.1" 500 - "-" "Mozilla/5.0 (compatible; SemrushBot/7~bl; +http://www.semrush.com/bot.html)" "mantech8.com"
103.233.83.169 - - [15/Sep/2022:17:36:44 -0700] "GET /index.php?2020abc_url1=0529lf.txt%7Cl0309-1.txt%7C0529lf.txt%7Ck0505.txt%7C0529lf.txt&writerfilename=3index.php%7Cold-index.php%7Cwp-content/mu-plugins-old/index.php%7C2index.php%7Cadmin.php HTTP/1.1" 200 452 "-" "Mozilla/5.0 (compatible; MSIE 9.0; Windows NT 6.1; WOW64; Trident/5.0)" "mantech8.com"
103.233.83.169 - - [15/Sep/2022:17:36:46 -0700] "GET /index.php/mantech8com HTTP/1.1" 200 923 "https://www.google.co.jp/" "Mozilla/5.0 (compatible; MSIE 9.0; Windows NT 6.1; WOW64; Trident/5.0)" "mantech8.com"
185.191.171.13 - - [15/Sep/2022:17:37:21 -0700] "GET /?camp-fire%2F15195884.html HTTP/1.1" 500 - "-" "Mozilla/5.0 (compatible; SemrushBot/7~bl; +http://www.semrush.com/bot.html)" "mantech8.com"
185.191.171.5 - - [15/Sep/2022:17:37:29 -0700] "GET /?camp-fire%2F61836508.html HTTP/1.1" 500 - "-" "Mozilla/5.0 (compatible; SemrushBot/7~bl; +http://www.semrush.com/bot.html)" "mantech8.com"
185.191.171.13 - - [15/Sep/2022:17:37:44 -0700] "GET /?camp-fire%2F28754581.html HTTP/1.1" 500 - "-" "Mozilla/5.0 (compatible; SemrushBot/7~bl; +http://www.semrush.com/bot.html)" "mantech8.com"
216.244.66.241 - - [15/Sep/2022:17:38:30 -0700] "GET /robots.txt HTTP/1.1" 200 26464 "-" "Mozilla/5.0 (compatible; DotBot/1.2; +https://opensiteexplorer.org/dotbot; help@moz.com)" "www.mantech8.com"
216.244.66.241 - - [15/Sep/2022:17:38:30 -0700] "GET /robots.txt HTTP/1.1" 200 26464 "-" "Mozilla/5.0 (compatible; DotBot/1.2; +https://opensiteexplorer.org/dotbot; help@moz.com)" "mantech8.com"
185.191.171.4 - - [15/Sep/2022:17:38:48 -0700] "GET /?camp-fire%2F28082209.html HTTP/1.1" 500 - "-" "Mozilla/5.0 (compatible; SemrushBot/7~bl; +http://www.semrush.com/bot.html)" "mantech8.com"
185.191.171.2 - - [15/Sep/2022:17:40:59 -0700] "GET /?camp-fire%2F38147003.html HTTP/1.1" 500 - "-" "Mozilla/5.0 (compatible; SemrushBot/7~bl; +http://www.semrush.com/bot.html)" "mantech8.com"
185.191.171.44 - - [15/Sep/2022:17:41:15 -0700] "GET /?camp-fire%2F55148992.html HTTP/1.1" 500 - "-" "Mozilla/5.0 (compatible; SemrushBot/7~bl; +http://www.semrush.com/bot.html)" "mantech8.com"
185.191.171.15 - - [15/Sep/2022:17:41:20 -0700] "GET /?camp-fire%2F17595180.html HTTP/1.1" 500 - "-" "Mozilla/5.0 (compatible; SemrushBot/7~bl; +http://www.semrush.com/bot.html)" "mantech8.com"
185.191.171.22 - - [15/Sep/2022:17:42:13 -0700] "GET /?camp-fire%2F32557125.html HTTP/1.1" 500 - "-" "Mozilla/5.0 (compatible; SemrushBot/7~bl; +http://www.semrush.com/bot.html)" "mantech8.com"
185.191.171.41 - - [15/Sep/2022:17:42:53 -0700] "GET /?camp-fire%2F33203230.html HTTP/1.1" 500 - "-" "Mozilla/5.0 (compatible; SemrushBot/7~bl; +http://www.semrush.com/bot.html)" "mantech8.com"
185.191.171.7 - - [15/Sep/2022:17:43:09 -0700] "GET /?camp-fire%2F12649969.html HTTP/1.1" 500 - "-" "Mozilla/5.0 (compatible; SemrushBot/7~bl; +http://www.semrush.com/bot.html)" "mantech8.com"
185.191.171.3 - - [15/Sep/2022:17:43:14 -0700] "GET /?camp-fire%2F3153178.html HTTP/1.1" 500 - "-" "Mozilla/5.0 (compatible; SemrushBot/7~bl; +http://www.semrush.com/bot.html)" "mantech8.com"
185.191.171.23 - - [15/Sep/2022:17:43:40 -0700] "GET /?camp-fire%2F4055378.html HTTP/1.1" 500 - "-" "Mozilla/5.0 (compatible; SemrushBot/7~bl; +http://www.semrush.com/bot.html)" "mantech8.com"
185.191.171.34 - - [15/Sep/2022:17:45:00 -0700] "GET /?camp-fire%2F38682750.html HTTP/1.1" 500 - "-" "Mozilla/5.0 (compatible; SemrushBot/7~bl; +http://www.semrush.com/bot.html)" "mantech8.com"
185.191.171.40 - - [15/Sep/2022:17:45:03 -0700] "GET /?camp-fire%2F8797442.html HTTP/1.1" 500 - "-" "Mozilla/5.0 (compatible; SemrushBot/7~bl; +http://www.semrush.com/bot.html)" "mantech8.com"
185.191.171.3 - - [15/Sep/2022:17:45:58 -0700] "GET /?camp-fire%2F20822535.html HTTP/1.1" 500 - "-" "Mozilla/5.0 (compatible; SemrushBot/7~bl; +http://www.semrush.com/bot.html)" "mantech8.com"
185.191.171.21 - - [15/Sep/2022:17:45:59 -0700] "GET /?camp-fire%2F15286456.html HTTP/1.1" 500 - "-" "Mozilla/5.0 (compatible; SemrushBot/7~bl; +http://www.semrush.com/bot.html)" "mantech8.com"
185.191.171.37 - - [15/Sep/2022:17:46:19 -0700] "GET /?camp-fire%2F42277446.html HTTP/1.1" 500 - "-" "Mozilla/5.0 (compatible; SemrushBot/7~bl; +http://www.semrush.com/bot.html)" "mantech8.com"
185.191.171.41 - - [15/Sep/2022:17:48:39 -0700] "GET /?camp-fire%2F109979141.html HTTP/1.1" 500 - "-" "Mozilla/5.0 (compatible; SemrushBot/7~bl; +http://www.semrush.com/bot.html)" "mantech8.com"
185.191.171.9 - - [15/Sep/2022:17:48:40 -0700] "GET /?camp-fire%2F42976634.html HTTP/1.1" 500 - "-" "Mozilla/5.0 (compatible; SemrushBot/7~bl; +http://www.semrush.com/bot.html)" "mantech8.com"
185.191.171.2 - - [15/Sep/2022:17:48:46 -0700] "GET /?camp-fire%2F16616183.html HTTP/1.1" 500 - "-" "Mozilla/5.0 (compatible; SemrushBot/7~bl; +http://www.semrush.com/bot.html)" "mantech8.com"
185.191.171.37 - - [15/Sep/2022:17:48:53 -0700] "GET /?camp-fire%2F18754580.html HTTP/1.1" 500 - "-" "Mozilla/5.0 (compatible; SemrushBot/7~bl; +http://www.semrush.com/bot.html)" "mantech8.com"
185.191.171.11 - - [15/Sep/2022:17:49:12 -0700] "GET /?camp-fire%2F14442259.html HTTP/1.1" 500 - "-" "Mozilla/5.0 (compatible; SemrushBot/7~bl; +http://www.semrush.com/bot.html)" "mantech8.com"
185.191.171.7 - - [15/Sep/2022:17:50:01 -0700] "GET /?camp-fire%2F41446171.html HTTP/1.1" 500 - "-" "Mozilla/5.0 (compatible; SemrushBot/7~bl; +http://www.semrush.com/bot.html)" "mantech8.com"
185.191.171.9 - - [15/Sep/2022:17:50:26 -0700] "GET /?camp-fire%2F27271770.html HTTP/1.1" 500 - "-" "Mozilla/5.0 (compatible; SemrushBot/7~bl; +http://www.semrush.com/bot.html)" "mantech8.com"
185.191.171.17 - - [15/Sep/2022:17:51:04 -0700] "GET /?camp-fire%2F28248835.html HTTP/1.1" 500 - "-" "Mozilla/5.0 (compatible; SemrushBot/7~bl; +http://www.semrush.com/bot.html)" "mantech8.com"
185.191.171.12 - - [15/Sep/2022:17:51:13 -0700] "GET /?camp-fire%2F63726693.html HTTP/1.1" 500 - "-" "Mozilla/5.0 (compatible; SemrushBot/7~bl; +http://www.semrush.com/bot.html)" "mantech8.com"
185.191.171.11 - - [15/Sep/2022:17:51:17 -0700] "GET /?camp-fire%2F42752792.html HTTP/1.1" 500 - "-" "Mozilla/5.0 (compatible; SemrushBot/7~bl; +http://www.semrush.com/bot.html)" "mantech8.com"
114.119.133.158 - - [15/Sep/2022:17:51:28 -0700] "GET /index.php/sitemap-index-9.xml HTTP/1.1" 200 7123 "-" "Mozilla/5.0 (Linux; Android 7.0;) AppleWebKit/537.36 (KHTML, like Gecko) Mobile Safari/537.36 (compatible; PetalBot;+https://webmaster.petalsearch.com/site/petalbot)" "mantech8.com"
185.191.171.34 - - [15/Sep/2022:17:51:29 -0700] "GET /?camp-fire%2F18132274.html HTTP/1.1" 500 - "-" "Mozilla/5.0 (compatible; SemrushBot/7~bl; +http://www.semrush.com/bot.html)" "mantech8.com"
185.191.171.10 - - [15/Sep/2022:17:51:41 -0700] "GET /?camp-fire%2F85343630.html HTTP/1.1" 500 - "-" "Mozilla/5.0 (compatible; SemrushBot/7~bl; +http://www.semrush.com/bot.html)" "mantech8.com"
185.191.171.22 - - [15/Sep/2022:17:52:18 -0700] "GET /?camp-fire%2F33749359.html HTTP/1.1" 500 - "-" "Mozilla/5.0 (compatible; SemrushBot/7~bl; +http://www.semrush.com/bot.html)" "mantech8.com"
185.191.171.18 - - [15/Sep/2022:17:53:06 -0700] "GET /?camp-fire%2F32504668.html HTTP/1.1" 500 - "-" "Mozilla/5.0 (compatible; SemrushBot/7~bl; +http://www.semrush.com/bot.html)" "mantech8.com"
185.191.171.15 - - [15/Sep/2022:17:54:39 -0700] "GET /?camp-fire%2F14816087.html HTTP/1.1" 500 - "-" "Mozilla/5.0 (compatible; SemrushBot/7~bl; +http://www.semrush.com/bot.html)" "mantech8.com"
185.191.171.37 - - [15/Sep/2022:17:55:31 -0700] "GET /?camp-fire%2F30541841.html HTTP/1.1" 500 - "-" "Mozilla/5.0 (compatible; SemrushBot/7~bl; +http://www.semrush.com/bot.html)" "mantech8.com"
185.191.171.43 - - [15/Sep/2022:17:56:32 -0700] "GET /?camp-fire%2F83422309.html HTTP/1.1" 500 - "-" "Mozilla/5.0 (compatible; SemrushBot/7~bl; +http://www.semrush.com/bot.html)" "mantech8.com"
185.191.171.21 - - [15/Sep/2022:17:57:44 -0700] "GET /?camp-fire%2F15334065.html HTTP/1.1" 500 - "-" "Mozilla/5.0 (compatible; SemrushBot/7~bl; +http://www.semrush.com/bot.html)" "mantech8.com"
185.191.171.23 - - [15/Sep/2022:17:58:16 -0700] "GET /?camp-fire%2F34780793.html HTTP/1.1" 500 - "-" "Mozilla/5.0 (compatible; SemrushBot/7~bl; +http://www.semrush.com/bot.html)" "mantech8.com"
185.191.171.12 - - [15/Sep/2022:17:58:47 -0700] "GET /?camp-fire%2F27906547.html HTTP/1.1" 500 - "-" "Mozilla/5.0 (compatible; SemrushBot/7~bl; +http://www.semrush.com/bot.html)" "mantech8.com"
185.191.171.33 - - [15/Sep/2022:17:58:49 -0700] "GET /?camp-fire%2F3112851.html HTTP/1.1" 500 - "-" "Mozilla/5.0 (compatible; SemrushBot/7~bl; +http://www.semrush.com/bot.html)" "mantech8.com"
185.191.171.21 - - [15/Sep/2022:17:58:53 -0700] "GET /?camp-fire%2F46293376.html HTTP/1.1" 500 - "-" "Mozilla/5.0 (compatible; SemrushBot/7~bl; +http://www.semrush.com/bot.html)" "mantech8.com"
185.191.171.25 - - [15/Sep/2022:17:59:36 -0700] "GET /?camp-fire%2F25467706.html HTTP/1.1" 500 - "-" "Mozilla/5.0 (compatible; SemrushBot/7~bl; +http://www.semrush.com/bot.html)" "mantech8.com"
185.191.171.22 - - [15/Sep/2022:18:00:01 -0700] "GET /?camp-fire%2F35904150.html HTTP/1.1" 500 - "-" "Mozilla/5.0 (compatible; SemrushBot/7~bl; +http://www.semrush.com/bot.html)" "mantech8.com"
207.46.13.106 - - [15/Sep/2022:18:00:20 -0700] "GET /bimages/gallery/cb2.jpg HTTP/1.1" 200 200568 "-" "Mozilla/5.0 AppleWebKit/537.36 (KHTML, like Gecko; compatible; bingbot/2.0; +http://www.bing.com/bingbot.htm) Chrome/103.0.5060.134 Safari/537.36" "mantech8.com"
114.119.133.165 - - [15/Sep/2022:18:00:49 -0700] "GET /mechanical.php HTTP/1.1" 200 13427 "http://mantech8.com/services.php" "Mozilla/5.0 (Linux; Android 7.0;) AppleWebKit/537.36 (KHTML, like Gecko) Mobile Safari/537.36 (compatible; PetalBot;+https://webmaster.petalsearch.com/site/petalbot)" "mantech8.com"
185.191.171.7 - - [15/Sep/2022:18:00:51 -0700] "GET /?camp-fire%2F15087659.html HTTP/1.1" 500 - "-" "Mozilla/5.0 (compatible; SemrushBot/7~bl; +http://www.semrush.com/bot.html)" "mantech8.com"
185.191.171.24 - - [15/Sep/2022:18:01:07 -0700] "GET /?camp-fire%2F15273456.html HTTP/1.1" 500 - "-" "Mozilla/5.0 (compatible; SemrushBot/7~bl; +http://www.semrush.com/bot.html)" "mantech8.com"
185.191.171.7 - - [15/Sep/2022:18:01:08 -0700] "GET /?camp-fire%2F33713108.html HTTP/1.1" 500 - "-" "Mozilla/5.0 (compatible; SemrushBot/7~bl; +http://www.semrush.com/bot.html)" "mantech8.com"
185.191.171.45 - - [15/Sep/2022:18:01:38 -0700] "GET /?camp-fire%2F15169056.html HTTP/1.1" 500 - "-" "Mozilla/5.0 (compatible; SemrushBot/7~bl; +http://www.semrush.com/bot.html)" "mantech8.com"
185.191.171.37 - - [15/Sep/2022:18:01:45 -0700] "GET /?camp-fire%2F4781655.html HTTP/1.1" 500 - "-" "Mozilla/5.0 (compatible; SemrushBot/7~bl; +http://www.semrush.com/bot.html)" "mantech8.com"
185.191.171.4 - - [15/Sep/2022:18:03:00 -0700] "GET /?camp-fire%2F33266825.html HTTP/1.1" 500 - "-" "Mozilla/5.0 (compatible; SemrushBot/7~bl; +http://www.semrush.com/bot.html)" "mantech8.com"
185.191.171.5 - - [15/Sep/2022:18:03:01 -0700] "GET /?camp-fire%2F13923659.html HTTP/1.1" 500 - "-" "Mozilla/5.0 (compatible; SemrushBot/7~bl; +http://www.semrush.com/bot.html)" "mantech8.com"
185.191.171.2 - - [15/Sep/2022:18:03:41 -0700] "GET /?camp-fire%2F15716584.html HTTP/1.1" 500 - "-" "Mozilla/5.0 (compatible; SemrushBot/7~bl; +http://www.semrush.com/bot.html)" "mantech8.com"
185.191.171.16 - - [15/Sep/2022:18:04:00 -0700] "GET /?camp-fire%2F35343189.html HTTP/1.1" 500 - "-" "Mozilla/5.0 (compatible; SemrushBot/7~bl; +http://www.semrush.com/bot.html)" "mantech8.com"
185.191.171.26 - - [15/Sep/2022:18:04:30 -0700] "GET /?camp-fire%2F53097392.html HTTP/1.1" 500 - "-" "Mozilla/5.0 (compatible; SemrushBot/7~bl; +http://www.semrush.com/bot.html)" "mantech8.com"
157.55.39.86 - - [15/Sep/2022:18:05:07 -0700] "GET /21515.html HTTP/1.1" 404 88 "-" "Mozilla/5.0 (compatible; bingbot/2.0; +http://www.bing.com/bingbot.htm)" "www.mantech8.com"
185.191.171.40 - - [15/Sep/2022:18:05:31 -0700] "GET /?camp-fire%2F41512150.html HTTP/1.1" 500 - "-" "Mozilla/5.0 (compatible; SemrushBot/7~bl; +http://www.semrush.com/bot.html)" "mantech8.com"
185.191.171.16 - - [15/Sep/2022:18:06:49 -0700] "GET /?camp-fire%2F24259950.html HTTP/1.1" 500 - "-" "Mozilla/5.0 (compatible; SemrushBot/7~bl; +http://www.semrush.com/bot.html)" "mantech8.com"
185.191.171.16 - - [15/Sep/2022:18:06:54 -0700] "GET /?camp-fire%2F19040855.html HTTP/1.1" 500 - "-" "Mozilla/5.0 (compatible; SemrushBot/7~bl; +http://www.semrush.com/bot.html)" "mantech8.com"
185.191.171.3 - - [15/Sep/2022:18:07:03 -0700] "GET /?camp-fire%2F54818290.html HTTP/1.1" 500 - "-" "Mozilla/5.0 (compatible; SemrushBot/7~bl; +http://www.semrush.com/bot.html)" "mantech8.com"
185.191.171.17 - - [15/Sep/2022:18:07:14 -0700] "GET /?camp-fire%2F17379977.html HTTP/1.1" 500 - "-" "Mozilla/5.0 (compatible; SemrushBot/7~bl; +http://www.semrush.com/bot.html)" "mantech8.com"
185.191.171.9 - - [15/Sep/2022:18:07:43 -0700] "GET /?camp-fire%2F8831378.html HTTP/1.1" 500 - "-" "Mozilla/5.0 (compatible; SemrushBot/7~bl; +http://www.semrush.com/bot.html)" "mantech8.com"
185.191.171.24 - - [15/Sep/2022:18:08:12 -0700] "GET /?camp-fire%2F2501393.html HTTP/1.1" 500 - "-" "Mozilla/5.0 (compatible; SemrushBot/7~bl; +http://www.semrush.com/bot.html)" "mantech8.com"
185.191.171.19 - - [15/Sep/2022:18:08:45 -0700] "GET /?camp-fire%2F87272365.html HTTP/1.1" 500 - "-" "Mozilla/5.0 (compatible; SemrushBot/7~bl; +http://www.semrush.com/bot.html)" "mantech8.com"
185.191.171.2 - - [15/Sep/2022:18:08:52 -0700] "GET /?camp-fire%2F49301535.html HTTP/1.1" 500 - "-" "Mozilla/5.0 (compatible; SemrushBot/7~bl; +http://www.semrush.com/bot.html)" "mantech8.com"
185.191.171.15 - - [15/Sep/2022:18:09:19 -0700] "GET /?camp-fire%2F1444653.html HTTP/1.1" 500 - "-" "Mozilla/5.0 (compatible; SemrushBot/7~bl; +http://www.semrush.com/bot.html)" "mantech8.com"
185.191.171.15 - - [15/Sep/2022:18:10:09 -0700] "GET /?camp-fire%2F47960071.html HTTP/1.1" 500 - "-" "Mozilla/5.0 (compatible; SemrushBot/7~bl; +http://www.semrush.com/bot.html)" "mantech8.com"
185.191.171.26 - - [15/Sep/2022:18:10:20 -0700] "GET /?camp-fire%2F18341061.html HTTP/1.1" 500 - "-" "Mozilla/5.0 (compatible; SemrushBot/7~bl; +http://www.semrush.com/bot.html)" "mantech8.com"
185.191.171.35 - - [15/Sep/2022:18:10:28 -0700] "GET /?camp-fire%2F26643182.html HTTP/1.1" 500 - "-" "Mozilla/5.0 (compatible; SemrushBot/7~bl; +http://www.semrush.com/bot.html)" "mantech8.com"
185.191.171.13 - - [15/Sep/2022:18:11:25 -0700] "GET /robots.txt HTTP/1.1" 200 2442 "-" "Mozilla/5.0 (compatible; SemrushBot/7~bl; +http://www.semrush.com/bot.html)" "mantech8.com"
185.191.171.18 - - [15/Sep/2022:18:11:25 -0700] "GET /?camp-fire%2F2267200.html HTTP/1.1" 500 - "-" "Mozilla/5.0 (compatible; SemrushBot/7~bl; +http://www.semrush.com/bot.html)" "mantech8.com"
114.119.133.158 - - [15/Sep/2022:18:11:34 -0700] "GET /bimages/cleang/thump/?C=N%3BO%3DD HTTP/1.1" 200 462 "http://www.mantech8.com/bimages/cleang/thump/?C=M%3BO%3DA" "Mozilla/5.0 (Linux; Android 7.0;) AppleWebKit/537.36 (KHTML, like Gecko) Mobile Safari/537.36 (compatible; PetalBot;+https://webmaster.petalsearch.com/site/petalbot)" "www.mantech8.com"
185.191.171.9 - - [15/Sep/2022:18:13:30 -0700] "GET /?camp-fire%2F2511029.html HTTP/1.1" 500 - "-" "Mozilla/5.0 (compatible; SemrushBot/7~bl; +http://www.semrush.com/bot.html)" "mantech8.com"
185.191.171.39 - - [15/Sep/2022:18:13:39 -0700] "GET /?camp-fire%2F1821969.html HTTP/1.1" 500 - "-" "Mozilla/5.0 (compatible; SemrushBot/7~bl; +http://www.semrush.com/bot.html)" "mantech8.com"
77.75.79.31 - - [15/Sep/2022:18:13:42 -0700] "GET /index.php/sitemap-index-10.xml HTTP/1.1" 200 4788 "-" "Mozilla/5.0 (compatible; SeznamBot/4.0-RC1; +http://napoveda.seznam.cz/seznambot-intro/)" "mantech8.com"
185.191.171.7 - - [15/Sep/2022:18:14:06 -0700] "GET /?camp-fire%2F39838017.html HTTP/1.1" 500 - "-" "Mozilla/5.0 (compatible; SemrushBot/7~bl; +http://www.semrush.com/bot.html)" "mantech8.com"
185.191.171.8 - - [15/Sep/2022:18:14:23 -0700] "GET /?camp-fire%2F20827235.html HTTP/1.1" 500 - "-" "Mozilla/5.0 (compatible; SemrushBot/7~bl; +http://www.semrush.com/bot.html)" "mantech8.com"
185.191.171.3 - - [15/Sep/2022:18:15:18 -0700] "GET /?camp-fire%2F31018170.html HTTP/1.1" 500 - "-" "Mozilla/5.0 (compatible; SemrushBot/7~bl; +http://www.semrush.com/bot.html)" "mantech8.com"
185.191.171.1 - - [15/Sep/2022:18:15:34 -0700] "GET /?camp-fire%2F10105578.html HTTP/1.1" 500 - "-" "Mozilla/5.0 (compatible; SemrushBot/7~bl; +http://www.semrush.com/bot.html)" "mantech8.com"
185.191.171.5 - - [15/Sep/2022:18:15:36 -0700] "GET /?camp-fire%2F56992766.html HTTP/1.1" 500 - "-" "Mozilla/5.0 (compatible; SemrushBot/7~bl; +http://www.semrush.com/bot.html)" "mantech8.com"
40.77.167.27 - - [15/Sep/2022:18:16:15 -0700] "GET / HTTP/1.1" 200 45364 "-" "Mozilla/5.0 (compatible; bingbot/2.0; +http://www.bing.com/bingbot.htm)" "www.mantech8.com"
185.191.171.23 - - [15/Sep/2022:18:16:57 -0700] "GET /?camp-fire%2F42993572.html HTTP/1.1" 500 - "-" "Mozilla/5.0 (compatible; SemrushBot/7~bl; +http://www.semrush.com/bot.html)" "mantech8.com"
185.191.171.34 - - [15/Sep/2022:18:17:00 -0700] "GET /?camp-fire%2F27308370.html HTTP/1.1" 500 - "-" "Mozilla/5.0 (compatible; SemrushBot/7~bl; +http://www.semrush.com/bot.html)" "mantech8.com"
114.119.133.190 - - [15/Sep/2022:18:17:29 -0700] "GET /bimages/headg/thump/ HTTP/1.1" 200 484 "http://www.mantech8.com/bimages/headg/?C=N%3BO%3DD" "Mozilla/5.0 (Linux; Android 7.0;) AppleWebKit/537.36 (KHTML, like Gecko) Mobile Safari/537.36 (compatible; PetalBot;+https://webmaster.petalsearch.com/site/petalbot)" "www.mantech8.com"
185.191.171.22 - - [15/Sep/2022:18:17:31 -0700] "GET /?camp-fire%2F10195090.html HTTP/1.1" 500 - "-" "Mozilla/5.0 (compatible; SemrushBot/7~bl; +http://www.semrush.com/bot.html)" "mantech8.com"
185.191.171.24 - - [15/Sep/2022:18:17:43 -0700] "GET /?camp-fire%2F32545160.html HTTP/1.1" 500 - "-" "Mozilla/5.0 (compatible; SemrushBot/7~bl; +http://www.semrush.com/bot.html)" "mantech8.com"
185.191.171.21 - - [15/Sep/2022:18:17:45 -0700] "GET /?camp-fire%2F29671080.html HTTP/1.1" 500 - "-" "Mozilla/5.0 (compatible; SemrushBot/7~bl; +http://www.semrush.com/bot.html)" "mantech8.com"
185.191.171.9 - - [15/Sep/2022:18:17:57 -0700] "GET /?camp-fire%2F69067559.html HTTP/1.1" 500 - "-" "Mozilla/5.0 (compatible; SemrushBot/7~bl; +http://www.semrush.com/bot.html)" "mantech8.com"
185.191.171.37 - - [15/Sep/2022:18:18:44 -0700] "GET /?camp-fire%2F32828563.html HTTP/1.1" 500 - "-" "Mozilla/5.0 (compatible; SemrushBot/7~bl; +http://www.semrush.com/bot.html)" "mantech8.com"
185.191.171.13 - - [15/Sep/2022:18:18:50 -0700] "GET /?camp-fire%2F7899642.html HTTP/1.1" 500 - "-" "Mozilla/5.0 (compatible; SemrushBot/7~bl; +http://www.semrush.com/bot.html)" "mantech8.com"
185.191.171.21 - - [15/Sep/2022:18:19:45 -0700] "GET /?camp-fire%2F1919451.html HTTP/1.1" 500 - "-" "Mozilla/5.0 (compatible; SemrushBot/7~bl; +http://www.semrush.com/bot.html)" "mantech8.com"
185.191.171.3 - - [15/Sep/2022:18:22:27 -0700] "GET /?camp-fire%2F41898947.html HTTP/1.1" 500 - "-" "Mozilla/5.0 (compatible; SemrushBot/7~bl; +http://www.semrush.com/bot.html)" "mantech8.com"
185.191.171.33 - - [15/Sep/2022:18:22:39 -0700] "GET /?camp-fire%2F66585502.html HTTP/1.1" 500 - "-" "Mozilla/5.0 (compatible; SemrushBot/7~bl; +http://www.semrush.com/bot.html)" "mantech8.com"
18.143.138.102 - - [15/Sep/2022:18:23:56 -0700] "GET /clients.php HTTP/1.1" 200 18489 "https://www.google.com/" "Mozilla/5.0 (Windows NT 10.0; Win64; x64) AppleWebKit/537.36 (KHTML, like Gecko) Chrome/99.0.4844.84 Safari/537.36 OPR/85.0.4341.60" "www.mantech8.com"
18.143.138.102 - - [15/Sep/2022:18:23:57 -0700] "GET /css/style2.css HTTP/1.1" 200 8414 "http://www.mantech8.com/clients.php" "Mozilla/5.0 (Windows NT 10.0; Win64; x64) AppleWebKit/537.36 (KHTML, like Gecko) Chrome/99.0.4844.84 Safari/537.36 OPR/85.0.4341.60" "www.mantech8.com"
114.119.133.166 - - [15/Sep/2022:18:23:57 -0700] "GET /?sitemap4.xml HTTP/1.1" 200 318716 "-" "Mozilla/5.0 (compatible;PetalBot;+https://webmaster.petalsearch.com/site/petalbot)" "mantech8.com"
18.143.93.127 - - [15/Sep/2022:18:23:57 -0700] "GET /engine1/jquery.js HTTP/1.1" 200 33282 "http://www.mantech8.com/clients.php" "Mozilla/5.0 (Windows NT 10.0; Win64; x64) AppleWebKit/537.36 (KHTML, like Gecko) Chrome/99.0.4844.84 Safari/537.36 OPR/85.0.4341.60" "www.mantech8.com"
13.228.203.94 - - [15/Sep/2022:18:23:58 -0700] "GET /css/responsive1.css HTTP/1.1" 200 1710 "http://www.mantech8.com/clients.php" "Mozilla/5.0 (Windows NT 10.0; Win64; x64) AppleWebKit/537.36 (KHTML, like Gecko) Chrome/99.0.4844.84 Safari/537.36 OPR/85.0.4341.60" "www.mantech8.com"
18.143.138.102 - - [15/Sep/2022:18:23:58 -0700] "GET /css/animate.css HTTP/1.1" 200 4264 "http://www.mantech8.com/css/style2.css" "Mozilla/5.0 (Windows NT 10.0; Win64; x64) AppleWebKit/537.36 (KHTML, like Gecko) Chrome/99.0.4844.84 Safari/537.36 OPR/85.0.4341.60" "www.mantech8.com"
54.169.80.67 - - [15/Sep/2022:18:23:58 -0700] "GET /css/style.css HTTP/1.1" 200 126990 "http://www.mantech8.com/clients.php" "Mozilla/5.0 (Windows NT 10.0; Win64; x64) AppleWebKit/537.36 (KHTML, like Gecko) Chrome/99.0.4844.84 Safari/537.36 OPR/85.0.4341.60" "www.mantech8.com"
18.143.138.102 - - [15/Sep/2022:18:23:58 -0700] "GET /css/hover.css HTTP/1.1" 200 8530 "http://www.mantech8.com/css/style2.css" "Mozilla/5.0 (Windows NT 10.0; Win64; x64) AppleWebKit/537.36 (KHTML, like Gecko) Chrome/99.0.4844.84 Safari/537.36 OPR/85.0.4341.60" "www.mantech8.com"
18.143.93.127 - - [15/Sep/2022:18:23:58 -0700] "GET /css/font-awesome.css HTTP/1.1" 200 5793 "http://www.mantech8.com/css/style2.css" "Mozilla/5.0 (Windows NT 10.0; Win64; x64) AppleWebKit/537.36 (KHTML, like Gecko) Chrome/99.0.4844.84 Safari/537.36 OPR/85.0.4341.60" "www.mantech8.com"
13.212.229.82 - - [15/Sep/2022:18:23:58 -0700] "GET /css/flaticon.css HTTP/1.1" 200 321 "http://www.mantech8.com/css/style2.css" "Mozilla/5.0 (Windows NT 10.0; Win64; x64) AppleWebKit/537.36 (KHTML, like Gecko) Chrome/99.0.4844.84 Safari/537.36 OPR/85.0.4341.60" "www.mantech8.com"
13.212.229.82 - - [15/Sep/2022:18:23:59 -0700] "GET /js/core.min.js HTTP/1.1" 200 42721 "http://www.mantech8.com/clients.php" "Mozilla/5.0 (Windows NT 10.0; Win64; x64) AppleWebKit/537.36 (KHTML, like Gecko) Chrome/99.0.4844.84 Safari/537.36 OPR/85.0.4341.60" "www.mantech8.com"
18.143.138.102 - - [15/Sep/2022:18:23:59 -0700] "GET /js/script1.js HTTP/1.1" 200 2007 "http://www.mantech8.com/clients.php" "Mozilla/5.0 (Windows NT 10.0; Win64; x64) AppleWebKit/537.36 (KHTML, like Gecko) Chrome/99.0.4844.84 Safari/537.36 OPR/85.0.4341.60" "www.mantech8.com"
54.169.80.67 - - [15/Sep/2022:18:23:59 -0700] "GET /js/bootstrap.min.js HTTP/1.1" 200 9765 "http://www.mantech8.com/clients.php" "Mozilla/5.0 (Windows NT 10.0; Win64; x64) AppleWebKit/537.36 (KHTML, like Gecko) Chrome/99.0.4844.84 Safari/537.36 OPR/85.0.4341.60" "www.mantech8.com"
18.143.138.102 - - [15/Sep/2022:18:23:59 -0700] "GET /images/flag-23-gif.gif HTTP/1.1" 200 20141 "http://www.mantech8.com/clients.php" "Mozilla/5.0 (Windows NT 10.0; Win64; x64) AppleWebKit/537.36 (KHTML, like Gecko) Chrome/99.0.4844.84 Safari/537.36 OPR/85.0.4341.60" "www.mantech8.com"
18.143.93.127 - - [15/Sep/2022:18:23:59 -0700] "GET /js/script.js HTTP/1.1" 200 7687 "http://www.mantech8.com/clients.php" "Mozilla/5.0 (Windows NT 10.0; Win64; x64) AppleWebKit/537.36 (KHTML, like Gecko) Chrome/99.0.4844.84 Safari/537.36 OPR/85.0.4341.60" "www.mantech8.com"
13.228.203.94 - - [15/Sep/2022:18:23:59 -0700] "GET /bimages/client/dd.png HTTP/1.1" 200 35129 "http://www.mantech8.com/clients.php" "Mozilla/5.0 (Windows NT 10.0; Win64; x64) AppleWebKit/537.36 (KHTML, like Gecko) Chrome/99.0.4844.84 Safari/537.36 OPR/85.0.4341.60" "www.mantech8.com"
13.212.229.82 - - [15/Sep/2022:18:23:59 -0700] "GET /fonts/fontawesome-webfonte0a5.html?v=4.3.0 HTTP/1.1" 404 88 "http://www.mantech8.com/css/font-awesome.css" "Mozilla/5.0 (Windows NT 10.0; Win64; x64) AppleWebKit/537.36 (KHTML, like Gecko) Chrome/99.0.4844.84 Safari/537.36 OPR/85.0.4341.60" "www.mantech8.com"
18.143.138.102 - - [15/Sep/2022:18:23:59 -0700] "GET /fonts/MaterialIcons-Regular.woff2 HTTP/1.1" 200 36888 "http://www.mantech8.com/css/style.css" "Mozilla/5.0 (Windows NT 10.0; Win64; x64) AppleWebKit/537.36 (KHTML, like Gecko) Chrome/99.0.4844.84 Safari/537.36 OPR/85.0.4341.60" "www.mantech8.com"
54.169.80.67 - - [15/Sep/2022:18:23:59 -0700] "GET /bimages/client/en.png HTTP/1.1" 200 23959 "http://www.mantech8.com/clients.php" "Mozilla/5.0 (Windows NT 10.0; Win64; x64) AppleWebKit/537.36 (KHTML, like Gecko) Chrome/99.0.4844.84 Safari/537.36 OPR/85.0.4341.60" "www.mantech8.com"
18.143.93.127 - - [15/Sep/2022:18:24:00 -0700] "GET /bimages/client/client3.png HTTP/1.1" 200 68992 "http://www.mantech8.com/clients.php" "Mozilla/5.0 (Windows NT 10.0; Win64; x64) AppleWebKit/537.36 (KHTML, like Gecko) Chrome/99.0.4844.84 Safari/537.36 OPR/85.0.4341.60" "www.mantech8.com"
18.143.138.102 - - [15/Sep/2022:18:24:00 -0700] "GET /bimages/client/icf.png HTTP/1.1" 200 41986 "http://www.mantech8.com/clients.php" "Mozilla/5.0 (Windows NT 10.0; Win64; x64) AppleWebKit/537.36 (KHTML, like Gecko) Chrome/99.0.4844.84 Safari/537.36 OPR/85.0.4341.60" "www.mantech8.com"
13.212.229.82 - - [15/Sep/2022:18:24:00 -0700] "GET /bimages/client/seatec.png HTTP/1.1" 200 63310 "http://www.mantech8.com/clients.php" "Mozilla/5.0 (Windows NT 10.0; Win64; x64) AppleWebKit/537.36 (KHTML, like Gecko) Chrome/99.0.4844.84 Safari/537.36 OPR/85.0.4341.60" "www.mantech8.com"
54.169.80.67 - - [15/Sep/2022:18:24:00 -0700] "GET /fonts/fontawesome-webfonte0a5.woff?v=4.3.0 HTTP/1.1" 404 88 "http://www.mantech8.com/css/font-awesome.css" "Mozilla/5.0 (Windows NT 10.0; Win64; x64) AppleWebKit/537.36 (KHTML, like Gecko) Chrome/99.0.4844.84 Safari/537.36 OPR/85.0.4341.60" "www.mantech8.com"
18.143.138.102 - - [15/Sep/2022:18:24:00 -0700] "GET /bimages/client/stc.png HTTP/1.1" 200 33531 "http://www.mantech8.com/clients.php" "Mozilla/5.0 (Windows NT 10.0; Win64; x64) AppleWebKit/537.36 (KHTML, like Gecko) Chrome/99.0.4844.84 Safari/537.36 OPR/85.0.4341.60" "www.mantech8.com"
13.228.203.94 - - [15/Sep/2022:18:24:00 -0700] "GET /bimages/client/client4.jpg HTTP/1.1" 200 24651 "http://www.mantech8.com/clients.php" "Mozilla/5.0 (Windows NT 10.0; Win64; x64) AppleWebKit/537.36 (KHTML, like Gecko) Chrome/99.0.4844.84 Safari/537.36 OPR/85.0.4341.60" "www.mantech8.com"
13.212.229.82 - - [15/Sep/2022:18:24:01 -0700] "GET /bimages/client/sig.png HTTP/1.1" 200 43251 "http://www.mantech8.com/clients.php" "Mozilla/5.0 (Windows NT 10.0; Win64; x64) AppleWebKit/537.36 (KHTML, like Gecko) Chrome/99.0.4844.84 Safari/537.36 OPR/85.0.4341.60" "www.mantech8.com"
18.143.93.127 - - [15/Sep/2022:18:24:01 -0700] "GET /bimages/client/wag.png HTTP/1.1" 200 31852 "http://www.mantech8.com/clients.php" "Mozilla/5.0 (Windows NT 10.0; Win64; x64) AppleWebKit/537.36 (KHTML, like Gecko) Chrome/99.0.4844.84 Safari/537.36 OPR/85.0.4341.60" "www.mantech8.com"
54.169.80.67 - - [15/Sep/2022:18:24:01 -0700] "GET /bimages/client/client7.png HTTP/1.1" 200 34665 "http://www.mantech8.com/clients.php" "Mozilla/5.0 (Windows NT 10.0; Win64; x64) AppleWebKit/537.36 (KHTML, like Gecko) Chrome/99.0.4844.84 Safari/537.36 OPR/85.0.4341.60" "www.mantech8.com"
18.143.138.102 - - [15/Sep/2022:18:24:01 -0700] "GET /images/comingsoon.jpg HTTP/1.1" 200 72363 "http://www.mantech8.com/clients.php" "Mozilla/5.0 (Windows NT 10.0; Win64; x64) AppleWebKit/537.36 (KHTML, like Gecko) Chrome/99.0.4844.84 Safari/537.36 OPR/85.0.4341.60" "www.mantech8.com"
18.143.138.102 - - [15/Sep/2022:18:24:01 -0700] "GET /fonts/fontawesome-webfonte0a5.ttf?v=4.3.0 HTTP/1.1" 404 88 "http://www.mantech8.com/css/font-awesome.css" "Mozilla/5.0 (Windows NT 10.0; Win64; x64) AppleWebKit/537.36 (KHTML, like Gecko) Chrome/99.0.4844.84 Safari/537.36 OPR/85.0.4341.60" "www.mantech8.com"
18.143.93.127 - - [15/Sep/2022:18:24:01 -0700] "GET /bimages/client/comingsoon.jpg HTTP/1.1" 200 72363 "http://www.mantech8.com/clients.php" "Mozilla/5.0 (Windows NT 10.0; Win64; x64) AppleWebKit/537.36 (KHTML, like Gecko) Chrome/99.0.4844.84 Safari/537.36 OPR/85.0.4341.60" "www.mantech8.com"
13.212.229.82 - - [15/Sep/2022:18:24:01 -0700] "GET /bimages/client/fels.png HTTP/1.1" 200 22393 "http://www.mantech8.com/clients.php" "Mozilla/5.0 (Windows NT 10.0; Win64; x64) AppleWebKit/537.36 (KHTML, like Gecko) Chrome/99.0.4844.84 Safari/537.36 OPR/85.0.4341.60" "www.mantech8.com"
18.143.138.102 - - [15/Sep/2022:18:24:01 -0700] "GET /bimages/client/tc.png HTTP/1.1" 200 26875 "http://www.mantech8.com/clients.php" "Mozilla/5.0 (Windows NT 10.0; Win64; x64) AppleWebKit/537.36 (KHTML, like Gecko) Chrome/99.0.4844.84 Safari/537.36 OPR/85.0.4341.60" "www.mantech8.com"
54.169.80.67 - - [15/Sep/2022:18:24:01 -0700] "GET /js/wow.min.js HTTP/1.1" 200 2731 "http://www.mantech8.com/clients.php" "Mozilla/5.0 (Windows NT 10.0; Win64; x64) AppleWebKit/537.36 (KHTML, like Gecko) Chrome/99.0.4844.84 Safari/537.36 OPR/85.0.4341.60" "www.mantech8.com"
13.228.203.94 - - [15/Sep/2022:18:24:01 -0700] "GET /js/jquery.ui.totop.min.js HTTP/1.1" 200 510 "http://www.mantech8.com/clients.php" "Mozilla/5.0 (Windows NT 10.0; Win64; x64) AppleWebKit/537.36 (KHTML, like Gecko) Chrome/99.0.4844.84 Safari/537.36 OPR/85.0.4341.60" "www.mantech8.com"
18.143.138.102 - - [15/Sep/2022:18:24:01 -0700] "GET /fonts/fontawesome-webfont.woff2?v=4.5.0 HTTP/1.1" 200 66624 "http://www.mantech8.com/css/style.css" "Mozilla/5.0 (Windows NT 10.0; Win64; x64) AppleWebKit/537.36 (KHTML, like Gecko) Chrome/99.0.4844.84 Safari/537.36 OPR/85.0.4341.60" "www.mantech8.com"
13.212.229.82 - - [15/Sep/2022:18:24:02 -0700] "GET /images/logo1.png HTTP/1.1" 200 2143 "http://www.mantech8.com/clients.php" "Mozilla/5.0 (Windows NT 10.0; Win64; x64) AppleWebKit/537.36 (KHTML, like Gecko) Chrome/99.0.4844.84 Safari/537.36 OPR/85.0.4341.60" "www.mantech8.com"
18.143.138.102 - - [15/Sep/2022:18:24:02 -0700] "GET /images/favicon.ico HTTP/1.1" 200 241886 "http://www.mantech8.com/clients.php" "Mozilla/5.0 (Windows NT 10.0; Win64; x64) AppleWebKit/537.36 (KHTML, like Gecko) Chrome/99.0.4844.84 Safari/537.36 OPR/85.0.4341.60" "www.mantech8.com"
185.191.171.18 - - [15/Sep/2022:18:24:06 -0700] "GET /?camp-fire%2F1508953.html HTTP/1.1" 500 - "-" "Mozilla/5.0 (compatible; SemrushBot/7~bl; +http://www.semrush.com/bot.html)" "mantech8.com"
185.191.171.2 - - [15/Sep/2022:18:24:08 -0700] "GET /?camp-fire%2F78317521.html HTTP/1.1" 500 - "-" "Mozilla/5.0 (compatible; SemrushBot/7~bl; +http://www.semrush.com/bot.html)" "mantech8.com"
185.191.171.9 - - [15/Sep/2022:18:24:32 -0700] "GET /?camp-fire%2F28524964.html HTTP/1.1" 500 - "-" "Mozilla/5.0 (compatible; SemrushBot/7~bl; +http://www.semrush.com/bot.html)" "mantech8.com"
185.191.171.15 - - [15/Sep/2022:18:24:50 -0700] "GET /?camp-fire%2F39041235.html HTTP/1.1" 500 - "-" "Mozilla/5.0 (compatible; SemrushBot/7~bl; +http://www.semrush.com/bot.html)" "mantech8.com"
185.191.171.44 - - [15/Sep/2022:18:25:01 -0700] "GET /?camp-fire%2F31112487.html HTTP/1.1" 500 - "-" "Mozilla/5.0 (compatible; SemrushBot/7~bl; +http://www.semrush.com/bot.html)" "mantech8.com"
185.191.171.44 - - [15/Sep/2022:18:25:32 -0700] "GET /?camp-fire%2F42159434.html HTTP/1.1" 500 - "-" "Mozilla/5.0 (compatible; SemrushBot/7~bl; +http://www.semrush.com/bot.html)" "mantech8.com"
185.191.171.2 - - [15/Sep/2022:18:25:57 -0700] "GET /?camp-fire%2F53300635.html HTTP/1.1" 500 - "-" "Mozilla/5.0 (compatible; SemrushBot/7~bl; +http://www.semrush.com/bot.html)" "mantech8.com"
185.191.171.7 - - [15/Sep/2022:18:26:21 -0700] "GET /?camp-fire%2F1670129.html HTTP/1.1" 500 - "-" "Mozilla/5.0 (compatible; SemrushBot/7~bl; +http://www.semrush.com/bot.html)" "mantech8.com"
185.191.171.14 - - [15/Sep/2022:18:26:22 -0700] "GET /?camp-fire%2F88924971.html HTTP/1.1" 500 - "-" "Mozilla/5.0 (compatible; SemrushBot/7~bl; +http://www.semrush.com/bot.html)" "mantech8.com"
185.191.171.15 - - [15/Sep/2022:18:26:39 -0700] "GET /?camp-fire%2F23249727.html HTTP/1.1" 500 - "-" "Mozilla/5.0 (compatible; SemrushBot/7~bl; +http://www.semrush.com/bot.html)" "mantech8.com"
185.191.171.8 - - [15/Sep/2022:18:27:16 -0700] "GET /?camp-fire%2F40640308.html HTTP/1.1" 500 - "-" "Mozilla/5.0 (compatible; SemrushBot/7~bl; +http://www.semrush.com/bot.html)" "mantech8.com"
185.191.171.2 - - [15/Sep/2022:18:27:47 -0700] "GET /?camp-fire%2F340498.html HTTP/1.1" 500 - "-" "Mozilla/5.0 (compatible; SemrushBot/7~bl; +http://www.semrush.com/bot.html)" "mantech8.com"
