185.191.171.4 - - [16/Sep/2022:14:06:37 -0700] "GET /?camp-fire%2F15549246.html HTTP/1.1" 500 - "-" "Mozilla/5.0 (compatible; SemrushBot/7~bl; +http://www.semrush.com/bot.html)" "mantech8.com"
154.54.249.199 - - [16/Sep/2022:14:07:30 -0700] "GET /robots.txt HTTP/1.1" 200 2442 "-" "Mozilla/5.0 (compatible; Barkrowler/0.9; +https://babbar.tech/crawler)" "mantech8.com"
157.55.39.103 - - [16/Sep/2022:14:07:40 -0700] "GET /index.php?sitemap5031.xml HTTP/1.1" 200 282928 "-" "Mozilla/5.0 (compatible; bingbot/2.0; +http://www.bing.com/bingbot.htm)" "mantech8.com"
77.75.73.26 - - [16/Sep/2022:14:07:41 -0700] "GET /index.php/sitemap-index-3.xml HTTP/1.1" 200 6500 "-" "Mozilla/5.0 (compatible; SeznamBot/4.0-RC1; +http://napoveda.seznam.cz/seznambot-intro/)" "mantech8.com"
185.191.171.3 - - [16/Sep/2022:14:07:46 -0700] "GET /?camp-fire%2F38134472.html HTTP/1.1" 500 - "-" "Mozilla/5.0 (compatible; SemrushBot/7~bl; +http://www.semrush.com/bot.html)" "mantech8.com"
185.191.171.37 - - [16/Sep/2022:14:07:57 -0700] "GET /?camp-fire%2F15749287.html HTTP/1.1" 500 - "-" "Mozilla/5.0 (compatible; SemrushBot/7~bl; +http://www.semrush.com/bot.html)" "mantech8.com"
185.191.171.15 - - [16/Sep/2022:14:07:59 -0700] "GET /?camp-fire%2F17528527.html HTTP/1.1" 500 - "-" "Mozilla/5.0 (compatible; SemrushBot/7~bl; +http://www.semrush.com/bot.html)" "mantech8.com"
185.191.171.21 - - [16/Sep/2022:14:08:00 -0700] "GET /?camp-fire%2F18706096.html HTTP/1.1" 500 - "-" "Mozilla/5.0 (compatible; SemrushBot/7~bl; +http://www.semrush.com/bot.html)" "mantech8.com"
185.191.171.18 - - [16/Sep/2022:14:08:12 -0700] "GET /?camp-fire%2F27568926.html HTTP/1.1" 500 - "-" "Mozilla/5.0 (compatible; SemrushBot/7~bl; +http://www.semrush.com/bot.html)" "mantech8.com"
154.54.249.199 - - [16/Sep/2022:14:08:22 -0700] "GET /robots.txt HTTP/1.1" 200 2442 "-" "Mozilla/5.0 (compatible; Barkrowler/0.9; +https://babbar.tech/crawler)" "www.mantech8.com"
185.191.171.9 - - [16/Sep/2022:14:08:35 -0700] "GET /?camp-fire%2F95289988.html HTTP/1.1" 500 - "-" "Mozilla/5.0 (compatible; SemrushBot/7~bl; +http://www.semrush.com/bot.html)" "mantech8.com"
185.191.171.6 - - [16/Sep/2022:14:09:14 -0700] "GET /?camp-fire%2F23949483.html HTTP/1.1" 500 - "-" "Mozilla/5.0 (compatible; SemrushBot/7~bl; +http://www.semrush.com/bot.html)" "mantech8.com"
207.46.13.23 - - [16/Sep/2022:14:09:22 -0700] "GET /index.php?sitemap465.xml HTTP/1.1" 200 257888 "-" "Mozilla/5.0 (compatible; bingbot/2.0; +http://www.bing.com/bingbot.htm)" "mantech8.com"
207.46.13.106 - - [16/Sep/2022:14:09:29 -0700] "GET /index.php/sitemap827.xml HTTP/1.1" 200 281613 "-" "Mozilla/5.0 (compatible; bingbot/2.0; +http://www.bing.com/bingbot.htm)" "mantech8.com"
185.191.171.41 - - [16/Sep/2022:14:09:39 -0700] "GET /?camp-fire%2F54409472.html HTTP/1.1" 500 - "-" "Mozilla/5.0 (compatible; SemrushBot/7~bl; +http://www.semrush.com/bot.html)" "mantech8.com"
157.55.39.86 - - [16/Sep/2022:14:10:19 -0700] "GET /index.php/sitemap395.xml HTTP/1.1" 200 290406 "-" "Mozilla/5.0 (compatible; bingbot/2.0; +http://www.bing.com/bingbot.htm)" "mantech8.com"
185.191.171.4 - - [16/Sep/2022:14:10:30 -0700] "GET /?camp-fire%2F57051903.html HTTP/1.1" 500 - "-" "Mozilla/5.0 (compatible; SemrushBot/7~bl; +http://www.semrush.com/bot.html)" "mantech8.com"
40.77.167.54 - - [16/Sep/2022:14:10:41 -0700] "GET /index.php?sitemap75.xml HTTP/1.1" 200 252901 "-" "Mozilla/5.0 (compatible; bingbot/2.0; +http://www.bing.com/bingbot.htm)" "mantech8.com"
157.55.39.86 - - [16/Sep/2022:14:11:19 -0700] "GET /index.php/sitemap7064.xml HTTP/1.1" 200 244189 "-" "Mozilla/5.0 (compatible; bingbot/2.0; +http://www.bing.com/bingbot.htm)" "mantech8.com"
207.46.13.23 - - [16/Sep/2022:14:11:43 -0700] "GET /index.php/sitemap3319.xml HTTP/1.1" 200 318669 "-" "Mozilla/5.0 AppleWebKit/537.36 (KHTML, like Gecko; compatible; bingbot/2.0; +http://www.bing.com/bingbot.htm) Chrome/103.0.5060.134 Safari/537.36" "mantech8.com"
185.191.171.11 - - [16/Sep/2022:14:12:03 -0700] "GET /?camp-fire%2F17570400.html HTTP/1.1" 500 - "-" "Mozilla/5.0 (compatible; SemrushBot/7~bl; +http://www.semrush.com/bot.html)" "mantech8.com"
185.191.171.10 - - [16/Sep/2022:14:12:12 -0700] "GET /?camp-fire%2F27964759.html HTTP/1.1" 500 - "-" "Mozilla/5.0 (compatible; SemrushBot/7~bl; +http://www.semrush.com/bot.html)" "mantech8.com"
185.191.171.40 - - [16/Sep/2022:14:12:18 -0700] "GET /robots.txt HTTP/1.1" 200 2442 "-" "Mozilla/5.0 (compatible; SemrushBot/7~bl; +http://www.semrush.com/bot.html)" "mantech8.com"
185.191.171.35 - - [16/Sep/2022:14:12:18 -0700] "GET /?camp-fire%2F18787327.html HTTP/1.1" 500 - "-" "Mozilla/5.0 (compatible; SemrushBot/7~bl; +http://www.semrush.com/bot.html)" "mantech8.com"
157.55.39.86 - - [16/Sep/2022:14:12:29 -0700] "GET /index.php/sitemap9866.xml HTTP/1.1" 200 311414 "-" "Mozilla/5.0 (compatible; bingbot/2.0; +http://www.bing.com/bingbot.htm)" "mantech8.com"
185.191.171.15 - - [16/Sep/2022:14:12:36 -0700] "GET /?camp-fire%2F1879051.html HTTP/1.1" 500 - "-" "Mozilla/5.0 (compatible; SemrushBot/7~bl; +http://www.semrush.com/bot.html)" "mantech8.com"
157.55.39.103 - - [16/Sep/2022:14:12:50 -0700] "GET /?sitemap553.xml HTTP/1.1" 200 289581 "-" "Mozilla/5.0 AppleWebKit/537.36 (KHTML, like Gecko; compatible; bingbot/2.0; +http://www.bing.com/bingbot.htm) Chrome/103.0.5060.134 Safari/537.36" "mantech8.com"
185.191.171.38 - - [16/Sep/2022:14:13:05 -0700] "GET /?camp-fire%2F32333841.html HTTP/1.1" 500 - "-" "Mozilla/5.0 (compatible; SemrushBot/7~bl; +http://www.semrush.com/bot.html)" "mantech8.com"
185.191.171.1 - - [16/Sep/2022:14:13:11 -0700] "GET /?camp-fire%2F35905050.html HTTP/1.1" 500 - "-" "Mozilla/5.0 (compatible; SemrushBot/7~bl; +http://www.semrush.com/bot.html)" "mantech8.com"
185.191.171.6 - - [16/Sep/2022:14:13:25 -0700] "GET /?camp-fire%2F33805808.html HTTP/1.1" 500 - "-" "Mozilla/5.0 (compatible; SemrushBot/7~bl; +http://www.semrush.com/bot.html)" "mantech8.com"
185.191.171.35 - - [16/Sep/2022:14:13:27 -0700] "GET /?camp-fire%2F28430064.html HTTP/1.1" 500 - "-" "Mozilla/5.0 (compatible; SemrushBot/7~bl; +http://www.semrush.com/bot.html)" "mantech8.com"
185.191.171.38 - - [16/Sep/2022:14:13:41 -0700] "GET /?camp-fire%2F17645193.html HTTP/1.1" 500 - "-" "Mozilla/5.0 (compatible; SemrushBot/7~bl; +http://www.semrush.com/bot.html)" "mantech8.com"
185.191.171.40 - - [16/Sep/2022:14:14:31 -0700] "GET /?camp-fire%2F32639425.html HTTP/1.1" 500 - "-" "Mozilla/5.0 (compatible; SemrushBot/7~bl; +http://www.semrush.com/bot.html)" "mantech8.com"
185.191.171.22 - - [16/Sep/2022:14:14:51 -0700] "GET /?camp-fire%2F38113872.html HTTP/1.1" 500 - "-" "Mozilla/5.0 (compatible; SemrushBot/7~bl; +http://www.semrush.com/bot.html)" "mantech8.com"
157.55.39.86 - - [16/Sep/2022:14:15:10 -0700] "GET /index.php?sitemap9.xml HTTP/1.1" 200 342385 "-" "Mozilla/5.0 (compatible; bingbot/2.0; +http://www.bing.com/bingbot.htm)" "mantech8.com"
185.191.171.4 - - [16/Sep/2022:14:15:15 -0700] "GET /?camp-fire%2F2997551.html HTTP/1.1" 500 - "-" "Mozilla/5.0 (compatible; SemrushBot/7~bl; +http://www.semrush.com/bot.html)" "mantech8.com"
40.77.167.27 - - [16/Sep/2022:14:15:14 -0700] "GET /?sitemap19398.xml HTTP/1.1" 200 308240 "-" "Mozilla/5.0 (compatible; bingbot/2.0; +http://www.bing.com/bingbot.htm)" "mantech8.com"
207.46.13.106 - - [16/Sep/2022:14:15:29 -0700] "GET /index.php?sitemap197.xml HTTP/1.1" 200 285778 "-" "Mozilla/5.0 (compatible; bingbot/2.0; +http://www.bing.com/bingbot.htm)" "mantech8.com"
185.191.171.16 - - [16/Sep/2022:14:15:38 -0700] "GET /?camp-fire%2F8876921.html HTTP/1.1" 500 - "-" "Mozilla/5.0 (compatible; SemrushBot/7~bl; +http://www.semrush.com/bot.html)" "mantech8.com"
157.55.39.103 - - [16/Sep/2022:14:15:50 -0700] "GET /index.php/sitemap-index-10.xml HTTP/1.1" 200 5876 "-" "Mozilla/5.0 (compatible; bingbot/2.0; +http://www.bing.com/bingbot.htm)" "mantech8.com"
157.55.39.103 - - [16/Sep/2022:14:15:50 -0700] "GET /index.php?sitemap1646.xml HTTP/1.1" 200 338120 "-" "Mozilla/5.0 (compatible; bingbot/2.0; +http://www.bing.com/bingbot.htm)" "mantech8.com"
40.77.167.27 - - [16/Sep/2022:14:16:31 -0700] "GET /?sitemap628.xml HTTP/1.1" 200 229976 "-" "Mozilla/5.0 (compatible; bingbot/2.0; +http://www.bing.com/bingbot.htm)" "mantech8.com"
185.191.171.7 - - [16/Sep/2022:14:16:33 -0700] "GET /?camp-fire%2F34900778.html HTTP/1.1" 500 - "-" "Mozilla/5.0 (compatible; SemrushBot/7~bl; +http://www.semrush.com/bot.html)" "mantech8.com"
185.191.171.39 - - [16/Sep/2022:14:16:46 -0700] "GET /?camp-fire%2F56659671.html HTTP/1.1" 500 - "-" "Mozilla/5.0 (compatible; SemrushBot/7~bl; +http://www.semrush.com/bot.html)" "mantech8.com"
185.191.171.10 - - [16/Sep/2022:14:17:05 -0700] "GET /?camp-fire%2F22065608.html HTTP/1.1" 500 - "-" "Mozilla/5.0 (compatible; SemrushBot/7~bl; +http://www.semrush.com/bot.html)" "mantech8.com"
185.191.171.26 - - [16/Sep/2022:14:17:27 -0700] "GET /?camp-fire%2F38837292.html HTTP/1.1" 500 - "-" "Mozilla/5.0 (compatible; SemrushBot/7~bl; +http://www.semrush.com/bot.html)" "mantech8.com"
185.191.171.11 - - [16/Sep/2022:14:17:34 -0700] "GET /?camp-fire%2F11657953.html HTTP/1.1" 500 - "-" "Mozilla/5.0 (compatible; SemrushBot/7~bl; +http://www.semrush.com/bot.html)" "mantech8.com"
185.191.171.26 - - [16/Sep/2022:14:17:41 -0700] "GET /?camp-fire%2F38258803.html HTTP/1.1" 500 - "-" "Mozilla/5.0 (compatible; SemrushBot/7~bl; +http://www.semrush.com/bot.html)" "mantech8.com"
40.77.167.27 - - [16/Sep/2022:14:17:51 -0700] "GET /index.php?sitemap4721.xml HTTP/1.1" 200 240550 "-" "Mozilla/5.0 (compatible; bingbot/2.0; +http://www.bing.com/bingbot.htm)" "mantech8.com"
185.191.171.3 - - [16/Sep/2022:14:18:09 -0700] "GET /?camp-fire%2F8133978.html HTTP/1.1" 500 - "-" "Mozilla/5.0 (compatible; SemrushBot/7~bl; +http://www.semrush.com/bot.html)" "mantech8.com"
157.55.39.103 - - [16/Sep/2022:14:18:31 -0700] "GET /?sitemap8171.xml HTTP/1.1" 200 263696 "-" "Mozilla/5.0 AppleWebKit/537.36 (KHTML, like Gecko; compatible; bingbot/2.0; +http://www.bing.com/bingbot.htm) Chrome/103.0.5060.134 Safari/537.36" "mantech8.com"
185.191.171.6 - - [16/Sep/2022:14:18:41 -0700] "GET /?camp-fire%2F39879102.html HTTP/1.1" 500 - "-" "Mozilla/5.0 (compatible; SemrushBot/7~bl; +http://www.semrush.com/bot.html)" "mantech8.com"
185.191.171.23 - - [16/Sep/2022:14:18:54 -0700] "GET /?camp-fire%2F28264235.html HTTP/1.1" 500 - "-" "Mozilla/5.0 (compatible; SemrushBot/7~bl; +http://www.semrush.com/bot.html)" "mantech8.com"
185.191.171.6 - - [16/Sep/2022:14:18:58 -0700] "GET /?camp-fire%2F35681850.html HTTP/1.1" 500 - "-" "Mozilla/5.0 (compatible; SemrushBot/7~bl; +http://www.semrush.com/bot.html)" "mantech8.com"
157.55.39.86 - - [16/Sep/2022:14:19:09 -0700] "GET /index.php/sitemap68.xml HTTP/1.1" 200 240223 "-" "Mozilla/5.0 (compatible; bingbot/2.0; +http://www.bing.com/bingbot.htm)" "mantech8.com"
185.191.171.4 - - [16/Sep/2022:14:19:51 -0700] "GET /?camp-fire%2F7270480.html HTTP/1.1" 500 - "-" "Mozilla/5.0 (compatible; SemrushBot/7~bl; +http://www.semrush.com/bot.html)" "mantech8.com"
40.77.167.54 - - [16/Sep/2022:14:19:52 -0700] "GET /index.php?sitemap3826.xml HTTP/1.1" 200 254126 "-" "Mozilla/5.0 (compatible; bingbot/2.0; +http://www.bing.com/bingbot.htm)" "mantech8.com"
185.191.171.5 - - [16/Sep/2022:14:20:29 -0700] "GET /?camp-fire%2F27660409.html HTTP/1.1" 500 - "-" "Mozilla/5.0 (compatible; SemrushBot/7~bl; +http://www.semrush.com/bot.html)" "mantech8.com"
216.244.66.241 - - [16/Sep/2022:14:20:44 -0700] "GET /robots.txt HTTP/1.1" 200 26464 "-" "Mozilla/5.0 (compatible; DotBot/1.2; +https://opensiteexplorer.org/dotbot; help@moz.com)" "mantech8.com"
216.244.66.241 - - [16/Sep/2022:14:20:44 -0700] "GET /robots.txt HTTP/1.1" 200 26464 "-" "Mozilla/5.0 (compatible; DotBot/1.2; +https://opensiteexplorer.org/dotbot; help@moz.com)" "www.mantech8.com"
185.191.171.44 - - [16/Sep/2022:14:20:55 -0700] "GET /?camp-fire%2F12048178.html HTTP/1.1" 500 - "-" "Mozilla/5.0 (compatible; SemrushBot/7~bl; +http://www.semrush.com/bot.html)" "mantech8.com"
157.55.39.103 - - [16/Sep/2022:14:22:41 -0700] "GET /index.php/manlundang.xml HTTP/1.1" 200 347333 "-" "Mozilla/5.0 (compatible; bingbot/2.0; +http://www.bing.com/bingbot.htm)" "mantech8.com"
157.55.39.86 - - [16/Sep/2022:14:22:50 -0700] "GET /index.php/sitemap55440.xml HTTP/1.1" 200 333869 "-" "Mozilla/5.0 (compatible; bingbot/2.0; +http://www.bing.com/bingbot.htm)" "mantech8.com"
185.191.171.37 - - [16/Sep/2022:14:23:00 -0700] "GET /?camp-fire%2F49091417.html HTTP/1.1" 500 - "-" "Mozilla/5.0 (compatible; SemrushBot/7~bl; +http://www.semrush.com/bot.html)" "mantech8.com"
185.191.171.18 - - [16/Sep/2022:14:23:05 -0700] "GET /?camp-fire%2F38507050.html HTTP/1.1" 500 - "-" "Mozilla/5.0 (compatible; SemrushBot/7~bl; +http://www.semrush.com/bot.html)" "mantech8.com"
185.191.171.18 - - [16/Sep/2022:14:23:07 -0700] "GET /?camp-fire%2F39338103.html HTTP/1.1" 500 - "-" "Mozilla/5.0 (compatible; SemrushBot/7~bl; +http://www.semrush.com/bot.html)" "mantech8.com"
40.77.167.54 - - [16/Sep/2022:14:23:13 -0700] "GET /?camp-fire/27670271.html HTTP/1.1" 200 56079 "-" "Mozilla/5.0 AppleWebKit/537.36 (KHTML, like Gecko; compatible; bingbot/2.0; +http://www.bing.com/bingbot.htm) Chrome/103.0.5060.134 Safari/537.36" "mantech8.com"
185.191.171.16 - - [16/Sep/2022:14:24:06 -0700] "GET /?camp-fire%2F40321350.html HTTP/1.1" 500 - "-" "Mozilla/5.0 (compatible; SemrushBot/7~bl; +http://www.semrush.com/bot.html)" "mantech8.com"
185.191.171.1 - - [16/Sep/2022:14:24:09 -0700] "GET /?camp-fire%2F10826165.html HTTP/1.1" 500 - "-" "Mozilla/5.0 (compatible; SemrushBot/7~bl; +http://www.semrush.com/bot.html)" "mantech8.com"
207.46.13.106 - - [16/Sep/2022:14:24:10 -0700] "GET /index.php?sitemap885.xml HTTP/1.1" 200 277566 "-" "Mozilla/5.0 (compatible; bingbot/2.0; +http://www.bing.com/bingbot.htm)" "mantech8.com"
157.55.39.86 - - [16/Sep/2022:14:24:20 -0700] "GET /index.php/sitemap5158.xml HTTP/1.1" 200 245005 "-" "Mozilla/5.0 (compatible; bingbot/2.0; +http://www.bing.com/bingbot.htm)" "mantech8.com"
207.46.13.106 - - [16/Sep/2022:14:24:29 -0700] "GET /index.php?sitemap1068.xml HTTP/1.1" 200 329568 "-" "Mozilla/5.0 AppleWebKit/537.36 (KHTML, like Gecko; compatible; bingbot/2.0; +http://www.bing.com/bingbot.htm) Chrome/103.0.5060.134 Safari/537.36" "mantech8.com"
185.191.171.42 - - [16/Sep/2022:14:24:41 -0700] "GET /?camp-fire%2F27785109.html HTTP/1.1" 500 - "-" "Mozilla/5.0 (compatible; SemrushBot/7~bl; +http://www.semrush.com/bot.html)" "mantech8.com"
185.191.171.12 - - [16/Sep/2022:14:25:10 -0700] "GET /?camp-fire%2F29735959.html HTTP/1.1" 500 - "-" "Mozilla/5.0 (compatible; SemrushBot/7~bl; +http://www.semrush.com/bot.html)" "mantech8.com"
40.77.167.54 - - [16/Sep/2022:14:25:34 -0700] "GET /index.php?sitemap639.xml HTTP/1.1" 200 281982 "-" "Mozilla/5.0 (compatible; bingbot/2.0; +http://www.bing.com/bingbot.htm)" "mantech8.com"
207.46.13.23 - - [16/Sep/2022:14:25:38 -0700] "GET /index.php/sitemap41.xml HTTP/1.1" 200 289847 "-" "Mozilla/5.0 (compatible; bingbot/2.0; +http://www.bing.com/bingbot.htm)" "mantech8.com"
185.191.171.5 - - [16/Sep/2022:14:25:39 -0700] "GET /?camp-fire%2F32548768.html HTTP/1.1" 500 - "-" "Mozilla/5.0 (compatible; SemrushBot/7~bl; +http://www.semrush.com/bot.html)" "mantech8.com"
185.191.171.5 - - [16/Sep/2022:14:25:56 -0700] "GET /?camp-fire%2F104502308.html HTTP/1.1" 500 - "-" "Mozilla/5.0 (compatible; SemrushBot/7~bl; +http://www.semrush.com/bot.html)" "mantech8.com"
185.191.171.22 - - [16/Sep/2022:14:26:24 -0700] "GET /?camp-fire%2F14433357.html HTTP/1.1" 500 - "-" "Mozilla/5.0 (compatible; SemrushBot/7~bl; +http://www.semrush.com/bot.html)" "mantech8.com"
185.191.171.42 - - [16/Sep/2022:14:26:51 -0700] "GET /?camp-fire%2F28111271.html HTTP/1.1" 500 - "-" "Mozilla/5.0 (compatible; SemrushBot/7~bl; +http://www.semrush.com/bot.html)" "mantech8.com"
185.191.171.7 - - [16/Sep/2022:14:26:52 -0700] "GET /?camp-fire%2F29628284.html HTTP/1.1" 500 - "-" "Mozilla/5.0 (compatible; SemrushBot/7~bl; +http://www.semrush.com/bot.html)" "mantech8.com"
185.191.171.9 - - [16/Sep/2022:14:27:08 -0700] "GET /?camp-fire%2F5301677.html HTTP/1.1" 500 - "-" "Mozilla/5.0 (compatible; SemrushBot/7~bl; +http://www.semrush.com/bot.html)" "mantech8.com"
185.191.171.17 - - [16/Sep/2022:14:27:13 -0700] "GET /?camp-fire%2F2484793.html HTTP/1.1" 500 - "-" "Mozilla/5.0 (compatible; SemrushBot/7~bl; +http://www.semrush.com/bot.html)" "mantech8.com"
185.191.171.22 - - [16/Sep/2022:14:27:30 -0700] "GET /?camp-fire%2F13443159.html HTTP/1.1" 500 - "-" "Mozilla/5.0 (compatible; SemrushBot/7~bl; +http://www.semrush.com/bot.html)" "mantech8.com"
185.191.171.16 - - [16/Sep/2022:14:27:43 -0700] "GET /?camp-fire%2F53203806.html HTTP/1.1" 500 - "-" "Mozilla/5.0 (compatible; SemrushBot/7~bl; +http://www.semrush.com/bot.html)" "mantech8.com"
185.191.171.20 - - [16/Sep/2022:14:27:46 -0700] "GET /?camp-fire%2F36371155.html HTTP/1.1" 500 - "-" "Mozilla/5.0 (compatible; SemrushBot/7~bl; +http://www.semrush.com/bot.html)" "mantech8.com"
185.191.171.9 - - [16/Sep/2022:14:28:08 -0700] "GET /?camp-fire%2F38098872.html HTTP/1.1" 500 - "-" "Mozilla/5.0 (compatible; SemrushBot/7~bl; +http://www.semrush.com/bot.html)" "mantech8.com"
157.55.39.103 - - [16/Sep/2022:14:28:12 -0700] "GET /index.php?sitemap9478.xml HTTP/1.1" 200 342326 "-" "Mozilla/5.0 (compatible; bingbot/2.0; +http://www.bing.com/bingbot.htm)" "mantech8.com"
207.46.13.106 - - [16/Sep/2022:14:28:30 -0700] "GET /index.php?sitemap36027.xml HTTP/1.1" 200 300190 "-" "Mozilla/5.0 (compatible; bingbot/2.0; +http://www.bing.com/bingbot.htm)" "mantech8.com"
207.46.13.106 - - [16/Sep/2022:14:28:32 -0700] "GET /index.php/sitemap15.xml HTTP/1.1" 200 326943 "-" "Mozilla/5.0 (compatible; bingbot/2.0; +http://www.bing.com/bingbot.htm)" "mantech8.com"
157.55.39.86 - - [16/Sep/2022:14:28:35 -0700] "GET /index.php?bubba.xml HTTP/1.1" 200 338160 "-" "Mozilla/5.0 (compatible; bingbot/2.0; +http://www.bing.com/bingbot.htm)" "mantech8.com"
40.77.167.54 - - [16/Sep/2022:14:29:13 -0700] "GET /index.php/sitemap6978.xml HTTP/1.1" 200 316014 "-" "Mozilla/5.0 (compatible; bingbot/2.0; +http://www.bing.com/bingbot.htm)" "mantech8.com"
185.191.171.12 - - [16/Sep/2022:14:29:20 -0700] "GET /?camp-fire%2F2555959.html HTTP/1.1" 500 - "-" "Mozilla/5.0 (compatible; SemrushBot/7~bl; +http://www.semrush.com/bot.html)" "mantech8.com"
185.191.171.12 - - [16/Sep/2022:14:29:25 -0700] "GET /?camp-fire%2F4365596.html HTTP/1.1" 500 - "-" "Mozilla/5.0 (compatible; SemrushBot/7~bl; +http://www.semrush.com/bot.html)" "mantech8.com"
185.191.171.17 - - [16/Sep/2022:14:29:34 -0700] "GET /?camp-fire%2F28371835.html HTTP/1.1" 500 - "-" "Mozilla/5.0 (compatible; SemrushBot/7~bl; +http://www.semrush.com/bot.html)" "mantech8.com"
157.55.39.103 - - [16/Sep/2022:14:30:32 -0700] "GET /index.php?kleffens.xml HTTP/1.1" 200 292398 "-" "Mozilla/5.0 (compatible; bingbot/2.0; +http://www.bing.com/bingbot.htm)" "mantech8.com"
185.191.171.34 - - [16/Sep/2022:14:30:33 -0700] "GET /?camp-fire%2F42786249.html HTTP/1.1" 500 - "-" "Mozilla/5.0 (compatible; SemrushBot/7~bl; +http://www.semrush.com/bot.html)" "mantech8.com"
40.77.167.54 - - [16/Sep/2022:14:30:33 -0700] "GET /camp-fire/33693419.html HTTP/1.1" 404 88 "-" "Mozilla/5.0 AppleWebKit/537.36 (KHTML, like Gecko; compatible; bingbot/2.0; +http://www.bing.com/bingbot.htm) Chrome/103.0.5060.134 Safari/537.36" "www.mantech8.com"
185.191.171.1 - - [16/Sep/2022:14:30:49 -0700] "GET /?camp-fire%2F27803709.html HTTP/1.1" 500 - "-" "Mozilla/5.0 (compatible; SemrushBot/7~bl; +http://www.semrush.com/bot.html)" "mantech8.com"
207.46.13.106 - - [16/Sep/2022:14:31:11 -0700] "GET /index.php?sitemap8699.xml HTTP/1.1" 200 308470 "-" "Mozilla/5.0 (compatible; bingbot/2.0; +http://www.bing.com/bingbot.htm)" "mantech8.com"
185.191.171.11 - - [16/Sep/2022:14:31:41 -0700] "GET /?camp-fire%2F7850365.html HTTP/1.1" 500 - "-" "Mozilla/5.0 (compatible; SemrushBot/7~bl; +http://www.semrush.com/bot.html)" "mantech8.com"
185.191.171.35 - - [16/Sep/2022:14:33:02 -0700] "GET /?camp-fire%2F17623680.html HTTP/1.1" 500 - "-" "Mozilla/5.0 (compatible; SemrushBot/7~bl; +http://www.semrush.com/bot.html)" "mantech8.com"
185.191.171.13 - - [16/Sep/2022:14:33:30 -0700] "GET /?camp-fire%2F32550168.html HTTP/1.1" 500 - "-" "Mozilla/5.0 (compatible; SemrushBot/7~bl; +http://www.semrush.com/bot.html)" "mantech8.com"
157.55.39.86 - - [16/Sep/2022:14:33:41 -0700] "GET /index.php/sitemap37042.xml HTTP/1.1" 200 283630 "-" "Mozilla/5.0 (compatible; bingbot/2.0; +http://www.bing.com/bingbot.htm)" "mantech8.com"
185.191.171.36 - - [16/Sep/2022:14:33:45 -0700] "GET /?camp-fire%2F38941417.html HTTP/1.1" 500 - "-" "Mozilla/5.0 (compatible; SemrushBot/7~bl; +http://www.semrush.com/bot.html)" "mantech8.com"
185.191.171.24 - - [16/Sep/2022:14:33:56 -0700] "GET /?camp-fire%2F35347338.html HTTP/1.1" 500 - "-" "Mozilla/5.0 (compatible; SemrushBot/7~bl; +http://www.semrush.com/bot.html)" "mantech8.com"
185.191.171.43 - - [16/Sep/2022:14:34:20 -0700] "GET /?camp-fire%2F2396393.html HTTP/1.1" 500 - "-" "Mozilla/5.0 (compatible; SemrushBot/7~bl; +http://www.semrush.com/bot.html)" "mantech8.com"
40.77.167.54 - - [16/Sep/2022:14:34:33 -0700] "GET /index.php/qiaojis.xml HTTP/1.1" 200 265561 "-" "Mozilla/5.0 (compatible; bingbot/2.0; +http://www.bing.com/bingbot.htm)" "mantech8.com"
207.46.13.23 - - [16/Sep/2022:14:34:38 -0700] "GET /index.php?ascensor.xml HTTP/1.1" 200 283934 "-" "Mozilla/5.0 AppleWebKit/537.36 (KHTML, like Gecko; compatible; bingbot/2.0; +http://www.bing.com/bingbot.htm) Chrome/103.0.5060.134 Safari/537.36" "mantech8.com"
185.191.171.42 - - [16/Sep/2022:14:34:39 -0700] "GET /?camp-fire%2F89537480.html HTTP/1.1" 500 - "-" "Mozilla/5.0 (compatible; SemrushBot/7~bl; +http://www.semrush.com/bot.html)" "mantech8.com"
157.55.39.103 - - [16/Sep/2022:14:35:32 -0700] "GET /index.php?kiger.xml HTTP/1.1" 200 335400 "-" "Mozilla/5.0 AppleWebKit/537.36 (KHTML, like Gecko; compatible; bingbot/2.0; +http://www.bing.com/bingbot.htm) Chrome/103.0.5060.134 Safari/537.36" "mantech8.com"
157.55.39.103 - - [16/Sep/2022:14:35:34 -0700] "GET /index.php?sitemap7965.xml HTTP/1.1" 200 245726 "-" "Mozilla/5.0 (compatible; bingbot/2.0; +http://www.bing.com/bingbot.htm)" "mantech8.com"
185.191.171.35 - - [16/Sep/2022:14:35:45 -0700] "GET /?camp-fire%2F35754438.html HTTP/1.1" 500 - "-" "Mozilla/5.0 (compatible; SemrushBot/7~bl; +http://www.semrush.com/bot.html)" "mantech8.com"
185.191.171.17 - - [16/Sep/2022:14:36:01 -0700] "GET /?camp-fire%2F28010571.html HTTP/1.1" 500 - "-" "Mozilla/5.0 (compatible; SemrushBot/7~bl; +http://www.semrush.com/bot.html)" "mantech8.com"
185.191.171.12 - - [16/Sep/2022:14:36:31 -0700] "GET /?camp-fire%2F4144765.html HTTP/1.1" 500 - "-" "Mozilla/5.0 (compatible; SemrushBot/7~bl; +http://www.semrush.com/bot.html)" "mantech8.com"
185.191.171.2 - - [16/Sep/2022:14:36:38 -0700] "GET /?camp-fire%2F11588609.html HTTP/1.1" 500 - "-" "Mozilla/5.0 (compatible; SemrushBot/7~bl; +http://www.semrush.com/bot.html)" "mantech8.com"
157.55.39.86 - - [16/Sep/2022:14:36:52 -0700] "GET /index.php/limunu.xml HTTP/1.1" 200 248678 "-" "Mozilla/5.0 (compatible; bingbot/2.0; +http://www.bing.com/bingbot.htm)" "mantech8.com"
185.191.171.33 - - [16/Sep/2022:14:36:54 -0700] "GET /?camp-fire%2F56993066.html HTTP/1.1" 500 - "-" "Mozilla/5.0 (compatible; SemrushBot/7~bl; +http://www.semrush.com/bot.html)" "mantech8.com"
185.191.171.1 - - [16/Sep/2022:14:37:03 -0700] "GET /?camp-fire%2F40287388.html HTTP/1.1" 500 - "-" "Mozilla/5.0 (compatible; SemrushBot/7~bl; +http://www.semrush.com/bot.html)" "mantech8.com"
185.191.171.42 - - [16/Sep/2022:14:37:12 -0700] "GET /?camp-fire%2F82808109.html HTTP/1.1" 500 - "-" "Mozilla/5.0 (compatible; SemrushBot/7~bl; +http://www.semrush.com/bot.html)" "mantech8.com"
185.191.171.33 - - [16/Sep/2022:14:37:17 -0700] "GET /?camp-fire%2F15818724.html HTTP/1.1" 500 - "-" "Mozilla/5.0 (compatible; SemrushBot/7~bl; +http://www.semrush.com/bot.html)" "mantech8.com"
157.55.39.86 - - [16/Sep/2022:14:37:31 -0700] "GET /index.php/sitemap3760.xml HTTP/1.1" 200 321852 "-" "Mozilla/5.0 (compatible; bingbot/2.0; +http://www.bing.com/bingbot.htm)" "mantech8.com"
207.46.13.23 - - [16/Sep/2022:14:38:04 -0700] "GET /index.php/sitemap45706.xml HTTP/1.1" 200 247212 "-" "Mozilla/5.0 AppleWebKit/537.36 (KHTML, like Gecko; compatible; bingbot/2.0; +http://www.bing.com/bingbot.htm) Chrome/103.0.5060.134 Safari/537.36" "mantech8.com"
185.191.171.9 - - [16/Sep/2022:14:38:29 -0700] "GET /?camp-fire%2F33812208.html HTTP/1.1" 500 - "-" "Mozilla/5.0 (compatible; SemrushBot/7~bl; +http://www.semrush.com/bot.html)" "mantech8.com"
157.55.39.86 - - [16/Sep/2022:14:38:31 -0700] "GET /index.php?sitemap3259.xml HTTP/1.1" 200 304484 "-" "Mozilla/5.0 AppleWebKit/537.36 (KHTML, like Gecko; compatible; bingbot/2.0; +http://www.bing.com/bingbot.htm) Chrome/103.0.5060.134 Safari/537.36" "mantech8.com"
185.191.171.26 - - [16/Sep/2022:14:38:37 -0700] "GET /?camp-fire%2F52828851.html HTTP/1.1" 500 - "-" "Mozilla/5.0 (compatible; SemrushBot/7~bl; +http://www.semrush.com/bot.html)" "mantech8.com"
185.191.171.25 - - [16/Sep/2022:14:39:50 -0700] "GET /?camp-fire%2F39056935.html HTTP/1.1" 500 - "-" "Mozilla/5.0 (compatible; SemrushBot/7~bl; +http://www.semrush.com/bot.html)" "mantech8.com"
185.191.171.43 - - [16/Sep/2022:14:39:58 -0700] "GET /?camp-fire%2F38162359.html HTTP/1.1" 500 - "-" "Mozilla/5.0 (compatible; SemrushBot/7~bl; +http://www.semrush.com/bot.html)" "mantech8.com"
185.191.171.33 - - [16/Sep/2022:14:40:07 -0700] "GET /?camp-fire%2F28541064.html HTTP/1.1" 500 - "-" "Mozilla/5.0 (compatible; SemrushBot/7~bl; +http://www.semrush.com/bot.html)" "mantech8.com"
185.191.171.9 - - [16/Sep/2022:14:40:21 -0700] "GET /?camp-fire%2F27369551.html HTTP/1.1" 500 - "-" "Mozilla/5.0 (compatible; SemrushBot/7~bl; +http://www.semrush.com/bot.html)" "mantech8.com"
185.191.171.12 - - [16/Sep/2022:14:40:24 -0700] "GET /?camp-fire%2F26131382.html HTTP/1.1" 500 - "-" "Mozilla/5.0 (compatible; SemrushBot/7~bl; +http://www.semrush.com/bot.html)" "mantech8.com"
157.55.39.86 - - [16/Sep/2022:14:40:32 -0700] "GET /index.php?sitemap4602.xml HTTP/1.1" 200 316396 "-" "Mozilla/5.0 (compatible; bingbot/2.0; +http://www.bing.com/bingbot.htm)" "mantech8.com"
185.191.171.7 - - [16/Sep/2022:14:40:45 -0700] "GET /?camp-fire%2F1375059.html HTTP/1.1" 500 - "-" "Mozilla/5.0 (compatible; SemrushBot/7~bl; +http://www.semrush.com/bot.html)" "mantech8.com"
207.46.13.106 - - [16/Sep/2022:14:40:52 -0700] "GET /index.php/sitemap149.xml HTTP/1.1" 200 327672 "-" "Mozilla/5.0 AppleWebKit/537.36 (KHTML, like Gecko; compatible; bingbot/2.0; +http://www.bing.com/bingbot.htm) Chrome/103.0.5060.134 Safari/537.36" "mantech8.com"
40.77.167.54 - - [16/Sep/2022:14:40:56 -0700] "GET /index.php/curlyhead.xml HTTP/1.1" 200 310960 "-" "Mozilla/5.0 (compatible; bingbot/2.0; +http://www.bing.com/bingbot.htm)" "mantech8.com"
185.191.171.4 - - [16/Sep/2022:14:41:10 -0700] "GET /?camp-fire%2F38160803.html HTTP/1.1" 500 - "-" "Mozilla/5.0 (compatible; SemrushBot/7~bl; +http://www.semrush.com/bot.html)" "mantech8.com"
207.46.13.23 - - [16/Sep/2022:14:41:25 -0700] "GET /index.php?sitemap77.xml HTTP/1.1" 200 261724 "-" "Mozilla/5.0 (compatible; bingbot/2.0; +http://www.bing.com/bingbot.htm)" "mantech8.com"
207.46.13.23 - - [16/Sep/2022:14:42:25 -0700] "GET /index.php/sitemap6075.xml HTTP/1.1" 200 245228 "-" "Mozilla/5.0 (compatible; bingbot/2.0; +http://www.bing.com/bingbot.htm)" "mantech8.com"
185.191.171.7 - - [16/Sep/2022:14:42:26 -0700] "GET /?camp-fire%2F24342150.html HTTP/1.1" 500 - "-" "Mozilla/5.0 (compatible; SemrushBot/7~bl; +http://www.semrush.com/bot.html)" "mantech8.com"
185.191.171.18 - - [16/Sep/2022:14:42:30 -0700] "GET /?camp-fire%2F42128034.html HTTP/1.1" 500 - "-" "Mozilla/5.0 (compatible; SemrushBot/7~bl; +http://www.semrush.com/bot.html)" "mantech8.com"
40.77.167.27 - - [16/Sep/2022:14:42:53 -0700] "GET /index.php?sitemap3787.xml HTTP/1.1" 200 268088 "-" "Mozilla/5.0 (compatible; bingbot/2.0; +http://www.bing.com/bingbot.htm)" "mantech8.com"
185.191.171.5 - - [16/Sep/2022:14:42:56 -0700] "GET /?camp-fire%2F35428664.html HTTP/1.1" 500 - "-" "Mozilla/5.0 (compatible; SemrushBot/7~bl; +http://www.semrush.com/bot.html)" "mantech8.com"
157.55.39.103 - - [16/Sep/2022:14:43:13 -0700] "GET /index.php/sitemap705.xml HTTP/1.1" 200 328476 "-" "Mozilla/5.0 (compatible; bingbot/2.0; +http://www.bing.com/bingbot.htm)" "mantech8.com"
185.191.171.12 - - [16/Sep/2022:14:43:33 -0700] "GET /?camp-fire%2F39824702.html HTTP/1.1" 500 - "-" "Mozilla/5.0 (compatible; SemrushBot/7~bl; +http://www.semrush.com/bot.html)" "mantech8.com"
157.55.39.103 - - [16/Sep/2022:14:44:34 -0700] "GET /?viton.xml HTTP/1.1" 200 326345 "-" "Mozilla/5.0 (compatible; bingbot/2.0; +http://www.bing.com/bingbot.htm)" "mantech8.com"
185.191.171.40 - - [16/Sep/2022:14:44:36 -0700] "GET /?camp-fire%2F22631117.html HTTP/1.1" 500 - "-" "Mozilla/5.0 (compatible; SemrushBot/7~bl; +http://www.semrush.com/bot.html)" "mantech8.com"
185.191.171.16 - - [16/Sep/2022:14:44:39 -0700] "GET /?camp-fire%2F27977559.html HTTP/1.1" 500 - "-" "Mozilla/5.0 (compatible; SemrushBot/7~bl; +http://www.semrush.com/bot.html)" "mantech8.com"
185.191.171.45 - - [16/Sep/2022:14:44:45 -0700] "GET /?camp-fire%2F72315493.html HTTP/1.1" 500 - "-" "Mozilla/5.0 (compatible; SemrushBot/7~bl; +http://www.semrush.com/bot.html)" "mantech8.com"
40.77.167.27 - - [16/Sep/2022:14:44:54 -0700] "GET /index.php/sitemap84.xml HTTP/1.1" 200 280833 "-" "Mozilla/5.0 (compatible; bingbot/2.0; +http://www.bing.com/bingbot.htm)" "mantech8.com"
185.191.171.1 - - [16/Sep/2022:14:44:58 -0700] "GET /?camp-fire%2F35771106.html HTTP/1.1" 500 - "-" "Mozilla/5.0 (compatible; SemrushBot/7~bl; +http://www.semrush.com/bot.html)" "mantech8.com"
185.191.171.5 - - [16/Sep/2022:14:45:26 -0700] "GET /?camp-fire%2F32315930.html HTTP/1.1" 500 - "-" "Mozilla/5.0 (compatible; SemrushBot/7~bl; +http://www.semrush.com/bot.html)" "mantech8.com"
185.191.171.40 - - [16/Sep/2022:14:45:28 -0700] "GET /?camp-fire%2F119367376.html HTTP/1.1" 500 - "-" "Mozilla/5.0 (compatible; SemrushBot/7~bl; +http://www.semrush.com/bot.html)" "mantech8.com"
185.191.171.38 - - [16/Sep/2022:14:46:01 -0700] "GET /?camp-fire%2F15507646.html HTTP/1.1" 500 - "-" "Mozilla/5.0 (compatible; SemrushBot/7~bl; +http://www.semrush.com/bot.html)" "mantech8.com"
40.77.167.27 - - [16/Sep/2022:14:46:14 -0700] "GET /index.php?lamiter.xml HTTP/1.1" 200 339605 "-" "Mozilla/5.0 (compatible; bingbot/2.0; +http://www.bing.com/bingbot.htm)" "mantech8.com"
185.191.171.11 - - [16/Sep/2022:14:46:16 -0700] "GET /?camp-fire%2F25059706.html HTTP/1.1" 500 - "-" "Mozilla/5.0 (compatible; SemrushBot/7~bl; +http://www.semrush.com/bot.html)" "mantech8.com"
185.191.171.40 - - [16/Sep/2022:14:47:00 -0700] "GET /?camp-fire%2F39825602.html HTTP/1.1" 500 - "-" "Mozilla/5.0 (compatible; SemrushBot/7~bl; +http://www.semrush.com/bot.html)" "mantech8.com"
40.77.167.54 - - [16/Sep/2022:14:47:05 -0700] "GET /index.php?sitemap585.xml HTTP/1.1" 200 283633 "-" "Mozilla/5.0 AppleWebKit/537.36 (KHTML, like Gecko; compatible; bingbot/2.0; +http://www.bing.com/bingbot.htm) Chrome/103.0.5060.134 Safari/537.36" "mantech8.com"
197.245.83.80 - - [16/Sep/2022:14:47:08 -0700] "GET /contact.php HTTP/1.1" 200 29238 "http://mantech8.com/contact.php" "Mozilla/5.0 (Windows NT 6.1) AppleWebKit/537.36 (KHTML, like Gecko) Chrome/90.0.4430.85 Safari/537.36" "mantech8.com"
197.245.83.80 - - [16/Sep/2022:14:47:10 -0700] "POST /mailer.php HTTP/1.1" 500 - "http://mantech8.com/contact.php" "Mozilla/5.0 (Windows NT 6.1) AppleWebKit/537.36 (KHTML, like Gecko) Chrome/90.0.4430.85 Safari/537.36" "mantech8.com"
185.191.171.19 - - [16/Sep/2022:14:47:44 -0700] "GET /?camp-fire%2F38237203.html HTTP/1.1" 500 - "-" "Mozilla/5.0 (compatible; SemrushBot/7~bl; +http://www.semrush.com/bot.html)" "mantech8.com"
185.191.171.15 - - [16/Sep/2022:14:48:07 -0700] "GET /?camp-fire%2F13994580.html HTTP/1.1" 500 - "-" "Mozilla/5.0 (compatible; SemrushBot/7~bl; +http://www.semrush.com/bot.html)" "mantech8.com"
207.46.13.106 - - [16/Sep/2022:14:48:13 -0700] "GET /index.php/sitemap1029.xml HTTP/1.1" 200 289873 "-" "Mozilla/5.0 AppleWebKit/537.36 (KHTML, like Gecko; compatible; bingbot/2.0; +http://www.bing.com/bingbot.htm) Chrome/103.0.5060.134 Safari/537.36" "mantech8.com"
207.46.13.23 - - [16/Sep/2022:14:48:17 -0700] "GET /index.php/sitemap55.xml HTTP/1.1" 200 274393 "-" "Mozilla/5.0 (compatible; bingbot/2.0; +http://www.bing.com/bingbot.htm)" "mantech8.com"
185.191.171.41 - - [16/Sep/2022:14:48:40 -0700] "GET /?camp-fire%2F16643783.html HTTP/1.1" 500 - "-" "Mozilla/5.0 (compatible; SemrushBot/7~bl; +http://www.semrush.com/bot.html)" "mantech8.com"
40.77.167.27 - - [16/Sep/2022:14:49:14 -0700] "GET /index.php?sitemap17982.xml HTTP/1.1" 200 315646 "-" "Mozilla/5.0 (compatible; bingbot/2.0; +http://www.bing.com/bingbot.htm)" "mantech8.com"
185.191.171.16 - - [16/Sep/2022:14:49:19 -0700] "GET /?camp-fire%2F53272092.html HTTP/1.1" 500 - "-" "Mozilla/5.0 (compatible; SemrushBot/7~bl; +http://www.semrush.com/bot.html)" "mantech8.com"
185.191.171.36 - - [16/Sep/2022:14:49:47 -0700] "GET /?camp-fire%2F19542432.html HTTP/1.1" 500 - "-" "Mozilla/5.0 (compatible; SemrushBot/7~bl; +http://www.semrush.com/bot.html)" "mantech8.com"
185.191.171.20 - - [16/Sep/2022:14:49:54 -0700] "GET /?camp-fire%2F15209684.html HTTP/1.1" 500 - "-" "Mozilla/5.0 (compatible; SemrushBot/7~bl; +http://www.semrush.com/bot.html)" "mantech8.com"
185.191.171.19 - - [16/Sep/2022:14:50:23 -0700] "GET /?camp-fire%2F40235935.html HTTP/1.1" 500 - "-" "Mozilla/5.0 (compatible; SemrushBot/7~bl; +http://www.semrush.com/bot.html)" "mantech8.com"
185.191.171.41 - - [16/Sep/2022:14:50:34 -0700] "GET /?camp-fire%2F45525293.html HTTP/1.1" 500 - "-" "Mozilla/5.0 (compatible; SemrushBot/7~bl; +http://www.semrush.com/bot.html)" "mantech8.com"
185.191.171.24 - - [16/Sep/2022:14:50:38 -0700] "GET /?camp-fire%2F10260198.html HTTP/1.1" 500 - "-" "Mozilla/5.0 (compatible; SemrushBot/7~bl; +http://www.semrush.com/bot.html)" "mantech8.com"
185.191.171.18 - - [16/Sep/2022:14:51:03 -0700] "GET /?camp-fire%2F35718838.html HTTP/1.1" 500 - "-" "Mozilla/5.0 (compatible; SemrushBot/7~bl; +http://www.semrush.com/bot.html)" "mantech8.com"
185.191.171.10 - - [16/Sep/2022:14:51:15 -0700] "GET /?camp-fire%2F27329970.html HTTP/1.1" 500 - "-" "Mozilla/5.0 (compatible; SemrushBot/7~bl; +http://www.semrush.com/bot.html)" "mantech8.com"
185.191.171.33 - - [16/Sep/2022:14:51:28 -0700] "GET /?camp-fire%2F119296502.html HTTP/1.1" 500 - "-" "Mozilla/5.0 (compatible; SemrushBot/7~bl; +http://www.semrush.com/bot.html)" "mantech8.com"
207.46.13.106 - - [16/Sep/2022:14:51:53 -0700] "GET /?sitemap21.xml HTTP/1.1" 200 270773 "-" "Mozilla/5.0 (compatible; bingbot/2.0; +http://www.bing.com/bingbot.htm)" "mantech8.com"
20.119.96.169 - - [16/Sep/2022:14:52:30 -0700] "POST / HTTP/1.1" 500 - "-" "Mozilla/5.0 (X11; Linux x86_64; rv:83.0) Gecko/20100101 Firefox/83.0" "mantech8.com"
157.55.39.86 - - [16/Sep/2022:14:52:33 -0700] "GET /index.php/sitemap8914.xml HTTP/1.1" 200 277742 "-" "Mozilla/5.0 (compatible; bingbot/2.0; +http://www.bing.com/bingbot.htm)" "mantech8.com"
185.191.171.7 - - [16/Sep/2022:14:52:46 -0700] "GET /?camp-fire%2F62478606.html HTTP/1.1" 500 - "-" "Mozilla/5.0 (compatible; SemrushBot/7~bl; +http://www.semrush.com/bot.html)" "mantech8.com"
185.191.171.43 - - [16/Sep/2022:14:52:58 -0700] "GET /?camp-fire%2F12341476.html HTTP/1.1" 500 - "-" "Mozilla/5.0 (compatible; SemrushBot/7~bl; +http://www.semrush.com/bot.html)" "mantech8.com"
185.191.171.33 - - [16/Sep/2022:14:53:28 -0700] "GET /?camp-fire%2F28344535.html HTTP/1.1" 500 - "-" "Mozilla/5.0 (compatible; SemrushBot/7~bl; +http://www.semrush.com/bot.html)" "mantech8.com"
185.191.171.33 - - [16/Sep/2022:14:53:42 -0700] "GET /?camp-fire%2F38111872.html HTTP/1.1" 500 - "-" "Mozilla/5.0 (compatible; SemrushBot/7~bl; +http://www.semrush.com/bot.html)" "mantech8.com"
185.191.171.10 - - [16/Sep/2022:14:53:45 -0700] "GET /?camp-fire%2F83982166.html HTTP/1.1" 500 - "-" "Mozilla/5.0 (compatible; SemrushBot/7~bl; +http://www.semrush.com/bot.html)" "mantech8.com"
185.191.171.25 - - [16/Sep/2022:14:54:07 -0700] "GET /?camp-fire%2F31040835.html HTTP/1.1" 500 - "-" "Mozilla/5.0 (compatible; SemrushBot/7~bl; +http://www.semrush.com/bot.html)" "mantech8.com"
40.77.167.27 - - [16/Sep/2022:14:54:14 -0700] "GET /index.php?sitemap4733.xml HTTP/1.1" 200 342918 "-" "Mozilla/5.0 (compatible; bingbot/2.0; +http://www.bing.com/bingbot.htm)" "mantech8.com"
207.46.13.23 - - [16/Sep/2022:14:54:56 -0700] "GET /index.php?athermallize.xml HTTP/1.1" 200 260804 "-" "Mozilla/5.0 (compatible; bingbot/2.0; +http://www.bing.com/bingbot.htm)" "mantech8.com"
40.77.167.27 - - [16/Sep/2022:14:55:04 -0700] "GET /index.php/sitemap-index-5.xml HTTP/1.1" 200 5822 "-" "Mozilla/5.0 (compatible; bingbot/2.0; +http://www.bing.com/bingbot.htm)" "mantech8.com"
40.77.167.54 - - [16/Sep/2022:14:55:08 -0700] "GET /index.php/sitemap42974.xml HTTP/1.1" 200 255478 "-" "Mozilla/5.0 (compatible; bingbot/2.0; +http://www.bing.com/bingbot.htm)" "mantech8.com"
185.191.171.17 - - [16/Sep/2022:14:55:23 -0700] "GET /robots.txt HTTP/1.1" 200 2442 "-" "Mozilla/5.0 (compatible; SemrushBot/7~bl; +http://www.semrush.com/bot.html)" "mantech8.com"
185.191.171.6 - - [16/Sep/2022:14:55:23 -0700] "GET /?camp-fire%2F58230855.html HTTP/1.1" 500 - "-" "Mozilla/5.0 (compatible; SemrushBot/7~bl; +http://www.semrush.com/bot.html)" "mantech8.com"
185.191.171.9 - - [16/Sep/2022:14:55:45 -0700] "GET /?camp-fire%2F3920574.html HTTP/1.1" 500 - "-" "Mozilla/5.0 (compatible; SemrushBot/7~bl; +http://www.semrush.com/bot.html)" "mantech8.com"
40.77.167.54 - - [16/Sep/2022:14:55:46 -0700] "GET /index.php?infuriates.xml HTTP/1.1" 200 249948 "-" "Mozilla/5.0 (compatible; bingbot/2.0; +http://www.bing.com/bingbot.htm)" "mantech8.com"
185.191.171.7 - - [16/Sep/2022:14:56:10 -0700] "GET /?camp-fire%2F39903776.html HTTP/1.1" 500 - "-" "Mozilla/5.0 (compatible; SemrushBot/7~bl; +http://www.semrush.com/bot.html)" "mantech8.com"
185.191.171.26 - - [16/Sep/2022:14:56:53 -0700] "GET /?camp-fire%2F37105638.html HTTP/1.1" 500 - "-" "Mozilla/5.0 (compatible; SemrushBot/7~bl; +http://www.semrush.com/bot.html)" "mantech8.com"
40.77.167.27 - - [16/Sep/2022:14:56:55 -0700] "GET /index.php?sitemap426.xml HTTP/1.1" 200 269639 "-" "Mozilla/5.0 AppleWebKit/537.36 (KHTML, like Gecko; compatible; bingbot/2.0; +http://www.bing.com/bingbot.htm) Chrome/103.0.5060.134 Safari/537.36" "mantech8.com"
40.77.167.27 - - [16/Sep/2022:14:57:05 -0700] "GET /index.php?sitemap777.xml HTTP/1.1" 200 335270 "-" "Mozilla/5.0 AppleWebKit/537.36 (KHTML, like Gecko; compatible; bingbot/2.0; +http://www.bing.com/bingbot.htm) Chrome/103.0.5060.134 Safari/537.36" "mantech8.com"
185.191.171.23 - - [16/Sep/2022:14:57:11 -0700] "GET /?camp-fire%2F19542132.html HTTP/1.1" 500 - "-" "Mozilla/5.0 (compatible; SemrushBot/7~bl; +http://www.semrush.com/bot.html)" "mantech8.com"
185.191.171.40 - - [16/Sep/2022:14:57:15 -0700] "GET /?camp-fire%2F38846617.html HTTP/1.1" 500 - "-" "Mozilla/5.0 (compatible; SemrushBot/7~bl; +http://www.semrush.com/bot.html)" "mantech8.com"
185.191.171.5 - - [16/Sep/2022:14:57:31 -0700] "GET /?camp-fire%2F40332935.html HTTP/1.1" 500 - "-" "Mozilla/5.0 (compatible; SemrushBot/7~bl; +http://www.semrush.com/bot.html)" "mantech8.com"
185.191.171.26 - - [16/Sep/2022:14:58:31 -0700] "GET /?camp-fire%2F24326650.html HTTP/1.1" 500 - "-" "Mozilla/5.0 (compatible; SemrushBot/7~bl; +http://www.semrush.com/bot.html)" "mantech8.com"
185.191.171.26 - - [16/Sep/2022:14:58:41 -0700] "GET /?camp-fire%2F28298763.html HTTP/1.1" 500 - "-" "Mozilla/5.0 (compatible; SemrushBot/7~bl; +http://www.semrush.com/bot.html)" "mantech8.com"
40.77.167.27 - - [16/Sep/2022:14:58:55 -0700] "GET /index.php?sitemap380.xml HTTP/1.1" 200 305115 "-" "Mozilla/5.0 (compatible; bingbot/2.0; +http://www.bing.com/bingbot.htm)" "mantech8.com"
185.191.171.1 - - [16/Sep/2022:14:59:41 -0700] "GET /?camp-fire%2F30396147.html HTTP/1.1" 500 - "-" "Mozilla/5.0 (compatible; SemrushBot/7~bl; +http://www.semrush.com/bot.html)" "mantech8.com"
114.119.133.165 - - [16/Sep/2022:14:59:59 -0700] "GET /sitemap-index-9.xml HTTP/1.1" 404 88 "-" "Mozilla/5.0 (compatible;PetalBot;+https://webmaster.petalsearch.com/site/petalbot)" "mantech8.com"
185.191.171.35 - - [16/Sep/2022:15:00:05 -0700] "GET /?camp-fire%2F31910230.html HTTP/1.1" 500 - "-" "Mozilla/5.0 (compatible; SemrushBot/7~bl; +http://www.semrush.com/bot.html)" "mantech8.com"
185.191.171.12 - - [16/Sep/2022:15:00:07 -0700] "GET /?camp-fire%2F48059208.html HTTP/1.1" 500 - "-" "Mozilla/5.0 (compatible; SemrushBot/7~bl; +http://www.semrush.com/bot.html)" "mantech8.com"
40.77.167.27 - - [16/Sep/2022:15:00:15 -0700] "GET /index.php?sitemap7849.xml HTTP/1.1" 200 334046 "-" "Mozilla/5.0 (compatible; bingbot/2.0; +http://www.bing.com/bingbot.htm)" "mantech8.com"
207.46.13.23 - - [16/Sep/2022:15:00:19 -0700] "GET /index.php?kujienavaca.xml HTTP/1.1" 200 333744 "-" "Mozilla/5.0 (compatible; bingbot/2.0; +http://www.bing.com/bingbot.htm)" "mantech8.com"
185.191.171.9 - - [16/Sep/2022:15:00:28 -0700] "GET /?camp-fire%2F27305197.html HTTP/1.1" 500 - "-" "Mozilla/5.0 (compatible; SemrushBot/7~bl; +http://www.semrush.com/bot.html)" "mantech8.com"
185.191.171.5 - - [16/Sep/2022:15:00:52 -0700] "GET /?camp-fire%2F32841630.html HTTP/1.1" 500 - "-" "Mozilla/5.0 (compatible; SemrushBot/7~bl; +http://www.semrush.com/bot.html)" "mantech8.com"
185.191.171.6 - - [16/Sep/2022:15:01:19 -0700] "GET /?camp-fire%2F17537127.html HTTP/1.1" 500 - "-" "Mozilla/5.0 (compatible; SemrushBot/7~bl; +http://www.semrush.com/bot.html)" "mantech8.com"
157.55.39.86 - - [16/Sep/2022:15:01:27 -0700] "GET /robots.txt HTTP/1.1" 200 2442 "-" "Mozilla/5.0 (compatible; bingbot/2.0; +http://www.bing.com/bingbot.htm)" "mantech8.com"
157.55.39.86 - - [16/Sep/2022:15:01:27 -0700] "GET /robots.txt HTTP/1.1" 200 2442 "-" "Mozilla/5.0 (compatible; bingbot/2.0; +http://www.bing.com/bingbot.htm)" "mantech8.com"
207.46.13.23 - - [16/Sep/2022:15:01:27 -0700] "GET /index.php/sitemap3400.xml HTTP/1.1" 200 238856 "-" "Mozilla/5.0 (compatible; bingbot/2.0; +http://www.bing.com/bingbot.htm)" "mantech8.com"
185.191.171.43 - - [16/Sep/2022:15:01:28 -0700] "GET /?camp-fire%2F41010902.html HTTP/1.1" 500 - "-" "Mozilla/5.0 (compatible; SemrushBot/7~bl; +http://www.semrush.com/bot.html)" "mantech8.com"
207.46.13.106 - - [16/Sep/2022:15:01:33 -0700] "GET /index.php/sitemap8384.xml HTTP/1.1" 200 347294 "-" "Mozilla/5.0 (compatible; bingbot/2.0; +http://www.bing.com/bingbot.htm)" "mantech8.com"
40.77.167.54 - - [16/Sep/2022:15:01:38 -0700] "GET /bimages/gallery/thump/IDN%20B6.jpg HTTP/1.1" 200 592494 "-" "Mozilla/5.0 (compatible; bingbot/2.0; +http://www.bing.com/bingbot.htm)" "mantech8.com"
185.191.171.34 - - [16/Sep/2022:15:01:56 -0700] "GET /?camp-fire%2F41408671.html HTTP/1.1" 500 - "-" "Mozilla/5.0 (compatible; SemrushBot/7~bl; +http://www.semrush.com/bot.html)" "mantech8.com"
185.191.171.41 - - [16/Sep/2022:15:02:05 -0700] "GET /?camp-fire%2F34349559.html HTTP/1.1" 500 - "-" "Mozilla/5.0 (compatible; SemrushBot/7~bl; +http://www.semrush.com/bot.html)" "mantech8.com"
185.191.171.8 - - [16/Sep/2022:15:02:14 -0700] "GET /?camp-fire%2F47636670.html HTTP/1.1" 500 - "-" "Mozilla/5.0 (compatible; SemrushBot/7~bl; +http://www.semrush.com/bot.html)" "mantech8.com"
207.46.13.106 - - [16/Sep/2022:15:02:44 -0700] "GET /index.php/sitemap593.xml HTTP/1.1" 200 300542 "-" "Mozilla/5.0 (compatible; bingbot/2.0; +http://www.bing.com/bingbot.htm)" "mantech8.com"
40.77.167.27 - - [16/Sep/2022:15:02:49 -0700] "GET /index.php?sitemap50086.xml HTTP/1.1" 200 278946 "-" "Mozilla/5.0 (compatible; bingbot/2.0; +http://www.bing.com/bingbot.htm)" "mantech8.com"
40.77.167.54 - - [16/Sep/2022:15:02:56 -0700] "GET /index.php?sitemap76.xml HTTP/1.1" 200 292214 "-" "Mozilla/5.0 (compatible; bingbot/2.0; +http://www.bing.com/bingbot.htm)" "mantech8.com"
157.55.39.103 - - [16/Sep/2022:15:03:25 -0700] "GET /index.php?sitemap4660.xml HTTP/1.1" 200 258410 "-" "Mozilla/5.0 (compatible; bingbot/2.0; +http://www.bing.com/bingbot.htm)" "mantech8.com"
157.55.39.86 - - [16/Sep/2022:15:03:34 -0700] "GET /index.php?sitemap3125.xml HTTP/1.1" 200 262192 "-" "Mozilla/5.0 (compatible; bingbot/2.0; +http://www.bing.com/bingbot.htm)" "mantech8.com"
185.191.171.14 - - [16/Sep/2022:15:04:11 -0700] "GET /?camp-fire%2F40797608.html HTTP/1.1" 500 - "-" "Mozilla/5.0 (compatible; SemrushBot/7~bl; +http://www.semrush.com/bot.html)" "mantech8.com"
157.55.39.103 - - [16/Sep/2022:15:04:16 -0700] "GET /camp-fire/28181714.html HTTP/1.1" 404 88 "-" "Mozilla/5.0 AppleWebKit/537.36 (KHTML, like Gecko; compatible; bingbot/2.0; +http://www.bing.com/bingbot.htm) Chrome/103.0.5060.134 Safari/537.36" "www.mantech8.com"
185.191.171.6 - - [16/Sep/2022:15:04:23 -0700] "GET /?camp-fire%2F50911617.html HTTP/1.1" 500 - "-" "Mozilla/5.0 (compatible; SemrushBot/7~bl; +http://www.semrush.com/bot.html)" "mantech8.com"
185.191.171.5 - - [16/Sep/2022:15:04:30 -0700] "GET /?camp-fire%2F27449426.html HTTP/1.1" 500 - "-" "Mozilla/5.0 (compatible; SemrushBot/7~bl; +http://www.semrush.com/bot.html)" "mantech8.com"
185.191.171.8 - - [16/Sep/2022:15:04:40 -0700] "GET /?camp-fire%2F3125578.html HTTP/1.1" 500 - "-" "Mozilla/5.0 (compatible; SemrushBot/7~bl; +http://www.semrush.com/bot.html)" "mantech8.com"
40.77.167.54 - - [16/Sep/2022:15:04:46 -0700] "GET /index.php/sitemap3781.xml HTTP/1.1" 200 255042 "-" "Mozilla/5.0 (compatible; bingbot/2.0; +http://www.bing.com/bingbot.htm)" "mantech8.com"
185.191.171.3 - - [16/Sep/2022:15:05:26 -0700] "GET /?camp-fire%2F75057578.html HTTP/1.1" 500 - "-" "Mozilla/5.0 (compatible; SemrushBot/7~bl; +http://www.semrush.com/bot.html)" "mantech8.com"
185.191.171.17 - - [16/Sep/2022:15:05:30 -0700] "GET /?camp-fire%2F103799716.html HTTP/1.1" 500 - "-" "Mozilla/5.0 (compatible; SemrushBot/7~bl; +http://www.semrush.com/bot.html)" "mantech8.com"
185.191.171.34 - - [16/Sep/2022:15:05:41 -0700] "GET /?camp-fire%2F39838817.html HTTP/1.1" 500 - "-" "Mozilla/5.0 (compatible; SemrushBot/7~bl; +http://www.semrush.com/bot.html)" "mantech8.com"
185.191.171.18 - - [16/Sep/2022:15:05:50 -0700] "GET /?camp-fire%2F27112863.html HTTP/1.1" 500 - "-" "Mozilla/5.0 (compatible; SemrushBot/7~bl; +http://www.semrush.com/bot.html)" "mantech8.com"
185.191.171.40 - - [16/Sep/2022:15:06:07 -0700] "GET /?camp-fire%2F26797521.html HTTP/1.1" 500 - "-" "Mozilla/5.0 (compatible; SemrushBot/7~bl; +http://www.semrush.com/bot.html)" "mantech8.com"
207.46.13.23 - - [16/Sep/2022:15:06:08 -0700] "GET /index.php?sitemap66.xml HTTP/1.1" 200 299368 "-" "Mozilla/5.0 (compatible; bingbot/2.0; +http://www.bing.com/bingbot.htm)" "mantech8.com"
114.119.133.182 - - [16/Sep/2022:15:06:22 -0700] "GET /index.php/sitemap-index-10.xml HTTP/1.1" 200 4556 "-" "Mozilla/5.0 (compatible;PetalBot;+https://webmaster.petalsearch.com/site/petalbot)" "mantech8.com"
185.191.171.10 - - [16/Sep/2022:15:06:33 -0700] "GET /?camp-fire%2F79685730.html HTTP/1.1" 500 - "-" "Mozilla/5.0 (compatible; SemrushBot/7~bl; +http://www.semrush.com/bot.html)" "mantech8.com"
185.191.171.33 - - [16/Sep/2022:15:07:19 -0700] "GET /?camp-fire%2F24311750.html HTTP/1.1" 500 - "-" "Mozilla/5.0 (compatible; SemrushBot/7~bl; +http://www.semrush.com/bot.html)" "mantech8.com"
185.191.171.35 - - [16/Sep/2022:15:07:36 -0700] "GET /?camp-fire%2F24681730.html HTTP/1.1" 500 - "-" "Mozilla/5.0 (compatible; SemrushBot/7~bl; +http://www.semrush.com/bot.html)" "mantech8.com"
185.191.171.24 - - [16/Sep/2022:15:08:33 -0700] "GET /?camp-fire%2F27531983.html HTTP/1.1" 500 - "-" "Mozilla/5.0 (compatible; SemrushBot/7~bl; +http://www.semrush.com/bot.html)" "mantech8.com"
157.55.39.103 - - [16/Sep/2022:15:08:36 -0700] "GET /index.php/kujienavaca.xml HTTP/1.1" 200 249784 "-" "Mozilla/5.0 (compatible; bingbot/2.0; +http://www.bing.com/bingbot.htm)" "mantech8.com"
207.46.13.23 - - [16/Sep/2022:15:09:08 -0700] "GET /?sitemap995.xml HTTP/1.1" 200 313202 "-" "Mozilla/5.0 (compatible; bingbot/2.0; +http://www.bing.com/bingbot.htm)" "mantech8.com"
157.55.39.86 - - [16/Sep/2022:15:09:35 -0700] "GET /index.php?sitemap7789.xml HTTP/1.1" 200 248670 "-" "Mozilla/5.0 (compatible; bingbot/2.0; +http://www.bing.com/bingbot.htm)" "mantech8.com"
216.244.66.241 - - [16/Sep/2022:15:09:37 -0700] "GET /robots.txt HTTP/1.1" 200 26464 "-" "Mozilla/5.0 (compatible; DotBot/1.2; +https://opensiteexplorer.org/dotbot; help@moz.com)" "mantech8.com"
216.244.66.241 - - [16/Sep/2022:15:09:37 -0700] "GET /robots.txt HTTP/1.1" 200 26464 "-" "Mozilla/5.0 (compatible; DotBot/1.2; +https://opensiteexplorer.org/dotbot; help@moz.com)" "www.mantech8.com"
40.77.167.27 - - [16/Sep/2022:15:10:17 -0700] "GET /index.php?sitemap429.xml HTTP/1.1" 200 288198 "-" "Mozilla/5.0 AppleWebKit/537.36 (KHTML, like Gecko; compatible; bingbot/2.0; +http://www.bing.com/bingbot.htm) Chrome/103.0.5060.134 Safari/537.36" "mantech8.com"
185.191.171.1 - - [16/Sep/2022:15:10:55 -0700] "GET /?camp-fire%2F41627150.html HTTP/1.1" 500 - "-" "Mozilla/5.0 (compatible; SemrushBot/7~bl; +http://www.semrush.com/bot.html)" "mantech8.com"
40.77.167.27 - - [16/Sep/2022:15:11:16 -0700] "GET /index.php/sitemap7953.xml HTTP/1.1" 200 277742 "-" "Mozilla/5.0 (compatible; bingbot/2.0; +http://www.bing.com/bingbot.htm)" "mantech8.com"
185.191.171.43 - - [16/Sep/2022:15:11:52 -0700] "GET /?camp-fire%2F4457198.html HTTP/1.1" 500 - "-" "Mozilla/5.0 (compatible; SemrushBot/7~bl; +http://www.semrush.com/bot.html)" "mantech8.com"
185.191.171.11 - - [16/Sep/2022:15:11:55 -0700] "GET /?camp-fire%2F41799103.html HTTP/1.1" 500 - "-" "Mozilla/5.0 (compatible; SemrushBot/7~bl; +http://www.semrush.com/bot.html)" "mantech8.com"
185.191.171.7 - - [16/Sep/2022:15:11:58 -0700] "GET /?camp-fire%2F25208933.html HTTP/1.1" 500 - "-" "Mozilla/5.0 (compatible; SemrushBot/7~bl; +http://www.semrush.com/bot.html)" "mantech8.com"
