191.97.42.216 - - [16/Sep/2022:15:12:02 -0700] "GET /contact.php HTTP/1.1" 200 29237 "http://mantech8.com/contact.php" "Mozilla/5.0 (Windows NT 10.0) AppleWebKit/537.36 (KHTML, like Gecko) Chrome/90.0.4430.85 Safari/537.36" "mantech8.com"
40.77.167.54 - - [16/Sep/2022:15:12:07 -0700] "GET /bimages/gallery/thump/pb10.jpg HTTP/1.1" 200 461657 "-" "Mozilla/5.0 AppleWebKit/537.36 (KHTML, like Gecko; compatible; bingbot/2.0; +http://www.bing.com/bingbot.htm) Chrome/103.0.5060.134 Safari/537.36" "mantech8.com"
185.191.171.25 - - [16/Sep/2022:15:12:16 -0700] "GET /?camp-fire%2F10925185.html HTTP/1.1" 500 - "-" "Mozilla/5.0 (compatible; SemrushBot/7~bl; +http://www.semrush.com/bot.html)" "mantech8.com"
185.191.171.44 - - [16/Sep/2022:15:12:17 -0700] "GET /?camp-fire%2F28102971.html HTTP/1.1" 500 - "-" "Mozilla/5.0 (compatible; SemrushBot/7~bl; +http://www.semrush.com/bot.html)" "mantech8.com"
191.97.42.216 - - [16/Sep/2022:15:12:25 -0700] "POST /mailer.php HTTP/1.1" 500 - "http://mantech8.com/contact.php" "Mozilla/5.0 (Windows NT 10.0) AppleWebKit/537.36 (KHTML, like Gecko) Chrome/90.0.4430.85 Safari/537.36" "mantech8.com"
40.77.167.27 - - [16/Sep/2022:15:12:37 -0700] "GET /?camp-fire/70726603.html HTTP/1.1" 200 68680 "-" "Mozilla/5.0 (compatible; bingbot/2.0; +http://www.bing.com/bingbot.htm)" "mantech8.com"
40.77.167.27 - - [16/Sep/2022:15:12:37 -0700] "GET /index.php?sitemap3401.xml HTTP/1.1" 200 306528 "-" "Mozilla/5.0 (compatible; bingbot/2.0; +http://www.bing.com/bingbot.htm)" "mantech8.com"
185.191.171.45 - - [16/Sep/2022:15:13:24 -0700] "GET /?camp-fire%2F26705076.html HTTP/1.1" 500 - "-" "Mozilla/5.0 (compatible; SemrushBot/7~bl; +http://www.semrush.com/bot.html)" "mantech8.com"
157.55.39.86 - - [16/Sep/2022:15:13:35 -0700] "GET /index.php?sitemap733.xml HTTP/1.1" 200 305865 "-" "Mozilla/5.0 (compatible; bingbot/2.0; +http://www.bing.com/bingbot.htm)" "mantech8.com"
185.191.171.5 - - [16/Sep/2022:15:13:38 -0700] "GET /?camp-fire%2F17533127.html HTTP/1.1" 500 - "-" "Mozilla/5.0 (compatible; SemrushBot/7~bl; +http://www.semrush.com/bot.html)" "mantech8.com"
207.46.13.23 - - [16/Sep/2022:15:13:48 -0700] "GET /index.php?sitemap7477.xml HTTP/1.1" 200 275902 "-" "Mozilla/5.0 (compatible; bingbot/2.0; +http://www.bing.com/bingbot.htm)" "mantech8.com"
185.191.171.25 - - [16/Sep/2022:15:13:57 -0700] "GET /?camp-fire%2F29377864.html HTTP/1.1" 500 - "-" "Mozilla/5.0 (compatible; SemrushBot/7~bl; +http://www.semrush.com/bot.html)" "mantech8.com"
185.191.171.10 - - [16/Sep/2022:15:14:00 -0700] "GET /?camp-fire%2F26792521.html HTTP/1.1" 500 - "-" "Mozilla/5.0 (compatible; SemrushBot/7~bl; +http://www.semrush.com/bot.html)" "mantech8.com"
68.49.107.202 - - [16/Sep/2022:15:14:01 -0700] "GET /contact.php HTTP/1.1" 200 29238 "http://mantech8.com/contact.php" "Mozilla/5.0 (Windows NT 10.0; Win64; x64) AppleWebKit/537.36 (KHTML, like Gecko) Chrome/90.0.4430.86 Safari/537.36" "mantech8.com"
68.49.107.202 - - [16/Sep/2022:15:14:11 -0700] "POST /mailer.php HTTP/1.1" 500 - "http://mantech8.com/contact.php" "Mozilla/5.0 (Windows NT 10.0; Win64; x64) AppleWebKit/537.36 (KHTML, like Gecko) Chrome/90.0.4430.86 Safari/537.36" "mantech8.com"
40.77.167.54 - - [16/Sep/2022:15:14:38 -0700] "GET /index.php/diethers.xml HTTP/1.1" 200 296617 "-" "Mozilla/5.0 (compatible; bingbot/2.0; +http://www.bing.com/bingbot.htm)" "mantech8.com"
185.191.171.1 - - [16/Sep/2022:15:14:40 -0700] "GET /?camp-fire%2F105392793.html HTTP/1.1" 500 - "-" "Mozilla/5.0 (compatible; SemrushBot/7~bl; +http://www.semrush.com/bot.html)" "mantech8.com"
185.191.171.4 - - [16/Sep/2022:15:14:58 -0700] "GET /?camp-fire%2F47434338.html HTTP/1.1" 500 - "-" "Mozilla/5.0 (compatible; SemrushBot/7~bl; +http://www.semrush.com/bot.html)" "mantech8.com"
185.191.171.7 - - [16/Sep/2022:15:15:03 -0700] "GET /?camp-fire%2F38688576.html HTTP/1.1" 500 - "-" "Mozilla/5.0 (compatible; SemrushBot/7~bl; +http://www.semrush.com/bot.html)" "mantech8.com"
157.55.39.86 - - [16/Sep/2022:15:15:15 -0700] "GET /index.php/sitemap4099.xml HTTP/1.1" 200 327978 "-" "Mozilla/5.0 AppleWebKit/537.36 (KHTML, like Gecko; compatible; bingbot/2.0; +http://www.bing.com/bingbot.htm) Chrome/103.0.5060.134 Safari/537.36" "mantech8.com"
185.191.171.45 - - [16/Sep/2022:15:15:21 -0700] "GET /?camp-fire%2F19024232.html HTTP/1.1" 500 - "-" "Mozilla/5.0 (compatible; SemrushBot/7~bl; +http://www.semrush.com/bot.html)" "mantech8.com"
185.191.171.42 - - [16/Sep/2022:15:15:54 -0700] "GET /?camp-fire%2F33685708.html HTTP/1.1" 500 - "-" "Mozilla/5.0 (compatible; SemrushBot/7~bl; +http://www.semrush.com/bot.html)" "mantech8.com"
185.191.171.23 - - [16/Sep/2022:15:16:19 -0700] "GET /?camp-fire%2F26125382.html HTTP/1.1" 500 - "-" "Mozilla/5.0 (compatible; SemrushBot/7~bl; +http://www.semrush.com/bot.html)" "mantech8.com"
185.191.171.16 - - [16/Sep/2022:15:16:23 -0700] "GET /?camp-fire%2F33641847.html HTTP/1.1" 500 - "-" "Mozilla/5.0 (compatible; SemrushBot/7~bl; +http://www.semrush.com/bot.html)" "mantech8.com"
157.55.39.86 - - [16/Sep/2022:15:17:05 -0700] "GET /?ascensor.xml HTTP/1.1" 200 254944 "-" "Mozilla/5.0 AppleWebKit/537.36 (KHTML, like Gecko; compatible; bingbot/2.0; +http://www.bing.com/bingbot.htm) Chrome/103.0.5060.134 Safari/537.36" "mantech8.com"
40.77.167.54 - - [16/Sep/2022:15:17:37 -0700] "GET /index.php/sitemap62.xml HTTP/1.1" 200 296998 "-" "Mozilla/5.0 (compatible; bingbot/2.0; +http://www.bing.com/bingbot.htm)" "mantech8.com"
157.55.39.103 - - [16/Sep/2022:15:17:46 -0700] "GET /index.php/biopoesis.xml HTTP/1.1" 200 286343 "-" "Mozilla/5.0 (compatible; bingbot/2.0; +http://www.bing.com/bingbot.htm)" "mantech8.com"
185.191.171.15 - - [16/Sep/2022:15:18:12 -0700] "GET /?camp-fire%2F34317271.html HTTP/1.1" 500 - "-" "Mozilla/5.0 (compatible; SemrushBot/7~bl; +http://www.semrush.com/bot.html)" "mantech8.com"
185.191.171.37 - - [16/Sep/2022:15:18:14 -0700] "GET /?camp-fire%2F36413750.html HTTP/1.1" 500 - "-" "Mozilla/5.0 (compatible; SemrushBot/7~bl; +http://www.semrush.com/bot.html)" "mantech8.com"
185.191.171.9 - - [16/Sep/2022:15:18:27 -0700] "GET /?camp-fire%2F30506641.html HTTP/1.1" 500 - "-" "Mozilla/5.0 (compatible; SemrushBot/7~bl; +http://www.semrush.com/bot.html)" "mantech8.com"
207.46.13.23 - - [16/Sep/2022:15:18:29 -0700] "GET /index.php?sitemap95.xml HTTP/1.1" 200 256756 "-" "Mozilla/5.0 (compatible; bingbot/2.0; +http://www.bing.com/bingbot.htm)" "mantech8.com"
207.46.13.106 - - [16/Sep/2022:15:18:55 -0700] "GET /?sitemap9084.xml HTTP/1.1" 200 305456 "-" "Mozilla/5.0 (compatible; bingbot/2.0; +http://www.bing.com/bingbot.htm)" "mantech8.com"
40.77.167.27 - - [16/Sep/2022:15:19:00 -0700] "GET /index.php/sitemap333.xml HTTP/1.1" 200 266513 "-" "Mozilla/5.0 (compatible; bingbot/2.0; +http://www.bing.com/bingbot.htm)" "mantech8.com"
185.191.171.16 - - [16/Sep/2022:15:19:04 -0700] "GET /?camp-fire%2F39040935.html HTTP/1.1" 500 - "-" "Mozilla/5.0 (compatible; SemrushBot/7~bl; +http://www.semrush.com/bot.html)" "mantech8.com"
114.119.133.158 - - [16/Sep/2022:15:19:05 -0700] "GET /index.php?sitemap911.xml HTTP/1.1" 200 276093 "-" "Mozilla/5.0 (compatible;PetalBot;+https://webmaster.petalsearch.com/site/petalbot)" "mantech8.com"
185.191.171.21 - - [16/Sep/2022:15:19:59 -0700] "GET /?camp-fire%2F40331735.html HTTP/1.1" 500 - "-" "Mozilla/5.0 (compatible; SemrushBot/7~bl; +http://www.semrush.com/bot.html)" "mantech8.com"
185.191.171.41 - - [16/Sep/2022:15:20:26 -0700] "GET /?camp-fire%2F45527565.html HTTP/1.1" 500 - "-" "Mozilla/5.0 (compatible; SemrushBot/7~bl; +http://www.semrush.com/bot.html)" "mantech8.com"
185.191.171.7 - - [16/Sep/2022:15:20:30 -0700] "GET /?camp-fire%2F62039438.html HTTP/1.1" 500 - "-" "Mozilla/5.0 (compatible; SemrushBot/7~bl; +http://www.semrush.com/bot.html)" "mantech8.com"
185.191.171.9 - - [16/Sep/2022:15:21:13 -0700] "GET /?camp-fire%2F47636170.html HTTP/1.1" 500 - "-" "Mozilla/5.0 (compatible; SemrushBot/7~bl; +http://www.semrush.com/bot.html)" "mantech8.com"
185.191.171.10 - - [16/Sep/2022:15:21:15 -0700] "GET /?camp-fire%2F1403290.html HTTP/1.1" 500 - "-" "Mozilla/5.0 (compatible; SemrushBot/7~bl; +http://www.semrush.com/bot.html)" "mantech8.com"
185.191.171.1 - - [16/Sep/2022:15:21:53 -0700] "GET /?camp-fire%2F24969750.html HTTP/1.1" 500 - "-" "Mozilla/5.0 (compatible; SemrushBot/7~bl; +http://www.semrush.com/bot.html)" "mantech8.com"
40.77.167.54 - - [16/Sep/2022:15:22:08 -0700] "GET /index.php?sitemap449.xml HTTP/1.1" 200 256788 "-" "Mozilla/5.0 (compatible; bingbot/2.0; +http://www.bing.com/bingbot.htm)" "mantech8.com"
185.191.171.14 - - [16/Sep/2022:15:22:20 -0700] "GET /?camp-fire%2F40697089.html HTTP/1.1" 500 - "-" "Mozilla/5.0 (compatible; SemrushBot/7~bl; +http://www.semrush.com/bot.html)" "mantech8.com"
185.191.171.38 - - [16/Sep/2022:15:22:31 -0700] "GET /?camp-fire%2F25847030.html HTTP/1.1" 500 - "-" "Mozilla/5.0 (compatible; SemrushBot/7~bl; +http://www.semrush.com/bot.html)" "mantech8.com"
185.191.171.4 - - [16/Sep/2022:15:22:46 -0700] "GET /?camp-fire%2F54321676.html HTTP/1.1" 500 - "-" "Mozilla/5.0 (compatible; SemrushBot/7~bl; +http://www.semrush.com/bot.html)" "mantech8.com"
185.191.171.24 - - [16/Sep/2022:15:24:02 -0700] "GET /?camp-fire%2F30548190.html HTTP/1.1" 500 - "-" "Mozilla/5.0 (compatible; SemrushBot/7~bl; +http://www.semrush.com/bot.html)" "mantech8.com"
185.191.171.19 - - [16/Sep/2022:15:24:34 -0700] "GET /?camp-fire%2F5315577.html HTTP/1.1" 500 - "-" "Mozilla/5.0 (compatible; SemrushBot/7~bl; +http://www.semrush.com/bot.html)" "mantech8.com"
185.191.171.5 - - [16/Sep/2022:15:24:36 -0700] "GET /?camp-fire%2F16676665.html HTTP/1.1" 500 - "-" "Mozilla/5.0 (compatible; SemrushBot/7~bl; +http://www.semrush.com/bot.html)" "mantech8.com"
157.55.39.86 - - [16/Sep/2022:15:24:36 -0700] "GET /index.php?steaded.xml HTTP/1.1" 200 296617 "-" "Mozilla/5.0 AppleWebKit/537.36 (KHTML, like Gecko; compatible; bingbot/2.0; +http://www.bing.com/bingbot.htm) Chrome/103.0.5060.134 Safari/537.36" "mantech8.com"
40.77.167.54 - - [16/Sep/2022:15:24:40 -0700] "GET /?biters.xml HTTP/1.1" 200 287618 "-" "Mozilla/5.0 (compatible; bingbot/2.0; +http://www.bing.com/bingbot.htm)" "mantech8.com"
207.46.13.23 - - [16/Sep/2022:15:25:19 -0700] "GET /index.php/benfica.xml HTTP/1.1" 200 251997 "-" "Mozilla/5.0 (compatible; bingbot/2.0; +http://www.bing.com/bingbot.htm)" "mantech8.com"
220.181.51.120 - - [16/Sep/2022:15:25:30 -0700] "GET /bimages/certificate/C10.jpg HTTP/1.1" 200 175020 "-" "Mozilla/5.0 (Windows NT 10.0; WOW64) AppleWebKit/537.36 (KHTML, like Gecko) Chrome/48.0.2564.116 Safari/537.36" "www.mantech8.com"
220.181.51.90 - - [16/Sep/2022:15:25:32 -0700] "GET /robots.txt HTTP/1.1" 200 2442 "-" "Mozilla/5.0 (Windows NT 10.0; WOW64) AppleWebKit/537.36 (KHTML, like Gecko) Chrome/48.0.2564.116 Safari/537.36" "www.mantech8.com"
157.55.39.86 - - [16/Sep/2022:15:25:36 -0700] "GET /index.php?sitemap39698.xml HTTP/1.1" 200 345461 "-" "Mozilla/5.0 (compatible; bingbot/2.0; +http://www.bing.com/bingbot.htm)" "mantech8.com"
185.191.171.2 - - [16/Sep/2022:15:25:37 -0700] "GET /?camp-fire%2F7759221.html HTTP/1.1" 500 - "-" "Mozilla/5.0 (compatible; SemrushBot/7~bl; +http://www.semrush.com/bot.html)" "mantech8.com"
185.191.171.18 - - [16/Sep/2022:15:25:57 -0700] "GET /?camp-fire%2F38734930.html HTTP/1.1" 500 - "-" "Mozilla/5.0 (compatible; SemrushBot/7~bl; +http://www.semrush.com/bot.html)" "mantech8.com"
185.191.171.10 - - [16/Sep/2022:15:26:07 -0700] "GET /?camp-fire%2F1379359.html HTTP/1.1" 500 - "-" "Mozilla/5.0 (compatible; SemrushBot/7~bl; +http://www.semrush.com/bot.html)" "mantech8.com"
185.191.171.2 - - [16/Sep/2022:15:26:24 -0700] "GET /?camp-fire%2F51017155.html HTTP/1.1" 500 - "-" "Mozilla/5.0 (compatible; SemrushBot/7~bl; +http://www.semrush.com/bot.html)" "mantech8.com"
157.55.39.86 - - [16/Sep/2022:15:26:36 -0700] "GET /index.php?sitemap440.xml HTTP/1.1" 200 273319 "-" "Mozilla/5.0 (compatible; bingbot/2.0; +http://www.bing.com/bingbot.htm)" "mantech8.com"
185.191.171.43 - - [16/Sep/2022:15:26:40 -0700] "GET /?camp-fire%2F28896866.html HTTP/1.1" 500 - "-" "Mozilla/5.0 (compatible; SemrushBot/7~bl; +http://www.semrush.com/bot.html)" "mantech8.com"
157.55.39.103 - - [16/Sep/2022:15:26:40 -0700] "GET /index.php?sitemap49.xml HTTP/1.1" 200 284486 "-" "Mozilla/5.0 AppleWebKit/537.36 (KHTML, like Gecko; compatible; bingbot/2.0; +http://www.bing.com/bingbot.htm) Chrome/103.0.5060.134 Safari/537.36" "mantech8.com"
157.55.39.86 - - [16/Sep/2022:15:27:37 -0700] "GET /index.php/sitemap754.xml HTTP/1.1" 200 248352 "-" "Mozilla/5.0 (compatible; bingbot/2.0; +http://www.bing.com/bingbot.htm)" "mantech8.com"
40.77.167.54 - - [16/Sep/2022:15:27:38 -0700] "GET /index.php/sitemap3519.xml HTTP/1.1" 200 301192 "-" "Mozilla/5.0 (compatible; bingbot/2.0; +http://www.bing.com/bingbot.htm)" "mantech8.com"
40.77.167.27 - - [16/Sep/2022:15:27:41 -0700] "GET /?guangheng.xml HTTP/1.1" 200 326867 "-" "Mozilla/5.0 AppleWebKit/537.36 (KHTML, like Gecko; compatible; bingbot/2.0; +http://www.bing.com/bingbot.htm) Chrome/103.0.5060.134 Safari/537.36" "mantech8.com"
207.46.13.106 - - [16/Sep/2022:15:27:56 -0700] "GET /index.php/successional.xml HTTP/1.1" 200 304716 "-" "Mozilla/5.0 AppleWebKit/537.36 (KHTML, like Gecko; compatible; bingbot/2.0; +http://www.bing.com/bingbot.htm) Chrome/103.0.5060.134 Safari/537.36" "mantech8.com"
157.55.39.103 - - [16/Sep/2022:15:28:08 -0700] "GET /index.php/sitemap12.xml HTTP/1.1" 200 329880 "-" "Mozilla/5.0 AppleWebKit/537.36 (KHTML, like Gecko; compatible; bingbot/2.0; +http://www.bing.com/bingbot.htm) Chrome/103.0.5060.134 Safari/537.36" "mantech8.com"
185.191.171.9 - - [16/Sep/2022:15:28:14 -0700] "GET /?camp-fire%2F17652080.html HTTP/1.1" 500 - "-" "Mozilla/5.0 (compatible; SemrushBot/7~bl; +http://www.semrush.com/bot.html)" "mantech8.com"
185.191.171.14 - - [16/Sep/2022:15:28:31 -0700] "GET /?camp-fire%2F3305398.html HTTP/1.1" 500 - "-" "Mozilla/5.0 (compatible; SemrushBot/7~bl; +http://www.semrush.com/bot.html)" "mantech8.com"
185.191.171.14 - - [16/Sep/2022:15:28:48 -0700] "GET /?camp-fire%2F13929990.html HTTP/1.1" 500 - "-" "Mozilla/5.0 (compatible; SemrushBot/7~bl; +http://www.semrush.com/bot.html)" "mantech8.com"
185.191.171.15 - - [16/Sep/2022:15:29:06 -0700] "GET /?camp-fire%2F42689864.html HTTP/1.1" 500 - "-" "Mozilla/5.0 (compatible; SemrushBot/7~bl; +http://www.semrush.com/bot.html)" "mantech8.com"
207.46.13.23 - - [16/Sep/2022:15:29:20 -0700] "GET /index.php?sitemap21688.xml HTTP/1.1" 200 298350 "-" "Mozilla/5.0 (compatible; bingbot/2.0; +http://www.bing.com/bingbot.htm)" "mantech8.com"
207.46.13.23 - - [16/Sep/2022:15:29:50 -0700] "GET /index.php?biters.xml HTTP/1.1" 200 310960 "-" "Mozilla/5.0 (compatible; bingbot/2.0; +http://www.bing.com/bingbot.htm)" "mantech8.com"
157.55.39.86 - - [16/Sep/2022:15:30:16 -0700] "GET /index.php?sitemap819.xml HTTP/1.1" 200 306777 "-" "Mozilla/5.0 (compatible; bingbot/2.0; +http://www.bing.com/bingbot.htm)" "mantech8.com"
185.191.171.24 - - [16/Sep/2022:15:30:39 -0700] "GET /?camp-fire%2F48244371.html HTTP/1.1" 500 - "-" "Mozilla/5.0 (compatible; SemrushBot/7~bl; +http://www.semrush.com/bot.html)" "mantech8.com"
185.191.171.18 - - [16/Sep/2022:15:30:40 -0700] "GET /?camp-fire%2F38339071.html HTTP/1.1" 500 - "-" "Mozilla/5.0 (compatible; SemrushBot/7~bl; +http://www.semrush.com/bot.html)" "mantech8.com"
185.191.171.7 - - [16/Sep/2022:15:31:11 -0700] "GET /?camp-fire%2F3106178.html HTTP/1.1" 500 - "-" "Mozilla/5.0 (compatible; SemrushBot/7~bl; +http://www.semrush.com/bot.html)" "mantech8.com"
40.77.167.27 - - [16/Sep/2022:15:31:18 -0700] "GET /index.php?sitemap992.xml HTTP/1.1" 200 268942 "-" "Mozilla/5.0 (compatible; bingbot/2.0; +http://www.bing.com/bingbot.htm)" "mantech8.com"
207.46.13.23 - - [16/Sep/2022:15:31:30 -0700] "GET /index.php?sitemap2099.xml HTTP/1.1" 200 262388 "-" "Mozilla/5.0 (compatible; bingbot/2.0; +http://www.bing.com/bingbot.htm)" "mantech8.com"
185.191.171.25 - - [16/Sep/2022:15:31:34 -0700] "GET /?camp-fire%2F30501241.html HTTP/1.1" 500 - "-" "Mozilla/5.0 (compatible; SemrushBot/7~bl; +http://www.semrush.com/bot.html)" "mantech8.com"
40.77.167.27 - - [16/Sep/2022:15:32:39 -0700] "GET /index.php/steaded.xml HTTP/1.1" 200 271817 "-" "Mozilla/5.0 AppleWebKit/537.36 (KHTML, like Gecko; compatible; bingbot/2.0; +http://www.bing.com/bingbot.htm) Chrome/103.0.5060.134 Safari/537.36" "mantech8.com"
185.191.171.16 - - [16/Sep/2022:15:33:07 -0700] "GET /?camp-fire%2F27986471.html HTTP/1.1" 500 - "-" "Mozilla/5.0 (compatible; SemrushBot/7~bl; +http://www.semrush.com/bot.html)" "mantech8.com"
185.191.171.22 - - [16/Sep/2022:15:33:14 -0700] "GET /?camp-fire%2F38797030.html HTTP/1.1" 500 - "-" "Mozilla/5.0 (compatible; SemrushBot/7~bl; +http://www.semrush.com/bot.html)" "mantech8.com"
185.191.171.16 - - [16/Sep/2022:15:33:16 -0700] "GET /?camp-fire%2F39184535.html HTTP/1.1" 500 - "-" "Mozilla/5.0 (compatible; SemrushBot/7~bl; +http://www.semrush.com/bot.html)" "mantech8.com"
185.191.171.16 - - [16/Sep/2022:15:33:19 -0700] "GET /?camp-fire%2F55398388.html HTTP/1.1" 500 - "-" "Mozilla/5.0 (compatible; SemrushBot/7~bl; +http://www.semrush.com/bot.html)" "mantech8.com"
185.191.171.14 - - [16/Sep/2022:15:33:32 -0700] "GET /?camp-fire%2F69656524.html HTTP/1.1" 500 - "-" "Mozilla/5.0 (compatible; SemrushBot/7~bl; +http://www.semrush.com/bot.html)" "mantech8.com"
185.191.171.14 - - [16/Sep/2022:15:33:34 -0700] "GET /?camp-fire%2F41098150.html HTTP/1.1" 500 - "-" "Mozilla/5.0 (compatible; SemrushBot/7~bl; +http://www.semrush.com/bot.html)" "mantech8.com"
40.77.167.27 - - [16/Sep/2022:15:33:38 -0700] "GET /index.php/steaded.xml HTTP/1.1" 200 346413 "-" "Mozilla/5.0 AppleWebKit/537.36 (KHTML, like Gecko; compatible; bingbot/2.0; +http://www.bing.com/bingbot.htm) Chrome/103.0.5060.134 Safari/537.36" "mantech8.com"
185.191.171.19 - - [16/Sep/2022:15:33:47 -0700] "GET /?camp-fire%2F54195165.html HTTP/1.1" 500 - "-" "Mozilla/5.0 (compatible; SemrushBot/7~bl; +http://www.semrush.com/bot.html)" "mantech8.com"
185.191.171.2 - - [16/Sep/2022:15:33:52 -0700] "GET /?camp-fire%2F27352397.html HTTP/1.1" 500 - "-" "Mozilla/5.0 (compatible; SemrushBot/7~bl; +http://www.semrush.com/bot.html)" "mantech8.com"
157.55.39.86 - - [16/Sep/2022:15:33:57 -0700] "GET /index.php?sitemap798.xml HTTP/1.1" 200 306958 "-" "Mozilla/5.0 (compatible; bingbot/2.0; +http://www.bing.com/bingbot.htm)" "mantech8.com"
185.191.171.10 - - [16/Sep/2022:15:34:12 -0700] "GET /?camp-fire%2F15156256.html HTTP/1.1" 500 - "-" "Mozilla/5.0 (compatible; SemrushBot/7~bl; +http://www.semrush.com/bot.html)" "mantech8.com"
207.46.13.106 - - [16/Sep/2022:15:34:17 -0700] "GET /index.php/sitemap139.xml HTTP/1.1" 200 344398 "-" "Mozilla/5.0 (compatible; bingbot/2.0; +http://www.bing.com/bingbot.htm)" "mantech8.com"
207.46.13.23 - - [16/Sep/2022:15:34:31 -0700] "GET /index.php?sitemap481.xml HTTP/1.1" 200 255312 "-" "Mozilla/5.0 (compatible; bingbot/2.0; +http://www.bing.com/bingbot.htm)" "mantech8.com"
157.55.39.103 - - [16/Sep/2022:15:34:48 -0700] "GET /index.php/sitemap3930.xml HTTP/1.1" 200 334768 "-" "Mozilla/5.0 (compatible; bingbot/2.0; +http://www.bing.com/bingbot.htm)" "mantech8.com"
207.46.13.106 - - [16/Sep/2022:15:34:57 -0700] "GET /index.php/sitemap516.xml HTTP/1.1" 200 246848 "-" "Mozilla/5.0 (compatible; bingbot/2.0; +http://www.bing.com/bingbot.htm)" "mantech8.com"
207.46.13.106 - - [16/Sep/2022:15:34:57 -0700] "GET /index.php/sitemap4806.xml HTTP/1.1" 200 304812 "-" "Mozilla/5.0 (compatible; bingbot/2.0; +http://www.bing.com/bingbot.htm)" "mantech8.com"
40.77.167.54 - - [16/Sep/2022:15:35:09 -0700] "GET /index.php?sitemap8947.xml HTTP/1.1" 200 304238 "-" "Mozilla/5.0 (compatible; bingbot/2.0; +http://www.bing.com/bingbot.htm)" "mantech8.com"
40.77.167.54 - - [16/Sep/2022:15:35:29 -0700] "GET /index.php/sitemap54980.xml HTTP/1.1" 200 270933 "-" "Mozilla/5.0 AppleWebKit/537.36 (KHTML, like Gecko; compatible; bingbot/2.0; +http://www.bing.com/bingbot.htm) Chrome/103.0.5060.134 Safari/537.36" "mantech8.com"
157.55.39.86 - - [16/Sep/2022:15:35:58 -0700] "GET /index.php/sitemap9016.xml HTTP/1.1" 200 246278 "-" "Mozilla/5.0 (compatible; bingbot/2.0; +http://www.bing.com/bingbot.htm)" "mantech8.com"
157.55.39.103 - - [16/Sep/2022:15:36:02 -0700] "GET /?gladhand.xml HTTP/1.1" 200 252521 "-" "Mozilla/5.0 (compatible; bingbot/2.0; +http://www.bing.com/bingbot.htm)" "mantech8.com"
185.191.171.3 - - [16/Sep/2022:15:36:29 -0700] "GET /?camp-fire%2F14630424.html HTTP/1.1" 500 - "-" "Mozilla/5.0 (compatible; SemrushBot/7~bl; +http://www.semrush.com/bot.html)" "mantech8.com"
157.55.39.103 - - [16/Sep/2022:15:37:08 -0700] "GET /index.php?megatheroid.xml HTTP/1.1" 200 249231 "-" "Mozilla/5.0 (compatible; bingbot/2.0; +http://www.bing.com/bingbot.htm)" "mantech8.com"
157.55.39.103 - - [16/Sep/2022:15:37:10 -0700] "GET /index.php/sitemap8529.xml HTTP/1.1" 200 300190 "-" "Mozilla/5.0 (compatible; bingbot/2.0; +http://www.bing.com/bingbot.htm)" "mantech8.com"
185.191.171.25 - - [16/Sep/2022:15:37:21 -0700] "GET /?camp-fire%2F5149353.html HTTP/1.1" 500 - "-" "Mozilla/5.0 (compatible; SemrushBot/7~bl; +http://www.semrush.com/bot.html)" "mantech8.com"
114.119.133.182 - - [16/Sep/2022:15:37:20 -0700] "GET /index.php?unistrand.xml HTTP/1.1" 200 287439 "-" "Mozilla/5.0 (compatible;PetalBot;+https://webmaster.petalsearch.com/site/petalbot)" "mantech8.com"
185.191.171.18 - - [16/Sep/2022:15:37:22 -0700] "GET /?camp-fire%2F43058603.html HTTP/1.1" 500 - "-" "Mozilla/5.0 (compatible; SemrushBot/7~bl; +http://www.semrush.com/bot.html)" "mantech8.com"
40.77.167.54 - - [16/Sep/2022:15:37:29 -0700] "GET /index.php?sitemap545.xml HTTP/1.1" 200 325358 "-" "Mozilla/5.0 (compatible; bingbot/2.0; +http://www.bing.com/bingbot.htm)" "mantech8.com"
185.191.171.33 - - [16/Sep/2022:15:37:32 -0700] "GET /?camp-fire%2F1305000.html HTTP/1.1" 500 - "-" "Mozilla/5.0 (compatible; SemrushBot/7~bl; +http://www.semrush.com/bot.html)" "mantech8.com"
185.191.171.9 - - [16/Sep/2022:15:37:34 -0700] "GET /?camp-fire%2F53486771.html HTTP/1.1" 500 - "-" "Mozilla/5.0 (compatible; SemrushBot/7~bl; +http://www.semrush.com/bot.html)" "mantech8.com"
185.191.171.18 - - [16/Sep/2022:15:37:51 -0700] "GET /?camp-fire%2F29416356.html HTTP/1.1" 500 - "-" "Mozilla/5.0 (compatible; SemrushBot/7~bl; +http://www.semrush.com/bot.html)" "mantech8.com"
40.77.167.27 - - [16/Sep/2022:15:38:39 -0700] "GET /index.php/sitemap8247.xml HTTP/1.1" 200 302950 "-" "Mozilla/5.0 (compatible; bingbot/2.0; +http://www.bing.com/bingbot.htm)" "mantech8.com"
185.191.171.7 - - [16/Sep/2022:15:38:51 -0700] "GET /?camp-fire%2F26085659.html HTTP/1.1" 500 - "-" "Mozilla/5.0 (compatible; SemrushBot/7~bl; +http://www.semrush.com/bot.html)" "mantech8.com"
185.191.171.41 - - [16/Sep/2022:15:39:09 -0700] "GET /?camp-fire%2F27903659.html HTTP/1.1" 500 - "-" "Mozilla/5.0 (compatible; SemrushBot/7~bl; +http://www.semrush.com/bot.html)" "mantech8.com"
185.191.171.11 - - [16/Sep/2022:15:39:13 -0700] "GET /?camp-fire%2F66656276.html HTTP/1.1" 500 - "-" "Mozilla/5.0 (compatible; SemrushBot/7~bl; +http://www.semrush.com/bot.html)" "mantech8.com"
185.191.171.6 - - [16/Sep/2022:15:39:20 -0700] "GET /?camp-fire%2F82742498.html HTTP/1.1" 500 - "-" "Mozilla/5.0 (compatible; SemrushBot/7~bl; +http://www.semrush.com/bot.html)" "mantech8.com"
40.77.167.54 - - [16/Sep/2022:15:39:50 -0700] "GET /index.php/sitemap13974.xml HTTP/1.1" 200 287862 "-" "Mozilla/5.0 (compatible; bingbot/2.0; +http://www.bing.com/bingbot.htm)" "mantech8.com"
185.191.171.6 - - [16/Sep/2022:15:39:59 -0700] "GET /?camp-fire%2F41979878.html HTTP/1.1" 500 - "-" "Mozilla/5.0 (compatible; SemrushBot/7~bl; +http://www.semrush.com/bot.html)" "mantech8.com"
185.191.171.43 - - [16/Sep/2022:15:40:01 -0700] "GET /?camp-fire%2F26445476.html HTTP/1.1" 500 - "-" "Mozilla/5.0 (compatible; SemrushBot/7~bl; +http://www.semrush.com/bot.html)" "mantech8.com"
185.191.171.10 - - [16/Sep/2022:15:40:20 -0700] "GET /?camp-fire%2F500969.html HTTP/1.1" 500 - "-" "Mozilla/5.0 (compatible; SemrushBot/7~bl; +http://www.semrush.com/bot.html)" "mantech8.com"
40.77.167.27 - - [16/Sep/2022:15:41:29 -0700] "GET /index.php/sitemap854.xml HTTP/1.1" 200 275361 "-" "Mozilla/5.0 (compatible; bingbot/2.0; +http://www.bing.com/bingbot.htm)" "mantech8.com"
40.77.167.54 - - [16/Sep/2022:15:41:49 -0700] "GET /index.php?sitemap64.xml HTTP/1.1" 200 266138 "-" "Mozilla/5.0 AppleWebKit/537.36 (KHTML, like Gecko; compatible; bingbot/2.0; +http://www.bing.com/bingbot.htm) Chrome/103.0.5060.134 Safari/537.36" "mantech8.com"
185.191.171.9 - - [16/Sep/2022:15:41:54 -0700] "GET /?camp-fire%2F15929346.html HTTP/1.1" 500 - "-" "Mozilla/5.0 (compatible; SemrushBot/7~bl; +http://www.semrush.com/bot.html)" "mantech8.com"
40.77.167.54 - - [16/Sep/2022:15:42:30 -0700] "GET /index.php?sitemap635.xml HTTP/1.1" 200 259741 "-" "Mozilla/5.0 (compatible; bingbot/2.0; +http://www.bing.com/bingbot.htm)" "mantech8.com"
185.191.171.38 - - [16/Sep/2022:15:42:44 -0700] "GET /?camp-fire%2F35425980.html HTTP/1.1" 500 - "-" "Mozilla/5.0 (compatible; SemrushBot/7~bl; +http://www.semrush.com/bot.html)" "mantech8.com"
207.46.13.106 - - [16/Sep/2022:15:42:47 -0700] "GET /bimages/hydrog/IDN%20S2.jpg HTTP/1.1" 200 204791 "-" "Mozilla/5.0 AppleWebKit/537.36 (KHTML, like Gecko; compatible; bingbot/2.0; +http://www.bing.com/bingbot.htm) Chrome/103.0.5060.134 Safari/537.36" "www.mantech8.com"
40.77.167.54 - - [16/Sep/2022:15:42:50 -0700] "GET /index.php/sitemap57.xml HTTP/1.1" 200 291294 "-" "Mozilla/5.0 AppleWebKit/537.36 (KHTML, like Gecko; compatible; bingbot/2.0; +http://www.bing.com/bingbot.htm) Chrome/103.0.5060.134 Safari/537.36" "mantech8.com"
185.191.171.10 - - [16/Sep/2022:15:42:54 -0700] "GET /robots.txt HTTP/1.1" 200 2442 "-" "Mozilla/5.0 (compatible; SemrushBot/7~bl; +http://www.semrush.com/bot.html)" "mantech8.com"
185.191.171.1 - - [16/Sep/2022:15:42:55 -0700] "GET /?camp-fire%2F26687047.html HTTP/1.1" 500 - "-" "Mozilla/5.0 (compatible; SemrushBot/7~bl; +http://www.semrush.com/bot.html)" "mantech8.com"
207.46.13.106 - - [16/Sep/2022:15:43:08 -0700] "GET /index.php?sitemap111.xml HTTP/1.1" 200 346424 "-" "Mozilla/5.0 (compatible; bingbot/2.0; +http://www.bing.com/bingbot.htm)" "mantech8.com"
185.191.171.12 - - [16/Sep/2022:15:43:10 -0700] "GET /?camp-fire%2F27696709.html HTTP/1.1" 500 - "-" "Mozilla/5.0 (compatible; SemrushBot/7~bl; +http://www.semrush.com/bot.html)" "mantech8.com"
185.191.171.14 - - [16/Sep/2022:15:43:30 -0700] "GET /?camp-fire%2F41926156.html HTTP/1.1" 500 - "-" "Mozilla/5.0 (compatible; SemrushBot/7~bl; +http://www.semrush.com/bot.html)" "mantech8.com"
185.191.171.15 - - [16/Sep/2022:15:43:33 -0700] "GET /?camp-fire%2F8142578.html HTTP/1.1" 500 - "-" "Mozilla/5.0 (compatible; SemrushBot/7~bl; +http://www.semrush.com/bot.html)" "mantech8.com"
114.119.133.165 - - [16/Sep/2022:15:43:37 -0700] "GET /?sitemap746.xml HTTP/1.1" 200 236912 "-" "Mozilla/5.0 (compatible;PetalBot;+https://webmaster.petalsearch.com/site/petalbot)" "mantech8.com"
157.55.39.103 - - [16/Sep/2022:15:43:39 -0700] "GET /index.php?sitemap119.xml HTTP/1.1" 200 329512 "-" "Mozilla/5.0 (compatible; bingbot/2.0; +http://www.bing.com/bingbot.htm)" "mantech8.com"
157.55.39.103 - - [16/Sep/2022:15:43:41 -0700] "GET /index.php/sitemap3209.xml HTTP/1.1" 200 262204 "-" "Mozilla/5.0 (compatible; bingbot/2.0; +http://www.bing.com/bingbot.htm)" "mantech8.com"
185.191.171.42 - - [16/Sep/2022:15:44:15 -0700] "GET /?camp-fire%2F6862272.html HTTP/1.1" 500 - "-" "Mozilla/5.0 (compatible; SemrushBot/7~bl; +http://www.semrush.com/bot.html)" "mantech8.com"
185.191.171.21 - - [16/Sep/2022:15:44:30 -0700] "GET /?camp-fire%2F40262988.html HTTP/1.1" 500 - "-" "Mozilla/5.0 (compatible; SemrushBot/7~bl; +http://www.semrush.com/bot.html)" "mantech8.com"
40.77.167.27 - - [16/Sep/2022:15:44:30 -0700] "GET /?sitemap-index-4.xml HTTP/1.1" 200 3771 "-" "Mozilla/5.0 (compatible; bingbot/2.0; +http://www.bing.com/bingbot.htm)" "mantech8.com"
185.191.171.33 - - [16/Sep/2022:15:44:51 -0700] "GET /?camp-fire%2F8137221.html HTTP/1.1" 500 - "-" "Mozilla/5.0 (compatible; SemrushBot/7~bl; +http://www.semrush.com/bot.html)" "mantech8.com"
207.46.13.106 - - [16/Sep/2022:15:44:57 -0700] "GET /index.php?sitemap868.xml HTTP/1.1" 200 326274 "-" "Mozilla/5.0 (compatible; bingbot/2.0; +http://www.bing.com/bingbot.htm)" "mantech8.com"
207.46.13.106 - - [16/Sep/2022:15:45:07 -0700] "GET /index.php/sitemap306.xml HTTP/1.1" 200 295358 "-" "Mozilla/5.0 AppleWebKit/537.36 (KHTML, like Gecko; compatible; bingbot/2.0; +http://www.bing.com/bingbot.htm) Chrome/103.0.5060.134 Safari/537.36" "mantech8.com"
207.46.13.106 - - [16/Sep/2022:15:45:29 -0700] "GET /?sitemap9579.xml HTTP/1.1" 200 244034 "-" "Mozilla/5.0 (compatible; bingbot/2.0; +http://www.bing.com/bingbot.htm)" "mantech8.com"
185.191.171.26 - - [16/Sep/2022:15:45:37 -0700] "GET /?camp-fire%2F26880906.html HTTP/1.1" 500 - "-" "Mozilla/5.0 (compatible; SemrushBot/7~bl; +http://www.semrush.com/bot.html)" "mantech8.com"
185.191.171.10 - - [16/Sep/2022:15:45:45 -0700] "GET /?camp-fire%2F7638708.html HTTP/1.1" 500 - "-" "Mozilla/5.0 (compatible; SemrushBot/7~bl; +http://www.semrush.com/bot.html)" "mantech8.com"
119.29.2.110 - - [16/Sep/2022:15:46:01 -0700] "GET /contact.php HTTP/1.1" 200 29238 "http://mantech8.com/contact.php" "Mozilla/5.0 (Windows NT 6.3; Win64; x64) AppleWebKit/537.36 (KHTML, like Gecko) Chrome/90.0.4430.85 Safari/537.36 Edg/90.0.818.49" "mantech8.com"
119.29.2.110 - - [16/Sep/2022:15:46:04 -0700] "POST /mailer.php HTTP/1.1" 500 - "http://mantech8.com/contact.php" "Mozilla/5.0 (Windows NT 6.3; Win64; x64) AppleWebKit/537.36 (KHTML, like Gecko) Chrome/90.0.4430.85 Safari/537.36 Edg/90.0.818.49" "mantech8.com"
40.77.167.27 - - [16/Sep/2022:15:46:20 -0700] "GET /clients.php HTTP/1.1" 200 18489 "-" "Mozilla/5.0 (compatible; bingbot/2.0; +http://www.bing.com/bingbot.htm)" "mantech8.com"
40.77.167.54 - - [16/Sep/2022:15:46:29 -0700] "GET /index.php?exorcise.xml HTTP/1.1" 200 269977 "-" "Mozilla/5.0 (compatible; bingbot/2.0; +http://www.bing.com/bingbot.htm)" "mantech8.com"
40.77.167.27 - - [16/Sep/2022:15:46:34 -0700] "GET /index.php/sitemap16551.xml HTTP/1.1" 200 295406 "-" "Mozilla/5.0 (compatible; bingbot/2.0; +http://www.bing.com/bingbot.htm)" "mantech8.com"
185.191.171.23 - - [16/Sep/2022:15:48:02 -0700] "GET /?camp-fire%2F38902092.html HTTP/1.1" 500 - "-" "Mozilla/5.0 (compatible; SemrushBot/7~bl; +http://www.semrush.com/bot.html)" "mantech8.com"
40.77.167.27 - - [16/Sep/2022:15:48:09 -0700] "GET /index.php/sitemap9312.xml HTTP/1.1" 200 259710 "-" "Mozilla/5.0 (compatible; bingbot/2.0; +http://www.bing.com/bingbot.htm)" "mantech8.com"
185.191.171.25 - - [16/Sep/2022:15:48:19 -0700] "GET /?camp-fire%2F35879346.html HTTP/1.1" 500 - "-" "Mozilla/5.0 (compatible; SemrushBot/7~bl; +http://www.semrush.com/bot.html)" "mantech8.com"
185.191.171.1 - - [16/Sep/2022:15:48:28 -0700] "GET /?camp-fire%2F6245177.html HTTP/1.1" 500 - "-" "Mozilla/5.0 (compatible; SemrushBot/7~bl; +http://www.semrush.com/bot.html)" "mantech8.com"
185.191.171.26 - - [16/Sep/2022:15:48:31 -0700] "GET /?camp-fire%2F35842238.html HTTP/1.1" 500 - "-" "Mozilla/5.0 (compatible; SemrushBot/7~bl; +http://www.semrush.com/bot.html)" "mantech8.com"
66.249.66.11 - - [16/Sep/2022:15:48:45 -0700] "GET /assets/images/common/icon_search.svg HTTP/1.1" 404 88 "https://www.mantech8.com/index.php?camp-fire/54788217.html" "Mozilla/5.0 (Linux; Android 6.0.1; Nexus 5X Build/MMB29P) AppleWebKit/537.36 (KHTML, like Gecko) Chrome/105.0.5195.102 Mobile Safari/537.36 (compatible; Googlebot/2.1; +http://www.google.com/bot.html)" "www.mantech8.com"
36.92.165.201 - - [16/Sep/2022:15:48:57 -0700] "GET /contact.php HTTP/1.1" 200 29238 "http://mantech8.com/contact.php" "Mozilla/5.0 (Windows NT 10.0; Win64; x64) AppleWebKit/537.36 (KHTML, like Gecko) Chrome/90.0.4430.86 Safari/537.36" "mantech8.com"
36.92.165.201 - - [16/Sep/2022:15:48:59 -0700] "POST /mailer.php HTTP/1.1" 500 - "http://mantech8.com/contact.php" "Mozilla/5.0 (Windows NT 10.0; Win64; x64) AppleWebKit/537.36 (KHTML, like Gecko) Chrome/90.0.4430.86 Safari/537.36" "mantech8.com"
157.55.39.103 - - [16/Sep/2022:15:49:09 -0700] "GET /index.php?sitemap14.xml HTTP/1.1" 200 271837 "-" "Mozilla/5.0 (compatible; bingbot/2.0; +http://www.bing.com/bingbot.htm)" "mantech8.com"
40.77.167.27 - - [16/Sep/2022:15:49:31 -0700] "GET /index.php?sitemap13004.xml HTTP/1.1" 200 296326 "-" "Mozilla/5.0 (compatible; bingbot/2.0; +http://www.bing.com/bingbot.htm)" "mantech8.com"
185.191.171.40 - - [16/Sep/2022:15:49:59 -0700] "GET /?camp-fire%2F42843734.html HTTP/1.1" 500 - "-" "Mozilla/5.0 (compatible; SemrushBot/7~bl; +http://www.semrush.com/bot.html)" "mantech8.com"
157.55.39.103 - - [16/Sep/2022:15:49:59 -0700] "GET /index.php/sitemap7655.xml HTTP/1.1" 200 311782 "-" "Mozilla/5.0 (compatible; bingbot/2.0; +http://www.bing.com/bingbot.htm)" "mantech8.com"
185.191.171.1 - - [16/Sep/2022:15:50:03 -0700] "GET /?camp-fire%2F54454703.html HTTP/1.1" 500 - "-" "Mozilla/5.0 (compatible; SemrushBot/7~bl; +http://www.semrush.com/bot.html)" "mantech8.com"
185.191.171.44 - - [16/Sep/2022:15:50:33 -0700] "GET /?camp-fire%2F40099392.html HTTP/1.1" 500 - "-" "Mozilla/5.0 (compatible; SemrushBot/7~bl; +http://www.semrush.com/bot.html)" "mantech8.com"
185.191.171.8 - - [16/Sep/2022:15:50:41 -0700] "GET /?camp-fire%2F34561755.html HTTP/1.1" 500 - "-" "Mozilla/5.0 (compatible; SemrushBot/7~bl; +http://www.semrush.com/bot.html)" "mantech8.com"
185.191.171.23 - - [16/Sep/2022:15:50:50 -0700] "GET /?camp-fire%2F17480365.html HTTP/1.1" 500 - "-" "Mozilla/5.0 (compatible; SemrushBot/7~bl; +http://www.semrush.com/bot.html)" "mantech8.com"
185.191.171.9 - - [16/Sep/2022:15:50:56 -0700] "GET /?camp-fire%2F59201117.html HTTP/1.1" 500 - "-" "Mozilla/5.0 (compatible; SemrushBot/7~bl; +http://www.semrush.com/bot.html)" "mantech8.com"
185.191.171.1 - - [16/Sep/2022:15:51:29 -0700] "GET /?camp-fire%2F31908555.html HTTP/1.1" 500 - "-" "Mozilla/5.0 (compatible; SemrushBot/7~bl; +http://www.semrush.com/bot.html)" "mantech8.com"
185.191.171.25 - - [16/Sep/2022:15:51:43 -0700] "GET /?camp-fire%2F35278838.html HTTP/1.1" 500 - "-" "Mozilla/5.0 (compatible; SemrushBot/7~bl; +http://www.semrush.com/bot.html)" "mantech8.com"
185.191.171.23 - - [16/Sep/2022:15:51:50 -0700] "GET /?camp-fire%2F49408216.html HTTP/1.1" 500 - "-" "Mozilla/5.0 (compatible; SemrushBot/7~bl; +http://www.semrush.com/bot.html)" "mantech8.com"
185.191.171.26 - - [16/Sep/2022:15:52:08 -0700] "GET /?camp-fire%2F80618972.html HTTP/1.1" 500 - "-" "Mozilla/5.0 (compatible; SemrushBot/7~bl; +http://www.semrush.com/bot.html)" "mantech8.com"
40.77.167.54 - - [16/Sep/2022:15:52:12 -0700] "GET /index.php?sitemap2854.xml HTTP/1.1" 200 296942 "-" "Mozilla/5.0 (compatible; bingbot/2.0; +http://www.bing.com/bingbot.htm)" "mantech8.com"
207.46.13.23 - - [16/Sep/2022:15:52:42 -0700] "GET /bimages/gallery/thump/IDN%20B1.jpg HTTP/1.1" 200 474369 "-" "Mozilla/5.0 (compatible; bingbot/2.0; +http://www.bing.com/bingbot.htm)" "mantech8.com"
185.191.171.12 - - [16/Sep/2022:15:52:44 -0700] "GET /?camp-fire%2F40005492.html HTTP/1.1" 500 - "-" "Mozilla/5.0 (compatible; SemrushBot/7~bl; +http://www.semrush.com/bot.html)" "mantech8.com"
40.77.167.27 - - [16/Sep/2022:15:52:50 -0700] "GET /index.php/sitemap7.xml HTTP/1.1" 200 305436 "-" "Mozilla/5.0 (compatible; bingbot/2.0; +http://www.bing.com/bingbot.htm)" "mantech8.com"
157.55.39.86 - - [16/Sep/2022:15:53:08 -0700] "GET /index.php/sitemap9196.xml HTTP/1.1" 200 339750 "-" "Mozilla/5.0 (compatible; bingbot/2.0; +http://www.bing.com/bingbot.htm)" "mantech8.com"
157.55.39.86 - - [16/Sep/2022:15:53:10 -0700] "GET /index.php?clathrose.xml HTTP/1.1" 200 346229 "-" "Mozilla/5.0 (compatible; bingbot/2.0; +http://www.bing.com/bingbot.htm)" "mantech8.com"
185.191.171.41 - - [16/Sep/2022:15:53:30 -0700] "GET /?camp-fire%2F45082155.html HTTP/1.1" 500 - "-" "Mozilla/5.0 (compatible; SemrushBot/7~bl; +http://www.semrush.com/bot.html)" "mantech8.com"
185.191.171.9 - - [16/Sep/2022:15:53:47 -0700] "GET /?camp-fire%2F38139672.html HTTP/1.1" 500 - "-" "Mozilla/5.0 (compatible; SemrushBot/7~bl; +http://www.semrush.com/bot.html)" "mantech8.com"
157.55.39.86 - - [16/Sep/2022:15:53:49 -0700] "GET /index.php?sitemap12658.xml HTTP/1.1" 200 258606 "-" "Mozilla/5.0 (compatible; bingbot/2.0; +http://www.bing.com/bingbot.htm)" "mantech8.com"
40.77.167.54 - - [16/Sep/2022:15:54:01 -0700] "GET /index.php?sitemap67.xml HTTP/1.1" 200 240223 "-" "Mozilla/5.0 (compatible; bingbot/2.0; +http://www.bing.com/bingbot.htm)" "mantech8.com"
185.191.171.16 - - [16/Sep/2022:15:54:01 -0700] "GET /?camp-fire%2F28785526.html HTTP/1.1" 500 - "-" "Mozilla/5.0 (compatible; SemrushBot/7~bl; +http://www.semrush.com/bot.html)" "mantech8.com"
185.191.171.36 - - [16/Sep/2022:15:54:04 -0700] "GET /?camp-fire%2F27342297.html HTTP/1.1" 500 - "-" "Mozilla/5.0 (compatible; SemrushBot/7~bl; +http://www.semrush.com/bot.html)" "mantech8.com"
157.55.39.86 - - [16/Sep/2022:15:54:18 -0700] "GET /index.php/sitemap1425.xml HTTP/1.1" 200 246518 "-" "Mozilla/5.0 (compatible; bingbot/2.0; +http://www.bing.com/bingbot.htm)" "mantech8.com"
185.191.171.8 - - [16/Sep/2022:15:54:30 -0700] "GET /?camp-fire%2F40327450.html HTTP/1.1" 500 - "-" "Mozilla/5.0 (compatible; SemrushBot/7~bl; +http://www.semrush.com/bot.html)" "mantech8.com"
207.46.13.23 - - [16/Sep/2022:15:54:42 -0700] "GET /bimages/gallery/thump/pb12.jpg HTTP/1.1" 200 557547 "-" "Mozilla/5.0 AppleWebKit/537.36 (KHTML, like Gecko; compatible; bingbot/2.0; +http://www.bing.com/bingbot.htm) Chrome/103.0.5060.134 Safari/537.36" "mantech8.com"
114.119.133.190 - - [16/Sep/2022:15:54:49 -0700] "GET /bimages/hgallery/ HTTP/1.1" 200 499 "http://mantech8.com/bimages/hgallery/thump/?C=D%3BO%3DA" "Mozilla/5.0 (Linux; Android 7.0;) AppleWebKit/537.36 (KHTML, like Gecko) Mobile Safari/537.36 (compatible; PetalBot;+https://webmaster.petalsearch.com/site/petalbot)" "mantech8.com"
216.244.66.241 - - [16/Sep/2022:15:55:01 -0700] "GET /robots.txt HTTP/1.1" 200 26464 "-" "Mozilla/5.0 (compatible; DotBot/1.2; +https://opensiteexplorer.org/dotbot; help@moz.com)" "mantech8.com"
216.244.66.241 - - [16/Sep/2022:15:55:01 -0700] "GET /robots.txt HTTP/1.1" 200 26464 "-" "Mozilla/5.0 (compatible; DotBot/1.2; +https://opensiteexplorer.org/dotbot; help@moz.com)" "www.mantech8.com"
185.191.171.5 - - [16/Sep/2022:15:56:05 -0700] "GET /?camp-fire%2F17554965.html HTTP/1.1" 500 - "-" "Mozilla/5.0 (compatible; SemrushBot/7~bl; +http://www.semrush.com/bot.html)" "mantech8.com"
185.191.171.33 - - [16/Sep/2022:15:56:10 -0700] "GET /?camp-fire%2F5361377.html HTTP/1.1" 500 - "-" "Mozilla/5.0 (compatible; SemrushBot/7~bl; +http://www.semrush.com/bot.html)" "mantech8.com"
185.191.171.44 - - [16/Sep/2022:15:56:33 -0700] "GET /?camp-fire%2F63203634.html HTTP/1.1" 500 - "-" "Mozilla/5.0 (compatible; SemrushBot/7~bl; +http://www.semrush.com/bot.html)" "mantech8.com"
185.191.171.41 - - [16/Sep/2022:15:57:01 -0700] "GET /?camp-fire%2F26119782.html HTTP/1.1" 500 - "-" "Mozilla/5.0 (compatible; SemrushBot/7~bl; +http://www.semrush.com/bot.html)" "mantech8.com"
185.191.171.26 - - [16/Sep/2022:15:57:08 -0700] "GET /?camp-fire%2F27254351.html HTTP/1.1" 500 - "-" "Mozilla/5.0 (compatible; SemrushBot/7~bl; +http://www.semrush.com/bot.html)" "mantech8.com"
185.191.171.40 - - [16/Sep/2022:15:57:19 -0700] "GET /?camp-fire%2F5720277.html HTTP/1.1" 500 - "-" "Mozilla/5.0 (compatible; SemrushBot/7~bl; +http://www.semrush.com/bot.html)" "mantech8.com"
185.191.171.16 - - [16/Sep/2022:15:57:21 -0700] "GET /?camp-fire%2F35136508.html HTTP/1.1" 500 - "-" "Mozilla/5.0 (compatible; SemrushBot/7~bl; +http://www.semrush.com/bot.html)" "mantech8.com"
157.55.39.103 - - [16/Sep/2022:15:57:30 -0700] "GET /index.php?sitemap18.xml HTTP/1.1" 200 274761 "-" "Mozilla/5.0 (compatible; bingbot/2.0; +http://www.bing.com/bingbot.htm)" "mantech8.com"
207.46.13.23 - - [16/Sep/2022:15:58:02 -0700] "GET /index.php?sitemap441.xml HTTP/1.1" 200 261568 "-" "Mozilla/5.0 (compatible; bingbot/2.0; +http://www.bing.com/bingbot.htm)" "mantech8.com"
112.194.239.125 - - [16/Sep/2022:15:58:06 -0700] "GET /contact.php HTTP/1.1" 200 29238 "http://mantech8.com/contact.php" "Mozilla/5.0 (Windows NT 6.3; Win64; x64) AppleWebKit/537.36 (KHTML, like Gecko) Chrome/90.0.4430.72 Safari/537.36 Edg/90.0.818.42" "mantech8.com"
40.77.167.27 - - [16/Sep/2022:15:58:11 -0700] "GET /index.php?sitemap725.xml HTTP/1.1" 200 302934 "-" "Mozilla/5.0 AppleWebKit/537.36 (KHTML, like Gecko; compatible; bingbot/2.0; +http://www.bing.com/bingbot.htm) Chrome/103.0.5060.134 Safari/537.36" "mantech8.com"
119.5.148.187 - - [16/Sep/2022:15:58:32 -0700] "GET /contact.php HTTP/1.1" 200 29238 "http://mantech8.com/contact.php" "Mozilla/5.0 (Windows NT 6.3; Win64; x64) AppleWebKit/537.36 (KHTML, like Gecko) Chrome/90.0.4430.72 Safari/537.36 Edg/90.0.818.42" "mantech8.com"
185.191.171.22 - - [16/Sep/2022:15:58:33 -0700] "GET /?camp-fire%2F38865417.html HTTP/1.1" 500 - "-" "Mozilla/5.0 (compatible; SemrushBot/7~bl; +http://www.semrush.com/bot.html)" "mantech8.com"
119.5.148.187 - - [16/Sep/2022:15:58:53 -0700] "GET /contact.php HTTP/1.1" 200 29238 "http://mantech8.com/contact.php" "Mozilla/5.0 (Windows NT 6.3; Win64; x64) AppleWebKit/537.36 (KHTML, like Gecko) Chrome/90.0.4430.72 Safari/537.36 Edg/90.0.818.42" "mantech8.com"
119.5.148.187 - - [16/Sep/2022:15:59:18 -0700] "GET / HTTP/1.1" 500 - "http://mantech8.com/" "Mozilla/5.0 (Windows NT 6.3; Win64; x64) AppleWebKit/537.36 (KHTML, like Gecko) Chrome/90.0.4430.72 Safari/537.36 Edg/90.0.818.42" "mantech8.com"
185.191.171.5 - - [16/Sep/2022:15:59:37 -0700] "GET /?camp-fire%2F27804309.html HTTP/1.1" 500 - "-" "Mozilla/5.0 (compatible; SemrushBot/7~bl; +http://www.semrush.com/bot.html)" "mantech8.com"
185.191.171.13 - - [16/Sep/2022:15:59:51 -0700] "GET /?camp-fire%2F17603080.html HTTP/1.1" 500 - "-" "Mozilla/5.0 (compatible; SemrushBot/7~bl; +http://www.semrush.com/bot.html)" "mantech8.com"
157.55.39.103 - - [16/Sep/2022:16:00:00 -0700] "GET /index.php?sitemap7535.xml HTTP/1.1" 200 278478 "-" "Mozilla/5.0 (compatible; bingbot/2.0; +http://www.bing.com/bingbot.htm)" "mantech8.com"
185.191.171.11 - - [16/Sep/2022:16:00:06 -0700] "GET /?camp-fire%2F15219756.html HTTP/1.1" 500 - "-" "Mozilla/5.0 (compatible; SemrushBot/7~bl; +http://www.semrush.com/bot.html)" "mantech8.com"
185.191.171.15 - - [16/Sep/2022:16:00:08 -0700] "GET /?camp-fire%2F24970450.html HTTP/1.1" 500 - "-" "Mozilla/5.0 (compatible; SemrushBot/7~bl; +http://www.semrush.com/bot.html)" "mantech8.com"
114.119.133.166 - - [16/Sep/2022:16:00:10 -0700] "GET /bimages/paintg/thump/?C=M%3BO%3DA HTTP/1.1" 200 483 "http://www.mantech8.com/bimages/paintg/thump/" "Mozilla/5.0 (Linux; Android 7.0;) AppleWebKit/537.36 (KHTML, like Gecko) Mobile Safari/537.36 (compatible; PetalBot;+https://webmaster.petalsearch.com/site/petalbot)" "www.mantech8.com"
157.55.39.86 - - [16/Sep/2022:16:00:19 -0700] "GET /index.php/sitemap21.xml HTTP/1.1" 200 301966 "-" "Mozilla/5.0 (compatible; bingbot/2.0; +http://www.bing.com/bingbot.htm)" "mantech8.com"
157.55.39.86 - - [16/Sep/2022:16:00:21 -0700] "GET /index.php/sitemap110.xml HTTP/1.1" 200 302859 "-" "Mozilla/5.0 AppleWebKit/537.36 (KHTML, like Gecko; compatible; bingbot/2.0; +http://www.bing.com/bingbot.htm) Chrome/103.0.5060.134 Safari/537.36" "mantech8.com"
185.191.171.16 - - [16/Sep/2022:16:00:38 -0700] "GET /?camp-fire%2F2148890.html HTTP/1.1" 500 - "-" "Mozilla/5.0 (compatible; SemrushBot/7~bl; +http://www.semrush.com/bot.html)" "mantech8.com"
185.191.171.8 - - [16/Sep/2022:16:01:04 -0700] "GET /?camp-fire%2F11995609.html HTTP/1.1" 500 - "-" "Mozilla/5.0 (compatible; SemrushBot/7~bl; +http://www.semrush.com/bot.html)" "mantech8.com"
157.55.39.103 - - [16/Sep/2022:16:01:10 -0700] "GET /index.php?sitemap360.xml HTTP/1.1" 200 251630 "-" "Mozilla/5.0 (compatible; bingbot/2.0; +http://www.bing.com/bingbot.htm)" "mantech8.com"
40.77.167.54 - - [16/Sep/2022:16:01:52 -0700] "GET /index.php/sitemap55104.xml HTTP/1.1" 200 332188 "-" "Mozilla/5.0 (compatible; bingbot/2.0; +http://www.bing.com/bingbot.htm)" "mantech8.com"
207.46.13.23 - - [16/Sep/2022:16:01:56 -0700] "GET /index.php/sitemap772.xml HTTP/1.1" 200 315790 "-" "Mozilla/5.0 (compatible; bingbot/2.0; +http://www.bing.com/bingbot.htm)" "mantech8.com"
207.46.13.23 - - [16/Sep/2022:16:01:57 -0700] "GET /index.php?sitemap41663.xml HTTP/1.1" 200 333518 "-" "Mozilla/5.0 (compatible; bingbot/2.0; +http://www.bing.com/bingbot.htm)" "mantech8.com"
185.191.171.22 - - [16/Sep/2022:16:02:39 -0700] "GET /?camp-fire%2F70976327.html HTTP/1.1" 500 - "-" "Mozilla/5.0 (compatible; SemrushBot/7~bl; +http://www.semrush.com/bot.html)" "mantech8.com"
185.191.171.10 - - [16/Sep/2022:16:03:12 -0700] "GET /?camp-fire%2F18003381.html HTTP/1.1" 500 - "-" "Mozilla/5.0 (compatible; SemrushBot/7~bl; +http://www.semrush.com/bot.html)" "mantech8.com"
40.77.167.54 - - [16/Sep/2022:16:03:12 -0700] "GET /index.php?sitemap5199.xml HTTP/1.1" 200 304453 "-" "Mozilla/5.0 (compatible; bingbot/2.0; +http://www.bing.com/bingbot.htm)" "mantech8.com"
185.191.171.37 - - [16/Sep/2022:16:03:17 -0700] "GET /?camp-fire%2F62935742.html HTTP/1.1" 500 - "-" "Mozilla/5.0 (compatible; SemrushBot/7~bl; +http://www.semrush.com/bot.html)" "mantech8.com"
185.191.171.45 - - [16/Sep/2022:16:03:19 -0700] "GET /?camp-fire%2F98070082.html HTTP/1.1" 500 - "-" "Mozilla/5.0 (compatible; SemrushBot/7~bl; +http://www.semrush.com/bot.html)" "mantech8.com"
40.77.167.54 - - [16/Sep/2022:16:03:31 -0700] "GET /index.php/sitemap745.xml HTTP/1.1" 200 266537 "-" "Mozilla/5.0 AppleWebKit/537.36 (KHTML, like Gecko; compatible; bingbot/2.0; +http://www.bing.com/bingbot.htm) Chrome/103.0.5060.134 Safari/537.36" "mantech8.com"
185.191.171.6 - - [16/Sep/2022:16:03:35 -0700] "GET /?camp-fire%2F3378598.html HTTP/1.1" 500 - "-" "Mozilla/5.0 (compatible; SemrushBot/7~bl; +http://www.semrush.com/bot.html)" "mantech8.com"
40.77.167.27 - - [16/Sep/2022:16:03:41 -0700] "GET /index.php?sitemap2.xml HTTP/1.1" 200 262990 "-" "Mozilla/5.0 (compatible; bingbot/2.0; +http://www.bing.com/bingbot.htm)" "mantech8.com"
185.191.171.18 - - [16/Sep/2022:16:04:19 -0700] "GET /?camp-fire%2F51980602.html HTTP/1.1" 500 - "-" "Mozilla/5.0 (compatible; SemrushBot/7~bl; +http://www.semrush.com/bot.html)" "mantech8.com"
207.46.13.106 - - [16/Sep/2022:16:04:19 -0700] "GET /index.php?sitemap892.xml HTTP/1.1" 200 334534 "-" "Mozilla/5.0 (compatible; bingbot/2.0; +http://www.bing.com/bingbot.htm)" "mantech8.com"
185.191.171.45 - - [16/Sep/2022:16:04:45 -0700] "GET /?camp-fire%2F5018155.html HTTP/1.1" 500 - "-" "Mozilla/5.0 (compatible; SemrushBot/7~bl; +http://www.semrush.com/bot.html)" "mantech8.com"
40.77.167.27 - - [16/Sep/2022:16:04:51 -0700] "GET /index.php?sitemap404.xml HTTP/1.1" 200 323854 "-" "Mozilla/5.0 (compatible; bingbot/2.0; +http://www.bing.com/bingbot.htm)" "mantech8.com"
185.191.171.4 - - [16/Sep/2022:16:05:08 -0700] "GET /?camp-fire%2F3337300.html HTTP/1.1" 500 - "-" "Mozilla/5.0 (compatible; SemrushBot/7~bl; +http://www.semrush.com/bot.html)" "mantech8.com"
185.191.171.45 - - [16/Sep/2022:16:05:38 -0700] "GET /?camp-fire%2F16863555.html HTTP/1.1" 500 - "-" "Mozilla/5.0 (compatible; SemrushBot/7~bl; +http://www.semrush.com/bot.html)" "mantech8.com"
207.46.13.23 - - [16/Sep/2022:16:05:43 -0700] "GET /index.php/fine-tune.xml HTTP/1.1" 200 237468 "-" "Mozilla/5.0 AppleWebKit/537.36 (KHTML, like Gecko; compatible; bingbot/2.0; +http://www.bing.com/bingbot.htm) Chrome/103.0.5060.134 Safari/537.36" "mantech8.com"
207.46.13.23 - - [16/Sep/2022:16:05:45 -0700] "GET /index.php?sitemap6761.xml HTTP/1.1" 200 267410 "-" "Mozilla/5.0 (compatible; bingbot/2.0; +http://www.bing.com/bingbot.htm)" "mantech8.com"
207.46.13.106 - - [16/Sep/2022:16:05:49 -0700] "GET /index.php/sitemap6438.xml HTTP/1.1" 200 255182 "-" "Mozilla/5.0 AppleWebKit/537.36 (KHTML, like Gecko; compatible; bingbot/2.0; +http://www.bing.com/bingbot.htm) Chrome/103.0.5060.134 Safari/537.36" "mantech8.com"
185.191.171.40 - - [16/Sep/2022:16:06:23 -0700] "GET /?camp-fire%2F49119934.html HTTP/1.1" 500 - "-" "Mozilla/5.0 (compatible; SemrushBot/7~bl; +http://www.semrush.com/bot.html)" "mantech8.com"
185.191.171.1 - - [16/Sep/2022:16:06:41 -0700] "GET /?camp-fire%2F27115863.html HTTP/1.1" 500 - "-" "Mozilla/5.0 (compatible; SemrushBot/7~bl; +http://www.semrush.com/bot.html)" "mantech8.com"
114.119.133.166 - - [16/Sep/2022:16:06:43 -0700] "GET /sitemap885.xml HTTP/1.1" 404 88 "-" "Mozilla/5.0 (compatible;PetalBot;+https://webmaster.petalsearch.com/site/petalbot)" "mantech8.com"
185.191.171.5 - - [16/Sep/2022:16:06:58 -0700] "GET /?camp-fire%2F41803303.html HTTP/1.1" 500 - "-" "Mozilla/5.0 (compatible; SemrushBot/7~bl; +http://www.semrush.com/bot.html)" "mantech8.com"
185.191.171.38 - - [16/Sep/2022:16:07:21 -0700] "GET /?camp-fire%2F11509409.html HTTP/1.1" 500 - "-" "Mozilla/5.0 (compatible; SemrushBot/7~bl; +http://www.semrush.com/bot.html)" "mantech8.com"
185.191.171.26 - - [16/Sep/2022:16:07:28 -0700] "GET /?camp-fire%2F28938163.html HTTP/1.1" 500 - "-" "Mozilla/5.0 (compatible; SemrushBot/7~bl; +http://www.semrush.com/bot.html)" "mantech8.com"
185.191.171.9 - - [16/Sep/2022:16:07:42 -0700] "GET /?camp-fire%2F4215885.html HTTP/1.1" 500 - "-" "Mozilla/5.0 (compatible; SemrushBot/7~bl; +http://www.semrush.com/bot.html)" "mantech8.com"
157.55.39.86 - - [16/Sep/2022:16:08:00 -0700] "GET /index.php?sitemap7598.xml HTTP/1.1" 200 301294 "-" "Mozilla/5.0 (compatible; bingbot/2.0; +http://www.bing.com/bingbot.htm)" "mantech8.com"
185.191.171.9 - - [16/Sep/2022:16:08:13 -0700] "GET /?camp-fire%2F110093003.html HTTP/1.1" 500 - "-" "Mozilla/5.0 (compatible; SemrushBot/7~bl; +http://www.semrush.com/bot.html)" "mantech8.com"
185.191.171.1 - - [16/Sep/2022:16:08:15 -0700] "GET /?camp-fire%2F21121665.html HTTP/1.1" 500 - "-" "Mozilla/5.0 (compatible; SemrushBot/7~bl; +http://www.semrush.com/bot.html)" "mantech8.com"
185.191.171.42 - - [16/Sep/2022:16:08:16 -0700] "GET /?camp-fire%2F70992134.html HTTP/1.1" 500 - "-" "Mozilla/5.0 (compatible; SemrushBot/7~bl; +http://www.semrush.com/bot.html)" "mantech8.com"
