157.55.39.103 - - [16/Sep/2022:16:08:31 -0700] "GET /index.php?sitemap977.xml HTTP/1.1" 200 281229 "-" "Mozilla/5.0 AppleWebKit/537.36 (KHTML, like Gecko; compatible; bingbot/2.0; +http://www.bing.com/bingbot.htm) Chrome/103.0.5060.134 Safari/537.36" "mantech8.com"
207.46.13.106 - - [16/Sep/2022:16:08:40 -0700] "GET /?sitemap15155.xml HTTP/1.1" 200 281096 "-" "Mozilla/5.0 (compatible; bingbot/2.0; +http://www.bing.com/bingbot.htm)" "mantech8.com"
185.191.171.16 - - [16/Sep/2022:16:08:46 -0700] "GET /?camp-fire%2F71187569.html HTTP/1.1" 500 - "-" "Mozilla/5.0 (compatible; SemrushBot/7~bl; +http://www.semrush.com/bot.html)" "mantech8.com"
185.191.171.12 - - [16/Sep/2022:16:08:48 -0700] "GET /?camp-fire%2F1377659.html HTTP/1.1" 500 - "-" "Mozilla/5.0 (compatible; SemrushBot/7~bl; +http://www.semrush.com/bot.html)" "mantech8.com"
185.191.171.4 - - [16/Sep/2022:16:09:11 -0700] "GET /?camp-fire%2F40377835.html HTTP/1.1" 500 - "-" "Mozilla/5.0 (compatible; SemrushBot/7~bl; +http://www.semrush.com/bot.html)" "mantech8.com"
40.77.167.27 - - [16/Sep/2022:16:09:52 -0700] "GET /?sitemap9119.xml HTTP/1.1" 200 251342 "-" "Mozilla/5.0 AppleWebKit/537.36 (KHTML, like Gecko; compatible; bingbot/2.0; +http://www.bing.com/bingbot.htm) Chrome/103.0.5060.134 Safari/537.36" "mantech8.com"
40.77.167.54 - - [16/Sep/2022:16:09:56 -0700] "GET /index.php/sitemap53792.xml HTTP/1.1" 200 243406 "-" "Mozilla/5.0 (compatible; bingbot/2.0; +http://www.bing.com/bingbot.htm)" "mantech8.com"
40.77.167.54 - - [16/Sep/2022:16:10:12 -0700] "GET /index.php/gelsemic.xml HTTP/1.1" 200 290006 "-" "Mozilla/5.0 (compatible; bingbot/2.0; +http://www.bing.com/bingbot.htm)" "mantech8.com"
207.46.13.106 - - [16/Sep/2022:16:10:19 -0700] "GET /index.php/sitemap3427.xml HTTP/1.1" 200 290525 "-" "Mozilla/5.0 (compatible; bingbot/2.0; +http://www.bing.com/bingbot.htm)" "mantech8.com"
207.46.13.106 - - [16/Sep/2022:16:10:21 -0700] "GET /index.php/dejerator.xml HTTP/1.1" 200 318852 "-" "Mozilla/5.0 (compatible; bingbot/2.0; +http://www.bing.com/bingbot.htm)" "mantech8.com"
185.191.171.15 - - [16/Sep/2022:16:10:25 -0700] "GET /?camp-fire%2F32590925.html HTTP/1.1" 500 - "-" "Mozilla/5.0 (compatible; SemrushBot/7~bl; +http://www.semrush.com/bot.html)" "mantech8.com"
185.191.171.15 - - [16/Sep/2022:16:10:27 -0700] "GET /?camp-fire%2F40441593.html HTTP/1.1" 500 - "-" "Mozilla/5.0 (compatible; SemrushBot/7~bl; +http://www.semrush.com/bot.html)" "mantech8.com"
185.191.171.38 - - [16/Sep/2022:16:10:55 -0700] "GET /?camp-fire%2F10826265.html HTTP/1.1" 500 - "-" "Mozilla/5.0 (compatible; SemrushBot/7~bl; +http://www.semrush.com/bot.html)" "mantech8.com"
207.46.13.106 - - [16/Sep/2022:16:11:40 -0700] "GET /?sitemap40698.xml HTTP/1.1" 200 261449 "-" "Mozilla/5.0 (compatible; bingbot/2.0; +http://www.bing.com/bingbot.htm)" "mantech8.com"
185.191.171.44 - - [16/Sep/2022:16:11:55 -0700] "GET /?camp-fire%2F14653324.html HTTP/1.1" 500 - "-" "Mozilla/5.0 (compatible; SemrushBot/7~bl; +http://www.semrush.com/bot.html)" "mantech8.com"
64.156.61.189 - - [16/Sep/2022:16:12:25 -0700] "GET /index.php?/index/news/detail/newsid/11031.html HTTP/1.1" 500 - "https://www.mantech8.com/index.php?/index/news/detail/newsid/11031.html" "Mozilla/5.0 (Windows NT 10.0; WOW64; Rv:50.0) Gecko/20100101 Firefox/50.0" "www.mantech8.com"
114.119.133.182 - - [16/Sep/2022:16:12:26 -0700] "GET /bimages/elect/?C=D%3BO%3DA HTTP/1.1" 200 417 "http://mantech8.com/bimages/elect/?C=S%3BO%3DA" "Mozilla/5.0 (Linux; Android 7.0;) AppleWebKit/537.36 (KHTML, like Gecko) Mobile Safari/537.36 (compatible; PetalBot;+https://webmaster.petalsearch.com/site/petalbot)" "mantech8.com"
185.191.171.2 - - [16/Sep/2022:16:12:55 -0700] "GET /?camp-fire%2F32014530.html HTTP/1.1" 500 - "-" "Mozilla/5.0 (compatible; SemrushBot/7~bl; +http://www.semrush.com/bot.html)" "mantech8.com"
157.55.39.86 - - [16/Sep/2022:16:13:11 -0700] "GET /index.php/sitemap18.xml HTTP/1.1" 200 250132 "-" "Mozilla/5.0 AppleWebKit/537.36 (KHTML, like Gecko; compatible; bingbot/2.0; +http://www.bing.com/bingbot.htm) Chrome/103.0.5060.134 Safari/537.36" "mantech8.com"
185.191.171.25 - - [16/Sep/2022:16:13:31 -0700] "GET /?camp-fire%2F72101053.html HTTP/1.1" 500 - "-" "Mozilla/5.0 (compatible; SemrushBot/7~bl; +http://www.semrush.com/bot.html)" "mantech8.com"
185.191.171.38 - - [16/Sep/2022:16:13:32 -0700] "GET /?camp-fire%2F30704083.html HTTP/1.1" 500 - "-" "Mozilla/5.0 (compatible; SemrushBot/7~bl; +http://www.semrush.com/bot.html)" "mantech8.com"
154.54.249.199 - - [16/Sep/2022:16:14:00 -0700] "GET /bimages/head.php HTTP/1.1" 200 32 "-" "Mozilla/5.0 (compatible; Barkrowler/0.9; +https://babbar.tech/crawler)" "mantech8.com"
185.191.171.24 - - [16/Sep/2022:16:14:31 -0700] "GET /?camp-fire%2F44562035.html HTTP/1.1" 500 - "-" "Mozilla/5.0 (compatible; SemrushBot/7~bl; +http://www.semrush.com/bot.html)" "mantech8.com"
154.54.249.199 - - [16/Sep/2022:16:14:37 -0700] "GET /bimages/paintg/sidebar.php HTTP/1.1" 200 32 "-" "Mozilla/5.0 (compatible; Barkrowler/0.9; +https://babbar.tech/crawler)" "www.mantech8.com"
185.191.171.19 - - [16/Sep/2022:16:15:09 -0700] "GET /?camp-fire%2F33451068.html HTTP/1.1" 500 - "-" "Mozilla/5.0 (compatible; SemrushBot/7~bl; +http://www.semrush.com/bot.html)" "mantech8.com"
185.191.171.5 - - [16/Sep/2022:16:15:15 -0700] "GET /?camp-fire%2F31971830.html HTTP/1.1" 500 - "-" "Mozilla/5.0 (compatible; SemrushBot/7~bl; +http://www.semrush.com/bot.html)" "mantech8.com"
185.191.171.8 - - [16/Sep/2022:16:15:17 -0700] "GET /?camp-fire%2F33190416.html HTTP/1.1" 500 - "-" "Mozilla/5.0 (compatible; SemrushBot/7~bl; +http://www.semrush.com/bot.html)" "mantech8.com"
185.191.171.2 - - [16/Sep/2022:16:15:58 -0700] "GET /?camp-fire%2F2558429.html HTTP/1.1" 500 - "-" "Mozilla/5.0 (compatible; SemrushBot/7~bl; +http://www.semrush.com/bot.html)" "mantech8.com"
40.77.167.54 - - [16/Sep/2022:16:16:13 -0700] "GET /bimages/gallery/p8.jpg HTTP/1.1" 200 60348 "-" "Mozilla/5.0 (compatible; bingbot/2.0; +http://www.bing.com/bingbot.htm)" "mantech8.com"
185.191.171.18 - - [16/Sep/2022:16:16:23 -0700] "GET /?camp-fire%2F1185972.html HTTP/1.1" 500 - "-" "Mozilla/5.0 (compatible; SemrushBot/7~bl; +http://www.semrush.com/bot.html)" "mantech8.com"
207.46.13.106 - - [16/Sep/2022:16:16:40 -0700] "GET /index.php/ching-kuo.xml HTTP/1.1" 200 292950 "-" "Mozilla/5.0 (compatible; bingbot/2.0; +http://www.bing.com/bingbot.htm)" "mantech8.com"
185.191.171.6 - - [16/Sep/2022:16:17:00 -0700] "GET /?camp-fire%2F71453281.html HTTP/1.1" 500 - "-" "Mozilla/5.0 (compatible; SemrushBot/7~bl; +http://www.semrush.com/bot.html)" "mantech8.com"
185.191.171.37 - - [16/Sep/2022:16:17:05 -0700] "GET /?camp-fire%2F3109778.html HTTP/1.1" 500 - "-" "Mozilla/5.0 (compatible; SemrushBot/7~bl; +http://www.semrush.com/bot.html)" "mantech8.com"
185.191.171.7 - - [16/Sep/2022:16:17:06 -0700] "GET /?camp-fire%2F62697659.html HTTP/1.1" 500 - "-" "Mozilla/5.0 (compatible; SemrushBot/7~bl; +http://www.semrush.com/bot.html)" "mantech8.com"
40.77.167.27 - - [16/Sep/2022:16:17:33 -0700] "GET /index.php/sitemap1457.xml HTTP/1.1" 200 324125 "-" "Mozilla/5.0 (compatible; bingbot/2.0; +http://www.bing.com/bingbot.htm)" "mantech8.com"
185.191.171.41 - - [16/Sep/2022:16:17:35 -0700] "GET /?camp-fire%2F25156006.html HTTP/1.1" 500 - "-" "Mozilla/5.0 (compatible; SemrushBot/7~bl; +http://www.semrush.com/bot.html)" "mantech8.com"
207.46.13.23 - - [16/Sep/2022:16:17:55 -0700] "GET /index.php?limunu.xml HTTP/1.1" 200 261521 "-" "Mozilla/5.0 (compatible; bingbot/2.0; +http://www.bing.com/bingbot.htm)" "mantech8.com"
114.119.133.182 - - [16/Sep/2022:16:18:15 -0700] "GET /?sitemap133.xml HTTP/1.1" 200 264672 "-" "Mozilla/5.0 (Linux; Android 7.0;) AppleWebKit/537.36 (KHTML, like Gecko) Mobile Safari/537.36 (compatible; PetalBot;+https://webmaster.petalsearch.com/site/petalbot)" "mantech8.com"
185.191.171.1 - - [16/Sep/2022:16:18:21 -0700] "GET /?camp-fire%2F16201684.html HTTP/1.1" 500 - "-" "Mozilla/5.0 (compatible; SemrushBot/7~bl; +http://www.semrush.com/bot.html)" "mantech8.com"
185.191.171.1 - - [16/Sep/2022:16:18:23 -0700] "GET /?camp-fire%2F42786749.html HTTP/1.1" 500 - "-" "Mozilla/5.0 (compatible; SemrushBot/7~bl; +http://www.semrush.com/bot.html)" "mantech8.com"
185.191.171.3 - - [16/Sep/2022:16:18:25 -0700] "GET /?camp-fire%2F5135874.html HTTP/1.1" 500 - "-" "Mozilla/5.0 (compatible; SemrushBot/7~bl; +http://www.semrush.com/bot.html)" "mantech8.com"
185.191.171.14 - - [16/Sep/2022:16:18:50 -0700] "GET /?camp-fire%2F37542959.html HTTP/1.1" 500 - "-" "Mozilla/5.0 (compatible; SemrushBot/7~bl; +http://www.semrush.com/bot.html)" "mantech8.com"
185.191.171.37 - - [16/Sep/2022:16:18:54 -0700] "GET /?camp-fire%2F28982171.html HTTP/1.1" 500 - "-" "Mozilla/5.0 (compatible; SemrushBot/7~bl; +http://www.semrush.com/bot.html)" "mantech8.com"
185.191.171.26 - - [16/Sep/2022:16:19:29 -0700] "GET /?camp-fire%2F16397683.html HTTP/1.1" 500 - "-" "Mozilla/5.0 (compatible; SemrushBot/7~bl; +http://www.semrush.com/bot.html)" "mantech8.com"
207.46.13.106 - - [16/Sep/2022:16:19:31 -0700] "GET /?furnacite.xml HTTP/1.1" 200 269371 "-" "Mozilla/5.0 AppleWebKit/537.36 (KHTML, like Gecko; compatible; bingbot/2.0; +http://www.bing.com/bingbot.htm) Chrome/103.0.5060.134 Safari/537.36" "mantech8.com"
207.46.13.23 - - [16/Sep/2022:16:20:34 -0700] "GET /index.php/sitemap289.xml HTTP/1.1" 200 244099 "-" "Mozilla/5.0 AppleWebKit/537.36 (KHTML, like Gecko; compatible; bingbot/2.0; +http://www.bing.com/bingbot.htm) Chrome/103.0.5060.134 Safari/537.36" "mantech8.com"
185.191.171.22 - - [16/Sep/2022:16:20:59 -0700] "GET /?camp-fire%2F26058651.html HTTP/1.1" 500 - "-" "Mozilla/5.0 (compatible; SemrushBot/7~bl; +http://www.semrush.com/bot.html)" "mantech8.com"
185.191.171.45 - - [16/Sep/2022:16:21:25 -0700] "GET /?camp-fire%2F24183933.html HTTP/1.1" 500 - "-" "Mozilla/5.0 (compatible; SemrushBot/7~bl; +http://www.semrush.com/bot.html)" "mantech8.com"
185.191.171.11 - - [16/Sep/2022:16:21:36 -0700] "GET /?camp-fire%2F42645134.html HTTP/1.1" 500 - "-" "Mozilla/5.0 (compatible; SemrushBot/7~bl; +http://www.semrush.com/bot.html)" "mantech8.com"
185.191.171.1 - - [16/Sep/2022:16:21:44 -0700] "GET /?camp-fire%2F34388809.html HTTP/1.1" 500 - "-" "Mozilla/5.0 (compatible; SemrushBot/7~bl; +http://www.semrush.com/bot.html)" "mantech8.com"
40.77.167.54 - - [16/Sep/2022:16:22:24 -0700] "GET /index.php?sitemap1630.xml HTTP/1.1" 200 251493 "-" "Mozilla/5.0 (compatible; bingbot/2.0; +http://www.bing.com/bingbot.htm)" "mantech8.com"
40.77.167.54 - - [16/Sep/2022:16:22:24 -0700] "GET /index.php?sitemap8718.xml HTTP/1.1" 200 306630 "-" "Mozilla/5.0 (compatible; bingbot/2.0; +http://www.bing.com/bingbot.htm)" "mantech8.com"
40.77.167.54 - - [16/Sep/2022:16:22:25 -0700] "GET /index.php?sitemap2534.xml HTTP/1.1" 200 274697 "-" "Mozilla/5.0 (compatible; bingbot/2.0; +http://www.bing.com/bingbot.htm)" "mantech8.com"
185.191.171.33 - - [16/Sep/2022:16:22:25 -0700] "GET /?camp-fire%2F61614898.html HTTP/1.1" 500 - "-" "Mozilla/5.0 (compatible; SemrushBot/7~bl; +http://www.semrush.com/bot.html)" "mantech8.com"
40.77.167.54 - - [16/Sep/2022:16:22:26 -0700] "GET /index.php/sitemap773.xml HTTP/1.1" 200 275910 "-" "Mozilla/5.0 (compatible; bingbot/2.0; +http://www.bing.com/bingbot.htm)" "mantech8.com"
185.191.171.10 - - [16/Sep/2022:16:22:57 -0700] "GET /?camp-fire%2F14510924.html HTTP/1.1" 500 - "-" "Mozilla/5.0 (compatible; SemrushBot/7~bl; +http://www.semrush.com/bot.html)" "mantech8.com"
40.77.167.54 - - [16/Sep/2022:16:23:14 -0700] "GET /index.php?sitemap4036.xml HTTP/1.1" 200 256896 "-" "Mozilla/5.0 (compatible; bingbot/2.0; +http://www.bing.com/bingbot.htm)" "mantech8.com"
157.55.39.103 - - [16/Sep/2022:16:23:20 -0700] "GET /index.php?sitemap667.xml HTTP/1.1" 200 283798 "-" "Mozilla/5.0 (compatible; bingbot/2.0; +http://www.bing.com/bingbot.htm)" "mantech8.com"
157.55.39.86 - - [16/Sep/2022:16:23:25 -0700] "GET /index.php?sitemap334.xml HTTP/1.1" 200 313197 "-" "Mozilla/5.0 (compatible; bingbot/2.0; +http://www.bing.com/bingbot.htm)" "mantech8.com"
185.191.171.45 - - [16/Sep/2022:16:23:31 -0700] "GET /?camp-fire%2F98389478.html HTTP/1.1" 500 - "-" "Mozilla/5.0 (compatible; SemrushBot/7~bl; +http://www.semrush.com/bot.html)" "mantech8.com"
185.191.171.38 - - [16/Sep/2022:16:23:43 -0700] "GET /?camp-fire%2F25045606.html HTTP/1.1" 500 - "-" "Mozilla/5.0 (compatible; SemrushBot/7~bl; +http://www.semrush.com/bot.html)" "mantech8.com"
185.191.171.44 - - [16/Sep/2022:16:24:06 -0700] "GET /?camp-fire%2F39185035.html HTTP/1.1" 500 - "-" "Mozilla/5.0 (compatible; SemrushBot/7~bl; +http://www.semrush.com/bot.html)" "mantech8.com"
114.119.133.166 - - [16/Sep/2022:16:24:09 -0700] "GET /bimages/?C=M%3BO%3DA HTTP/1.1" 200 727 "http://www.mantech8.com/bimages/?C=D%3BO%3DA" "Mozilla/5.0 (Linux; Android 7.0;) AppleWebKit/537.36 (KHTML, like Gecko) Mobile Safari/537.36 (compatible; PetalBot;+https://webmaster.petalsearch.com/site/petalbot)" "www.mantech8.com"
185.191.171.38 - - [16/Sep/2022:16:24:10 -0700] "GET /?camp-fire%2F35044825.html HTTP/1.1" 500 - "-" "Mozilla/5.0 (compatible; SemrushBot/7~bl; +http://www.semrush.com/bot.html)" "mantech8.com"
185.191.171.19 - - [16/Sep/2022:16:24:13 -0700] "GET /?camp-fire%2F1276700.html HTTP/1.1" 500 - "-" "Mozilla/5.0 (compatible; SemrushBot/7~bl; +http://www.semrush.com/bot.html)" "mantech8.com"
185.191.171.34 - - [16/Sep/2022:16:24:53 -0700] "GET /?camp-fire%2F26018632.html HTTP/1.1" 500 - "-" "Mozilla/5.0 (compatible; SemrushBot/7~bl; +http://www.semrush.com/bot.html)" "mantech8.com"
40.77.167.54 - - [16/Sep/2022:16:24:54 -0700] "GET /index.php/sitemap9.xml HTTP/1.1" 200 345130 "-" "Mozilla/5.0 (compatible; bingbot/2.0; +http://www.bing.com/bingbot.htm)" "mantech8.com"
185.191.171.24 - - [16/Sep/2022:16:25:16 -0700] "GET /?camp-fire%2F19010581.html HTTP/1.1" 500 - "-" "Mozilla/5.0 (compatible; SemrushBot/7~bl; +http://www.semrush.com/bot.html)" "mantech8.com"
40.77.167.27 - - [16/Sep/2022:16:25:33 -0700] "GET /index.php/sitemap1134.xml HTTP/1.1" 200 246333 "-" "Mozilla/5.0 (compatible; bingbot/2.0; +http://www.bing.com/bingbot.htm)" "mantech8.com"
185.191.171.10 - - [16/Sep/2022:16:25:58 -0700] "GET /?camp-fire%2F37921309.html HTTP/1.1" 500 - "-" "Mozilla/5.0 (compatible; SemrushBot/7~bl; +http://www.semrush.com/bot.html)" "mantech8.com"
207.46.13.106 - - [16/Sep/2022:16:26:11 -0700] "GET /index.php?sitemap8413.xml HTTP/1.1" 200 298902 "-" "Mozilla/5.0 (compatible; bingbot/2.0; +http://www.bing.com/bingbot.htm)" "mantech8.com"
185.191.171.11 - - [16/Sep/2022:16:27:02 -0700] "GET /?camp-fire%2F30855963.html HTTP/1.1" 500 - "-" "Mozilla/5.0 (compatible; SemrushBot/7~bl; +http://www.semrush.com/bot.html)" "mantech8.com"
185.191.171.9 - - [16/Sep/2022:16:27:16 -0700] "GET /robots.txt HTTP/1.1" 200 2442 "-" "Mozilla/5.0 (compatible; SemrushBot/7~bl; +http://www.semrush.com/bot.html)" "mantech8.com"
185.191.171.4 - - [16/Sep/2022:16:27:17 -0700] "GET /?camp-fire%2F43460134.html HTTP/1.1" 500 - "-" "Mozilla/5.0 (compatible; SemrushBot/7~bl; +http://www.semrush.com/bot.html)" "mantech8.com"
185.191.171.43 - - [16/Sep/2022:16:27:18 -0700] "GET /?camp-fire%2F26643082.html HTTP/1.1" 500 - "-" "Mozilla/5.0 (compatible; SemrushBot/7~bl; +http://www.semrush.com/bot.html)" "mantech8.com"
207.46.13.106 - - [16/Sep/2022:16:27:32 -0700] "GET /index.php/sitemap90.xml HTTP/1.1" 200 338344 "-" "Mozilla/5.0 (compatible; bingbot/2.0; +http://www.bing.com/bingbot.htm)" "mantech8.com"
185.191.171.12 - - [16/Sep/2022:16:27:45 -0700] "GET /?camp-fire%2F44906955.html HTTP/1.1" 500 - "-" "Mozilla/5.0 (compatible; SemrushBot/7~bl; +http://www.semrush.com/bot.html)" "mantech8.com"
185.191.171.18 - - [16/Sep/2022:16:27:53 -0700] "GET /?camp-fire%2F18150565.html HTTP/1.1" 500 - "-" "Mozilla/5.0 (compatible; SemrushBot/7~bl; +http://www.semrush.com/bot.html)" "mantech8.com"
185.191.171.22 - - [16/Sep/2022:16:28:23 -0700] "GET /?camp-fire%2F33799508.html HTTP/1.1" 500 - "-" "Mozilla/5.0 (compatible; SemrushBot/7~bl; +http://www.semrush.com/bot.html)" "mantech8.com"
207.46.13.23 - - [16/Sep/2022:16:28:56 -0700] "GET /index.php?sitemap294.xml HTTP/1.1" 200 326954 "-" "Mozilla/5.0 (compatible; bingbot/2.0; +http://www.bing.com/bingbot.htm)" "mantech8.com"
185.191.171.5 - - [16/Sep/2022:16:29:10 -0700] "GET /?camp-fire%2F23609206.html HTTP/1.1" 500 - "-" "Mozilla/5.0 (compatible; SemrushBot/7~bl; +http://www.semrush.com/bot.html)" "mantech8.com"
40.77.167.27 - - [16/Sep/2022:16:29:14 -0700] "GET /index.php/sitemap9760.xml HTTP/1.1" 200 258606 "-" "Mozilla/5.0 (compatible; bingbot/2.0; +http://www.bing.com/bingbot.htm)" "mantech8.com"
185.191.171.25 - - [16/Sep/2022:16:29:38 -0700] "GET /?camp-fire%2F11478109.html HTTP/1.1" 500 - "-" "Mozilla/5.0 (compatible; SemrushBot/7~bl; +http://www.semrush.com/bot.html)" "mantech8.com"
185.191.171.39 - - [16/Sep/2022:16:29:44 -0700] "GET /?camp-fire%2F3879474.html HTTP/1.1" 500 - "-" "Mozilla/5.0 (compatible; SemrushBot/7~bl; +http://www.semrush.com/bot.html)" "mantech8.com"
185.191.171.22 - - [16/Sep/2022:16:29:54 -0700] "GET /?camp-fire%2F17108626.html HTTP/1.1" 500 - "-" "Mozilla/5.0 (compatible; SemrushBot/7~bl; +http://www.semrush.com/bot.html)" "mantech8.com"
114.119.133.182 - - [16/Sep/2022:16:30:04 -0700] "GET /?sitemap4113.xml HTTP/1.1" 200 309974 "-" "Mozilla/5.0 (compatible;PetalBot;+https://webmaster.petalsearch.com/site/petalbot)" "mantech8.com"
185.191.171.39 - - [16/Sep/2022:16:30:26 -0700] "GET /?camp-fire%2F109541192.html HTTP/1.1" 500 - "-" "Mozilla/5.0 (compatible; SemrushBot/7~bl; +http://www.semrush.com/bot.html)" "mantech8.com"
157.55.39.86 - - [16/Sep/2022:16:30:31 -0700] "GET /index.php/sitemap371.xml HTTP/1.1" 200 286383 "-" "Mozilla/5.0 AppleWebKit/537.36 (KHTML, like Gecko; compatible; bingbot/2.0; +http://www.bing.com/bingbot.htm) Chrome/103.0.5060.134 Safari/537.36" "mantech8.com"
185.191.171.13 - - [16/Sep/2022:16:30:54 -0700] "GET /?camp-fire%2F11709209.html HTTP/1.1" 500 - "-" "Mozilla/5.0 (compatible; SemrushBot/7~bl; +http://www.semrush.com/bot.html)" "mantech8.com"
157.55.39.103 - - [16/Sep/2022:16:31:11 -0700] "GET /index.php?sitemap8134.xml HTTP/1.1" 200 284182 "-" "Mozilla/5.0 (compatible; bingbot/2.0; +http://www.bing.com/bingbot.htm)" "mantech8.com"
40.77.167.27 - - [16/Sep/2022:16:31:54 -0700] "GET /index.php?sitemap16.xml HTTP/1.1" 200 326206 "-" "Mozilla/5.0 AppleWebKit/537.36 (KHTML, like Gecko; compatible; bingbot/2.0; +http://www.bing.com/bingbot.htm) Chrome/103.0.5060.134 Safari/537.36" "mantech8.com"
185.191.171.10 - - [16/Sep/2022:16:32:17 -0700] "GET /?camp-fire%2F32066677.html HTTP/1.1" 500 - "-" "Mozilla/5.0 (compatible; SemrushBot/7~bl; +http://www.semrush.com/bot.html)" "mantech8.com"
185.191.171.22 - - [16/Sep/2022:16:32:19 -0700] "GET /?camp-fire%2F31808641.html HTTP/1.1" 500 - "-" "Mozilla/5.0 (compatible; SemrushBot/7~bl; +http://www.semrush.com/bot.html)" "mantech8.com"
185.191.171.22 - - [16/Sep/2022:16:32:42 -0700] "GET /?camp-fire%2F31185232.html HTTP/1.1" 500 - "-" "Mozilla/5.0 (compatible; SemrushBot/7~bl; +http://www.semrush.com/bot.html)" "mantech8.com"
185.191.171.38 - - [16/Sep/2022:16:33:00 -0700] "GET /?camp-fire%2F4333500.html HTTP/1.1" 500 - "-" "Mozilla/5.0 (compatible; SemrushBot/7~bl; +http://www.semrush.com/bot.html)" "mantech8.com"
185.191.171.10 - - [16/Sep/2022:16:33:08 -0700] "GET /?camp-fire%2F1185572.html HTTP/1.1" 500 - "-" "Mozilla/5.0 (compatible; SemrushBot/7~bl; +http://www.semrush.com/bot.html)" "mantech8.com"
185.191.171.39 - - [16/Sep/2022:16:33:16 -0700] "GET /?camp-fire%2F42058403.html HTTP/1.1" 500 - "-" "Mozilla/5.0 (compatible; SemrushBot/7~bl; +http://www.semrush.com/bot.html)" "mantech8.com"
185.191.171.45 - - [16/Sep/2022:16:34:27 -0700] "GET /?camp-fire%2F5204985.html HTTP/1.1" 500 - "-" "Mozilla/5.0 (compatible; SemrushBot/7~bl; +http://www.semrush.com/bot.html)" "mantech8.com"
157.55.39.86 - - [16/Sep/2022:16:34:42 -0700] "GET /index.php?sitemap62.xml HTTP/1.1" 200 265220 "-" "Mozilla/5.0 (compatible; bingbot/2.0; +http://www.bing.com/bingbot.htm)" "mantech8.com"
185.191.171.26 - - [16/Sep/2022:16:34:51 -0700] "GET /?camp-fire%2F28486335.html HTTP/1.1" 500 - "-" "Mozilla/5.0 (compatible; SemrushBot/7~bl; +http://www.semrush.com/bot.html)" "mantech8.com"
185.191.171.3 - - [16/Sep/2022:16:35:38 -0700] "GET /?camp-fire%2F33118082.html HTTP/1.1" 500 - "-" "Mozilla/5.0 (compatible; SemrushBot/7~bl; +http://www.semrush.com/bot.html)" "mantech8.com"
185.191.171.8 - - [16/Sep/2022:16:35:48 -0700] "GET /?camp-fire%2F16687526.html HTTP/1.1" 500 - "-" "Mozilla/5.0 (compatible; SemrushBot/7~bl; +http://www.semrush.com/bot.html)" "mantech8.com"
185.191.171.22 - - [16/Sep/2022:16:36:13 -0700] "GET /?camp-fire%2F87388926.html HTTP/1.1" 500 - "-" "Mozilla/5.0 (compatible; SemrushBot/7~bl; +http://www.semrush.com/bot.html)" "mantech8.com"
185.191.171.13 - - [16/Sep/2022:16:36:47 -0700] "GET /?camp-fire%2F42810855.html HTTP/1.1" 500 - "-" "Mozilla/5.0 (compatible; SemrushBot/7~bl; +http://www.semrush.com/bot.html)" "mantech8.com"
185.191.171.14 - - [16/Sep/2022:16:36:49 -0700] "GET /?camp-fire%2F5120590.html HTTP/1.1" 500 - "-" "Mozilla/5.0 (compatible; SemrushBot/7~bl; +http://www.semrush.com/bot.html)" "mantech8.com"
66.249.66.141 - - [16/Sep/2022:16:37:09 -0700] "GET /assets/images/common/icon_search.svg HTTP/1.1" 404 88 "https://www.mantech8.com/index.php?camp-fire/65664892.html" "Mozilla/5.0 (Linux; Android 6.0.1; Nexus 5X Build/MMB29P) AppleWebKit/537.36 (KHTML, like Gecko) Chrome/105.0.5195.102 Mobile Safari/537.36 (compatible; Googlebot/2.1; +http://www.google.com/bot.html)" "www.mantech8.com"
66.249.66.61 - - [16/Sep/2022:16:37:10 -0700] "GET /assets/images/common/icon_search.svg HTTP/1.1" 404 88 "https://www.mantech8.com/index.php?camp-fire/65664892.html" "Mozilla/5.0 (Linux; Android 6.0.1; Nexus 5X Build/MMB29P) AppleWebKit/537.36 (KHTML, like Gecko) Chrome/105.0.5195.102 Mobile Safari/537.36 (compatible; Googlebot/2.1; +http://www.google.com/bot.html)" "www.mantech8.com"
185.191.171.4 - - [16/Sep/2022:16:37:52 -0700] "GET /?camp-fire%2F15172456.html HTTP/1.1" 500 - "-" "Mozilla/5.0 (compatible; SemrushBot/7~bl; +http://www.semrush.com/bot.html)" "mantech8.com"
185.191.171.35 - - [16/Sep/2022:16:37:55 -0700] "GET /?camp-fire%2F24539330.html HTTP/1.1" 500 - "-" "Mozilla/5.0 (compatible; SemrushBot/7~bl; +http://www.semrush.com/bot.html)" "mantech8.com"
185.191.171.34 - - [16/Sep/2022:16:38:05 -0700] "GET /?camp-fire%2F13957459.html HTTP/1.1" 500 - "-" "Mozilla/5.0 (compatible; SemrushBot/7~bl; +http://www.semrush.com/bot.html)" "mantech8.com"
185.191.171.22 - - [16/Sep/2022:16:38:14 -0700] "GET /?camp-fire%2F11779455.html HTTP/1.1" 500 - "-" "Mozilla/5.0 (compatible; SemrushBot/7~bl; +http://www.semrush.com/bot.html)" "mantech8.com"
207.46.13.106 - - [16/Sep/2022:16:38:43 -0700] "GET /bimages/gallery/p5.jpg HTTP/1.1" 200 70312 "-" "Mozilla/5.0 (compatible; bingbot/2.0; +http://www.bing.com/bingbot.htm)" "mantech8.com"
185.191.171.2 - - [16/Sep/2022:16:38:44 -0700] "GET /?camp-fire%2F33159316.html HTTP/1.1" 500 - "-" "Mozilla/5.0 (compatible; SemrushBot/7~bl; +http://www.semrush.com/bot.html)" "mantech8.com"
185.191.171.15 - - [16/Sep/2022:16:38:55 -0700] "GET /?camp-fire%2F4415396.html HTTP/1.1" 500 - "-" "Mozilla/5.0 (compatible; SemrushBot/7~bl; +http://www.semrush.com/bot.html)" "mantech8.com"
185.191.171.11 - - [16/Sep/2022:16:39:00 -0700] "GET /?camp-fire%2F26779951.html HTTP/1.1" 500 - "-" "Mozilla/5.0 (compatible; SemrushBot/7~bl; +http://www.semrush.com/bot.html)" "mantech8.com"
185.191.171.34 - - [16/Sep/2022:16:39:06 -0700] "GET /?camp-fire%2F30646055.html HTTP/1.1" 500 - "-" "Mozilla/5.0 (compatible; SemrushBot/7~bl; +http://www.semrush.com/bot.html)" "mantech8.com"
40.77.167.27 - - [16/Sep/2022:16:39:35 -0700] "GET /index.php/sitemap845.xml HTTP/1.1" 200 246137 "-" "Mozilla/5.0 (compatible; bingbot/2.0; +http://www.bing.com/bingbot.htm)" "mantech8.com"
185.191.171.25 - - [16/Sep/2022:16:39:40 -0700] "GET /?camp-fire%2F39933002.html HTTP/1.1" 500 - "-" "Mozilla/5.0 (compatible; SemrushBot/7~bl; +http://www.semrush.com/bot.html)" "mantech8.com"
40.77.167.54 - - [16/Sep/2022:16:39:45 -0700] "GET /index.php?sitemap685.xml HTTP/1.1" 200 290623 "-" "Mozilla/5.0 AppleWebKit/537.36 (KHTML, like Gecko; compatible; bingbot/2.0; +http://www.bing.com/bingbot.htm) Chrome/103.0.5060.134 Safari/537.36" "mantech8.com"
185.191.171.9 - - [16/Sep/2022:16:40:02 -0700] "GET /?camp-fire%2F44356980.html HTTP/1.1" 500 - "-" "Mozilla/5.0 (compatible; SemrushBot/7~bl; +http://www.semrush.com/bot.html)" "mantech8.com"
207.46.13.106 - - [16/Sep/2022:16:40:03 -0700] "GET /?sitemap7905.xml HTTP/1.1" 200 288056 "-" "Mozilla/5.0 AppleWebKit/537.36 (KHTML, like Gecko; compatible; bingbot/2.0; +http://www.bing.com/bingbot.htm) Chrome/103.0.5060.134 Safari/537.36" "mantech8.com"
185.191.171.11 - - [16/Sep/2022:16:40:12 -0700] "GET /?camp-fire%2F14134974.html HTTP/1.1" 500 - "-" "Mozilla/5.0 (compatible; SemrushBot/7~bl; +http://www.semrush.com/bot.html)" "mantech8.com"
185.191.171.5 - - [16/Sep/2022:16:40:19 -0700] "GET /?camp-fire%2F29670880.html HTTP/1.1" 500 - "-" "Mozilla/5.0 (compatible; SemrushBot/7~bl; +http://www.semrush.com/bot.html)" "mantech8.com"
114.119.133.165 - - [16/Sep/2022:16:40:55 -0700] "GET /bimages/headg/footer.php HTTP/1.1" 200 32 "http://mantech8.com/bimages/headg/" "Mozilla/5.0 (Linux; Android 7.0;) AppleWebKit/537.36 (KHTML, like Gecko) Mobile Safari/537.36 (compatible; PetalBot;+https://webmaster.petalsearch.com/site/petalbot)" "mantech8.com"
185.191.171.9 - - [16/Sep/2022:16:41:15 -0700] "GET /?camp-fire%2F4918785.html HTTP/1.1" 500 - "-" "Mozilla/5.0 (compatible; SemrushBot/7~bl; +http://www.semrush.com/bot.html)" "mantech8.com"
40.77.167.54 - - [16/Sep/2022:16:42:05 -0700] "GET /index.php?sitemap3427.xml HTTP/1.1" 200 291254 "-" "Mozilla/5.0 AppleWebKit/537.36 (KHTML, like Gecko; compatible; bingbot/2.0; +http://www.bing.com/bingbot.htm) Chrome/103.0.5060.134 Safari/537.36" "mantech8.com"
207.46.13.23 - - [16/Sep/2022:16:42:57 -0700] "GET /?napperkids.xml HTTP/1.1" 200 244174 "-" "Mozilla/5.0 (compatible; bingbot/2.0; +http://www.bing.com/bingbot.htm)" "mantech8.com"
216.244.66.241 - - [16/Sep/2022:16:43:09 -0700] "GET /robots.txt HTTP/1.1" 200 26464 "-" "Mozilla/5.0 (compatible; DotBot/1.2; +https://opensiteexplorer.org/dotbot; help@moz.com)" "www.mantech8.com"
216.244.66.241 - - [16/Sep/2022:16:43:09 -0700] "GET /robots.txt HTTP/1.1" 200 26464 "-" "Mozilla/5.0 (compatible; DotBot/1.2; +https://opensiteexplorer.org/dotbot; help@moz.com)" "mantech8.com"
185.191.171.14 - - [16/Sep/2022:16:43:09 -0700] "GET /?camp-fire%2F32623768.html HTTP/1.1" 500 - "-" "Mozilla/5.0 (compatible; SemrushBot/7~bl; +http://www.semrush.com/bot.html)" "mantech8.com"
207.46.13.23 - - [16/Sep/2022:16:43:36 -0700] "GET /index.php/sitemap6943.xml HTTP/1.1" 200 252322 "-" "Mozilla/5.0 (compatible; bingbot/2.0; +http://www.bing.com/bingbot.htm)" "mantech8.com"
185.191.171.26 - - [16/Sep/2022:16:43:45 -0700] "GET /?camp-fire%2F2408193.html HTTP/1.1" 500 - "-" "Mozilla/5.0 (compatible; SemrushBot/7~bl; +http://www.semrush.com/bot.html)" "mantech8.com"
185.191.171.18 - - [16/Sep/2022:16:43:54 -0700] "GET /?camp-fire%2F8940408.html HTTP/1.1" 500 - "-" "Mozilla/5.0 (compatible; SemrushBot/7~bl; +http://www.semrush.com/bot.html)" "mantech8.com"
185.191.171.37 - - [16/Sep/2022:16:44:01 -0700] "GET /?camp-fire%2F23544065.html HTTP/1.1" 500 - "-" "Mozilla/5.0 (compatible; SemrushBot/7~bl; +http://www.semrush.com/bot.html)" "mantech8.com"
185.191.171.37 - - [16/Sep/2022:16:44:17 -0700] "GET /?camp-fire%2F29495109.html HTTP/1.1" 500 - "-" "Mozilla/5.0 (compatible; SemrushBot/7~bl; +http://www.semrush.com/bot.html)" "mantech8.com"
185.191.171.34 - - [16/Sep/2022:16:44:23 -0700] "GET /?camp-fire%2F23604406.html HTTP/1.1" 500 - "-" "Mozilla/5.0 (compatible; SemrushBot/7~bl; +http://www.semrush.com/bot.html)" "mantech8.com"
207.46.13.106 - - [16/Sep/2022:16:44:23 -0700] "GET /index.php?sitemap198.xml HTTP/1.1" 200 271449 "-" "Mozilla/5.0 (compatible; bingbot/2.0; +http://www.bing.com/bingbot.htm)" "mantech8.com"
157.55.39.86 - - [16/Sep/2022:16:44:52 -0700] "GET /index.php/sitemap241.xml HTTP/1.1" 200 320337 "-" "Mozilla/5.0 (compatible; bingbot/2.0; +http://www.bing.com/bingbot.htm)" "mantech8.com"
185.191.171.9 - - [16/Sep/2022:16:44:57 -0700] "GET /?camp-fire%2F9098742.html HTTP/1.1" 500 - "-" "Mozilla/5.0 (compatible; SemrushBot/7~bl; +http://www.semrush.com/bot.html)" "mantech8.com"
185.191.171.9 - - [16/Sep/2022:16:45:12 -0700] "GET /?camp-fire%2F33105016.html HTTP/1.1" 500 - "-" "Mozilla/5.0 (compatible; SemrushBot/7~bl; +http://www.semrush.com/bot.html)" "mantech8.com"
157.55.39.86 - - [16/Sep/2022:16:45:23 -0700] "GET /index.php?sitemap27.xml HTTP/1.1" 200 269266 "-" "Mozilla/5.0 (compatible; bingbot/2.0; +http://www.bing.com/bingbot.htm)" "mantech8.com"
185.191.171.14 - - [16/Sep/2022:16:45:28 -0700] "GET /?camp-fire%2F20330732.html HTTP/1.1" 500 - "-" "Mozilla/5.0 (compatible; SemrushBot/7~bl; +http://www.semrush.com/bot.html)" "mantech8.com"
185.191.171.43 - - [16/Sep/2022:16:46:33 -0700] "GET /?camp-fire%2F32415160.html HTTP/1.1" 500 - "-" "Mozilla/5.0 (compatible; SemrushBot/7~bl; +http://www.semrush.com/bot.html)" "mantech8.com"
114.119.133.166 - - [16/Sep/2022:16:47:05 -0700] "GET /bimages/gallery/alfacgiapi/py.alfa HTTP/1.1" 200 463 "http://www.mantech8.com/bimages/gallery/alfacgiapi/" "Mozilla/5.0 (Linux; Android 7.0;) AppleWebKit/537.36 (KHTML, like Gecko) Mobile Safari/537.36 (compatible; PetalBot;+https://webmaster.petalsearch.com/site/petalbot)" "www.mantech8.com"
207.46.13.106 - - [16/Sep/2022:16:47:05 -0700] "GET /camp-fire/12872764.html HTTP/1.1" 404 88 "-" "Mozilla/5.0 (compatible; bingbot/2.0; +http://www.bing.com/bingbot.htm)" "www.mantech8.com"
40.77.167.54 - - [16/Sep/2022:16:47:06 -0700] "GET /index.php/sitemap33.xml HTTP/1.1" 200 286705 "-" "Mozilla/5.0 (compatible; bingbot/2.0; +http://www.bing.com/bingbot.htm)" "mantech8.com"
185.191.171.3 - - [16/Sep/2022:16:47:10 -0700] "GET /?camp-fire%2F30171166.html HTTP/1.1" 500 - "-" "Mozilla/5.0 (compatible; SemrushBot/7~bl; +http://www.semrush.com/bot.html)" "mantech8.com"
185.191.171.6 - - [16/Sep/2022:16:47:18 -0700] "GET /?camp-fire%2F38208172.html HTTP/1.1" 500 - "-" "Mozilla/5.0 (compatible; SemrushBot/7~bl; +http://www.semrush.com/bot.html)" "mantech8.com"
157.55.39.86 - - [16/Sep/2022:16:48:04 -0700] "GET /index.php?sitemap7374.xml HTTP/1.1" 200 342510 "-" "Mozilla/5.0 (compatible; bingbot/2.0; +http://www.bing.com/bingbot.htm)" "mantech8.com"
185.191.171.1 - - [16/Sep/2022:16:48:15 -0700] "GET /?camp-fire%2F40157888.html HTTP/1.1" 500 - "-" "Mozilla/5.0 (compatible; SemrushBot/7~bl; +http://www.semrush.com/bot.html)" "mantech8.com"
207.46.13.23 - - [16/Sep/2022:16:48:37 -0700] "GET /index.php/sitemap81.xml HTTP/1.1" 200 251241 "-" "Mozilla/5.0 AppleWebKit/537.36 (KHTML, like Gecko; compatible; bingbot/2.0; +http://www.bing.com/bingbot.htm) Chrome/103.0.5060.134 Safari/537.36" "mantech8.com"
185.191.171.18 - - [16/Sep/2022:16:48:40 -0700] "GET /?camp-fire%2F1233072.html HTTP/1.1" 500 - "-" "Mozilla/5.0 (compatible; SemrushBot/7~bl; +http://www.semrush.com/bot.html)" "mantech8.com"
185.191.171.9 - - [16/Sep/2022:16:48:49 -0700] "GET /?camp-fire%2F16758183.html HTTP/1.1" 500 - "-" "Mozilla/5.0 (compatible; SemrushBot/7~bl; +http://www.semrush.com/bot.html)" "mantech8.com"
185.191.171.4 - - [16/Sep/2022:16:48:50 -0700] "GET /?camp-fire%2F112267550.html HTTP/1.1" 500 - "-" "Mozilla/5.0 (compatible; SemrushBot/7~bl; +http://www.semrush.com/bot.html)" "mantech8.com"
185.191.171.44 - - [16/Sep/2022:16:48:52 -0700] "GET /?camp-fire%2F17651280.html HTTP/1.1" 500 - "-" "Mozilla/5.0 (compatible; SemrushBot/7~bl; +http://www.semrush.com/bot.html)" "mantech8.com"
157.55.39.86 - - [16/Sep/2022:16:48:54 -0700] "GET /index.php?sitemap5.xml HTTP/1.1" 200 327672 "-" "Mozilla/5.0 (compatible; bingbot/2.0; +http://www.bing.com/bingbot.htm)" "mantech8.com"
40.77.167.27 - - [16/Sep/2022:16:48:59 -0700] "GET /?rebeginner.xml HTTP/1.1" 200 252155 "-" "Mozilla/5.0 AppleWebKit/537.36 (KHTML, like Gecko; compatible; bingbot/2.0; +http://www.bing.com/bingbot.htm) Chrome/103.0.5060.134 Safari/537.36" "mantech8.com"
185.191.171.8 - - [16/Sep/2022:16:49:19 -0700] "GET /?camp-fire%2F29525690.html HTTP/1.1" 500 - "-" "Mozilla/5.0 (compatible; SemrushBot/7~bl; +http://www.semrush.com/bot.html)" "mantech8.com"
207.46.13.106 - - [16/Sep/2022:16:49:44 -0700] "GET /index.php/kiger.xml HTTP/1.1" 200 244997 "-" "Mozilla/5.0 (compatible; bingbot/2.0; +http://www.bing.com/bingbot.htm)" "mantech8.com"
40.77.167.27 - - [16/Sep/2022:16:50:06 -0700] "GET /index.php?camp-fire/20851342.html HTTP/1.1" 200 53525 "-" "Mozilla/5.0 (compatible; bingbot/2.0; +http://www.bing.com/bingbot.htm)" "mantech8.com"
185.191.171.13 - - [16/Sep/2022:16:50:39 -0700] "GET /?camp-fire%2F41154602.html HTTP/1.1" 500 - "-" "Mozilla/5.0 (compatible; SemrushBot/7~bl; +http://www.semrush.com/bot.html)" "mantech8.com"
185.191.171.2 - - [16/Sep/2022:16:50:51 -0700] "GET /?camp-fire%2F17590980.html HTTP/1.1" 500 - "-" "Mozilla/5.0 (compatible; SemrushBot/7~bl; +http://www.semrush.com/bot.html)" "mantech8.com"
207.46.13.23 - - [16/Sep/2022:16:50:57 -0700] "GET /index.php/sitemap23.xml HTTP/1.1" 200 344410 "-" "Mozilla/5.0 AppleWebKit/537.36 (KHTML, like Gecko; compatible; bingbot/2.0; +http://www.bing.com/bingbot.htm) Chrome/103.0.5060.134 Safari/537.36" "mantech8.com"
207.46.13.23 - - [16/Sep/2022:16:50:59 -0700] "GET /index.php?sitemap42.xml HTTP/1.1" 200 335032 "-" "Mozilla/5.0 (compatible; bingbot/2.0; +http://www.bing.com/bingbot.htm)" "mantech8.com"
185.191.171.26 - - [16/Sep/2022:16:51:17 -0700] "GET /?camp-fire%2F78925280.html HTTP/1.1" 500 - "-" "Mozilla/5.0 (compatible; SemrushBot/7~bl; +http://www.semrush.com/bot.html)" "mantech8.com"
40.77.167.54 - - [16/Sep/2022:16:51:36 -0700] "GET /index.php/sitemap7286.xml HTTP/1.1" 200 325950 "-" "Mozilla/5.0 (compatible; bingbot/2.0; +http://www.bing.com/bingbot.htm)" "mantech8.com"
40.77.167.27 - - [16/Sep/2022:16:51:40 -0700] "GET /index.php/sitemap696.xml HTTP/1.1" 200 271132 "-" "Mozilla/5.0 (compatible; bingbot/2.0; +http://www.bing.com/bingbot.htm)" "mantech8.com"
185.191.171.5 - - [16/Sep/2022:16:51:59 -0700] "GET /?camp-fire%2F43971309.html HTTP/1.1" 500 - "-" "Mozilla/5.0 (compatible; SemrushBot/7~bl; +http://www.semrush.com/bot.html)" "mantech8.com"
185.191.171.1 - - [16/Sep/2022:16:52:01 -0700] "GET /?camp-fire%2F26183582.html HTTP/1.1" 500 - "-" "Mozilla/5.0 (compatible; SemrushBot/7~bl; +http://www.semrush.com/bot.html)" "mantech8.com"
185.191.171.40 - - [16/Sep/2022:16:52:09 -0700] "GET /?camp-fire%2F31428255.html HTTP/1.1" 500 - "-" "Mozilla/5.0 (compatible; SemrushBot/7~bl; +http://www.semrush.com/bot.html)" "mantech8.com"
207.46.13.106 - - [16/Sep/2022:16:52:14 -0700] "GET /index.php/sitemap3479.xml HTTP/1.1" 200 327520 "-" "Mozilla/5.0 (compatible; bingbot/2.0; +http://www.bing.com/bingbot.htm)" "mantech8.com"
40.77.167.54 - - [16/Sep/2022:16:52:19 -0700] "GET /index.php?sitemap454.xml HTTP/1.1" 200 311558 "-" "Mozilla/5.0 (compatible; bingbot/2.0; +http://www.bing.com/bingbot.htm)" "mantech8.com"
185.191.171.14 - - [16/Sep/2022:16:52:21 -0700] "GET /?camp-fire%2F47877793.html HTTP/1.1" 500 - "-" "Mozilla/5.0 (compatible; SemrushBot/7~bl; +http://www.semrush.com/bot.html)" "mantech8.com"
185.191.171.4 - - [16/Sep/2022:16:52:49 -0700] "GET /?camp-fire%2F33444493.html HTTP/1.1" 500 - "-" "Mozilla/5.0 (compatible; SemrushBot/7~bl; +http://www.semrush.com/bot.html)" "mantech8.com"
114.119.133.190 - - [16/Sep/2022:16:52:49 -0700] "GET /ching-kuo.xml HTTP/1.1" 404 88 "-" "Mozilla/5.0 (Linux; Android 7.0;) AppleWebKit/537.36 (KHTML, like Gecko) Mobile Safari/537.36 (compatible; PetalBot;+https://webmaster.petalsearch.com/site/petalbot)" "mantech8.com"
207.46.13.106 - - [16/Sep/2022:16:52:54 -0700] "GET /index.php?sitemap582.xml HTTP/1.1" 200 315413 "-" "Mozilla/5.0 (compatible; bingbot/2.0; +http://www.bing.com/bingbot.htm)" "mantech8.com"
157.55.39.103 - - [16/Sep/2022:16:53:22 -0700] "GET /index.php/sitemap80.xml HTTP/1.1" 200 302130 "-" "Mozilla/5.0 (compatible; bingbot/2.0; +http://www.bing.com/bingbot.htm)" "mantech8.com"
157.55.39.86 - - [16/Sep/2022:16:53:45 -0700] "GET /index.php/sitemap67.xml HTTP/1.1" 200 344402 "-" "Mozilla/5.0 (compatible; bingbot/2.0; +http://www.bing.com/bingbot.htm)" "mantech8.com"
185.191.171.22 - - [16/Sep/2022:16:53:47 -0700] "GET /?camp-fire%2F27238556.html HTTP/1.1" 500 - "-" "Mozilla/5.0 (compatible; SemrushBot/7~bl; +http://www.semrush.com/bot.html)" "mantech8.com"
40.77.167.54 - - [16/Sep/2022:16:53:57 -0700] "GET /index.php/sitemap4749.xml HTTP/1.1" 200 325420 "-" "Mozilla/5.0 (compatible; bingbot/2.0; +http://www.bing.com/bingbot.htm)" "mantech8.com"
185.191.171.23 - - [16/Sep/2022:16:54:21 -0700] "GET /?camp-fire%2F80937649.html HTTP/1.1" 500 - "-" "Mozilla/5.0 (compatible; SemrushBot/7~bl; +http://www.semrush.com/bot.html)" "mantech8.com"
185.191.171.21 - - [16/Sep/2022:16:54:27 -0700] "GET /?camp-fire%2F14815287.html HTTP/1.1" 500 - "-" "Mozilla/5.0 (compatible; SemrushBot/7~bl; +http://www.semrush.com/bot.html)" "mantech8.com"
185.191.171.44 - - [16/Sep/2022:16:54:56 -0700] "GET /?camp-fire%2F78332608.html HTTP/1.1" 500 - "-" "Mozilla/5.0 (compatible; SemrushBot/7~bl; +http://www.semrush.com/bot.html)" "mantech8.com"
207.46.13.106 - - [16/Sep/2022:16:56:14 -0700] "GET /index.php?sitemap173.xml HTTP/1.1" 200 305435 "-" "Mozilla/5.0 (compatible; bingbot/2.0; +http://www.bing.com/bingbot.htm)" "mantech8.com"
185.191.171.4 - - [16/Sep/2022:16:56:27 -0700] "GET /?camp-fire%2F38931892.html HTTP/1.1" 500 - "-" "Mozilla/5.0 (compatible; SemrushBot/7~bl; +http://www.semrush.com/bot.html)" "mantech8.com"
185.191.171.25 - - [16/Sep/2022:16:56:43 -0700] "GET /?camp-fire%2F10187590.html HTTP/1.1" 500 - "-" "Mozilla/5.0 (compatible; SemrushBot/7~bl; +http://www.semrush.com/bot.html)" "mantech8.com"
185.191.171.42 - - [16/Sep/2022:16:57:16 -0700] "GET /?camp-fire%2F42370551.html HTTP/1.1" 500 - "-" "Mozilla/5.0 (compatible; SemrushBot/7~bl; +http://www.semrush.com/bot.html)" "mantech8.com"
40.77.167.54 - - [16/Sep/2022:16:57:17 -0700] "GET /?sitemap95.xml HTTP/1.1" 200 297332 "-" "Mozilla/5.0 AppleWebKit/537.36 (KHTML, like Gecko; compatible; bingbot/2.0; +http://www.bing.com/bingbot.htm) Chrome/103.0.5060.134 Safari/537.36" "mantech8.com"
185.191.171.3 - - [16/Sep/2022:16:57:28 -0700] "GET /?camp-fire%2F28394835.html HTTP/1.1" 500 - "-" "Mozilla/5.0 (compatible; SemrushBot/7~bl; +http://www.semrush.com/bot.html)" "mantech8.com"
185.191.171.15 - - [16/Sep/2022:16:57:37 -0700] "GET /?camp-fire%2F25907056.html HTTP/1.1" 500 - "-" "Mozilla/5.0 (compatible; SemrushBot/7~bl; +http://www.semrush.com/bot.html)" "mantech8.com"
185.191.171.9 - - [16/Sep/2022:16:57:44 -0700] "GET /?camp-fire%2F29708983.html HTTP/1.1" 500 - "-" "Mozilla/5.0 (compatible; SemrushBot/7~bl; +http://www.semrush.com/bot.html)" "mantech8.com"
207.46.13.106 - - [16/Sep/2022:16:57:56 -0700] "GET /index.php/sitemap95.xml HTTP/1.1" 200 249396 "-" "Mozilla/5.0 (compatible; bingbot/2.0; +http://www.bing.com/bingbot.htm)" "mantech8.com"
157.55.39.103 - - [16/Sep/2022:16:58:03 -0700] "GET /index.php/sitemap1100.xml HTTP/1.1" 200 291894 "-" "Mozilla/5.0 (compatible; bingbot/2.0; +http://www.bing.com/bingbot.htm)" "mantech8.com"
185.191.171.3 - - [16/Sep/2022:16:58:08 -0700] "GET /?camp-fire%2F2523951.html HTTP/1.1" 500 - "-" "Mozilla/5.0 (compatible; SemrushBot/7~bl; +http://www.semrush.com/bot.html)" "mantech8.com"
185.191.171.3 - - [16/Sep/2022:16:58:23 -0700] "GET /?camp-fire%2F17490165.html HTTP/1.1" 500 - "-" "Mozilla/5.0 (compatible; SemrushBot/7~bl; +http://www.semrush.com/bot.html)" "mantech8.com"
185.191.171.37 - - [16/Sep/2022:16:58:28 -0700] "GET /?camp-fire%2F25030350.html HTTP/1.1" 500 - "-" "Mozilla/5.0 (compatible; SemrushBot/7~bl; +http://www.semrush.com/bot.html)" "mantech8.com"
114.119.133.190 - - [16/Sep/2022:16:58:35 -0700] "GET /scaffoldinggal.php HTTP/1.1" 200 22289 "http://mantech8.com/head1.php" "Mozilla/5.0 (Linux; Android 7.0;) AppleWebKit/537.36 (KHTML, like Gecko) Mobile Safari/537.36 (compatible; PetalBot;+https://webmaster.petalsearch.com/site/petalbot)" "mantech8.com"
45.154.14.104 - - [16/Sep/2022:16:58:55 -0700] "GET /contact.php HTTP/1.1" 200 29238 "http://mantech8.com/contact.php" "Mozilla/5.0 (Windows NT 10.0) AppleWebKit/537.36 (KHTML, like Gecko) Chrome/90.0.4430.93 Safari/537.36" "mantech8.com"
45.154.14.104 - - [16/Sep/2022:16:58:57 -0700] "POST /mailer.php HTTP/1.1" 500 - "http://mantech8.com/contact.php" "Mozilla/5.0 (Windows NT 10.0) AppleWebKit/537.36 (KHTML, like Gecko) Chrome/90.0.4430.93 Safari/537.36" "mantech8.com"
185.191.171.41 - - [16/Sep/2022:16:59:10 -0700] "GET /?camp-fire%2F7805842.html HTTP/1.1" 500 - "-" "Mozilla/5.0 (compatible; SemrushBot/7~bl; +http://www.semrush.com/bot.html)" "mantech8.com"
185.191.171.37 - - [16/Sep/2022:16:59:12 -0700] "GET /?camp-fire%2F2436693.html HTTP/1.1" 500 - "-" "Mozilla/5.0 (compatible; SemrushBot/7~bl; +http://www.semrush.com/bot.html)" "mantech8.com"
207.46.13.23 - - [16/Sep/2022:16:59:18 -0700] "GET /index.php?sitemap87.xml HTTP/1.1" 200 237655 "-" "Mozilla/5.0 (compatible; bingbot/2.0; +http://www.bing.com/bingbot.htm)" "mantech8.com"
157.55.39.103 - - [16/Sep/2022:16:59:23 -0700] "GET /index.php/sitemap387.xml HTTP/1.1" 200 285440 "-" "Mozilla/5.0 (compatible; bingbot/2.0; +http://www.bing.com/bingbot.htm)" "mantech8.com"
185.191.171.10 - - [16/Sep/2022:16:59:26 -0700] "GET /?camp-fire%2F40008676.html HTTP/1.1" 500 - "-" "Mozilla/5.0 (compatible; SemrushBot/7~bl; +http://www.semrush.com/bot.html)" "mantech8.com"
