185.191.171.43 - - [16/Sep/2022:10:03:45 -0700] "GET /?camp-fire%2F14586024.html HTTP/1.1" 500 - "-" "Mozilla/5.0 (compatible; SemrushBot/7~bl; +http://www.semrush.com/bot.html)" "mantech8.com"
185.191.171.2 - - [16/Sep/2022:10:04:07 -0700] "GET /?camp-fire%2F5293465.html HTTP/1.1" 500 - "-" "Mozilla/5.0 (compatible; SemrushBot/7~bl; +http://www.semrush.com/bot.html)" "mantech8.com"
185.191.171.21 - - [16/Sep/2022:10:04:26 -0700] "GET /?camp-fire%2F39761735.html HTTP/1.1" 500 - "-" "Mozilla/5.0 (compatible; SemrushBot/7~bl; +http://www.semrush.com/bot.html)" "mantech8.com"
207.46.13.23 - - [16/Sep/2022:10:04:29 -0700] "GET /index.php?sitemap6069.xml HTTP/1.1" 200 298134 "-" "Mozilla/5.0 (compatible; bingbot/2.0; +http://www.bing.com/bingbot.htm)" "mantech8.com"
185.191.171.13 - - [16/Sep/2022:10:05:17 -0700] "GET /?camp-fire%2F25936076.html HTTP/1.1" 500 - "-" "Mozilla/5.0 (compatible; SemrushBot/7~bl; +http://www.semrush.com/bot.html)" "mantech8.com"
185.191.171.44 - - [16/Sep/2022:10:05:38 -0700] "GET /?camp-fire%2F4875255.html HTTP/1.1" 500 - "-" "Mozilla/5.0 (compatible; SemrushBot/7~bl; +http://www.semrush.com/bot.html)" "mantech8.com"
207.46.13.106 - - [16/Sep/2022:10:05:45 -0700] "GET /?sitemap43154.xml HTTP/1.1" 200 265094 "-" "Mozilla/5.0 (compatible; bingbot/2.0; +http://www.bing.com/bingbot.htm)" "mantech8.com"
185.191.171.11 - - [16/Sep/2022:10:05:46 -0700] "GET /?camp-fire%2F19083832.html HTTP/1.1" 500 - "-" "Mozilla/5.0 (compatible; SemrushBot/7~bl; +http://www.semrush.com/bot.html)" "mantech8.com"
157.55.39.103 - - [16/Sep/2022:10:06:02 -0700] "GET /index.php?sitemap213.xml HTTP/1.1" 200 305820 "-" "Mozilla/5.0 (compatible; bingbot/2.0; +http://www.bing.com/bingbot.htm)" "mantech8.com"
157.55.39.103 - - [16/Sep/2022:10:06:04 -0700] "GET /index.php/sitemap2842.xml HTTP/1.1" 200 326914 "-" "Mozilla/5.0 (compatible; bingbot/2.0; +http://www.bing.com/bingbot.htm)" "mantech8.com"
157.55.39.86 - - [16/Sep/2022:10:06:35 -0700] "GET /camp-fire/16980324.html HTTP/1.1" 404 88 "-" "Mozilla/5.0 (compatible; bingbot/2.0; +http://www.bing.com/bingbot.htm)" "mantech8.com"
185.191.171.44 - - [16/Sep/2022:10:06:37 -0700] "GET /?camp-fire%2F57720696.html HTTP/1.1" 500 - "-" "Mozilla/5.0 (compatible; SemrushBot/7~bl; +http://www.semrush.com/bot.html)" "mantech8.com"
185.191.171.13 - - [16/Sep/2022:10:07:03 -0700] "GET /?camp-fire%2F35073725.html HTTP/1.1" 500 - "-" "Mozilla/5.0 (compatible; SemrushBot/7~bl; +http://www.semrush.com/bot.html)" "mantech8.com"
207.46.13.106 - - [16/Sep/2022:10:07:05 -0700] "GET /index.php?sitemap5027.xml HTTP/1.1" 200 279616 "-" "Mozilla/5.0 (compatible; bingbot/2.0; +http://www.bing.com/bingbot.htm)" "mantech8.com"
207.46.13.23 - - [16/Sep/2022:10:07:10 -0700] "GET /index.php?sitemap200.xml HTTP/1.1" 200 296822 "-" "Mozilla/5.0 AppleWebKit/537.36 (KHTML, like Gecko; compatible; bingbot/2.0; +http://www.bing.com/bingbot.htm) Chrome/103.0.5060.134 Safari/537.36" "mantech8.com"
40.77.167.54 - - [16/Sep/2022:10:07:18 -0700] "GET /index.php?sitemap895.xml HTTP/1.1" 200 240991 "-" "Mozilla/5.0 (compatible; bingbot/2.0; +http://www.bing.com/bingbot.htm)" "mantech8.com"
185.191.171.17 - - [16/Sep/2022:10:07:28 -0700] "GET /?camp-fire%2F36089650.html HTTP/1.1" 500 - "-" "Mozilla/5.0 (compatible; SemrushBot/7~bl; +http://www.semrush.com/bot.html)" "mantech8.com"
185.191.171.42 - - [16/Sep/2022:10:07:31 -0700] "GET /?camp-fire%2F31694341.html HTTP/1.1" 500 - "-" "Mozilla/5.0 (compatible; SemrushBot/7~bl; +http://www.semrush.com/bot.html)" "mantech8.com"
185.191.171.25 - - [16/Sep/2022:10:07:47 -0700] "GET /?camp-fire%2F28642597.html HTTP/1.1" 500 - "-" "Mozilla/5.0 (compatible; SemrushBot/7~bl; +http://www.semrush.com/bot.html)" "mantech8.com"
40.77.167.27 - - [16/Sep/2022:10:08:27 -0700] "GET /index.php/sitemap873.xml HTTP/1.1" 200 310454 "-" "Mozilla/5.0 (compatible; bingbot/2.0; +http://www.bing.com/bingbot.htm)" "mantech8.com"
40.77.167.54 - - [16/Sep/2022:10:08:38 -0700] "GET /index.php?sitemap866.xml HTTP/1.1" 200 242286 "-" "Mozilla/5.0 (compatible; bingbot/2.0; +http://www.bing.com/bingbot.htm)" "mantech8.com"
207.46.13.106 - - [16/Sep/2022:10:08:45 -0700] "GET /index.php/viton.xml HTTP/1.1" 200 290395 "-" "Mozilla/5.0 AppleWebKit/537.36 (KHTML, like Gecko; compatible; bingbot/2.0; +http://www.bing.com/bingbot.htm) Chrome/103.0.5060.134 Safari/537.36" "mantech8.com"
185.191.171.15 - - [16/Sep/2022:10:09:08 -0700] "GET /?camp-fire%2F1407359.html HTTP/1.1" 500 - "-" "Mozilla/5.0 (compatible; SemrushBot/7~bl; +http://www.semrush.com/bot.html)" "mantech8.com"
185.191.171.44 - - [16/Sep/2022:10:09:29 -0700] "GET /?camp-fire%2F1818751.html HTTP/1.1" 500 - "-" "Mozilla/5.0 (compatible; SemrushBot/7~bl; +http://www.semrush.com/bot.html)" "mantech8.com"
207.46.13.23 - - [16/Sep/2022:10:09:30 -0700] "GET /?sitemap3.xml HTTP/1.1" 200 273356 "-" "Mozilla/5.0 (compatible; bingbot/2.0; +http://www.bing.com/bingbot.htm)" "mantech8.com"
207.46.13.23 - - [16/Sep/2022:10:09:59 -0700] "GET /index.php?sitemap3655.xml HTTP/1.1" 200 255594 "-" "Mozilla/5.0 (compatible; bingbot/2.0; +http://www.bing.com/bingbot.htm)" "mantech8.com"
40.77.167.54 - - [16/Sep/2022:10:10:38 -0700] "GET /index.php?sitemap6085.xml HTTP/1.1" 200 248369 "-" "Mozilla/5.0 (compatible; bingbot/2.0; +http://www.bing.com/bingbot.htm)" "mantech8.com"
185.191.171.15 - - [16/Sep/2022:10:10:41 -0700] "GET /?camp-fire%2F79190150.html HTTP/1.1" 500 - "-" "Mozilla/5.0 (compatible; SemrushBot/7~bl; +http://www.semrush.com/bot.html)" "mantech8.com"
185.191.171.26 - - [16/Sep/2022:10:10:50 -0700] "GET /?camp-fire%2F72736480.html HTTP/1.1" 500 - "-" "Mozilla/5.0 (compatible; SemrushBot/7~bl; +http://www.semrush.com/bot.html)" "mantech8.com"
185.191.171.22 - - [16/Sep/2022:10:10:52 -0700] "GET /robots.txt HTTP/1.1" 200 2442 "-" "Mozilla/5.0 (compatible; SemrushBot/7~bl; +http://www.semrush.com/bot.html)" "www.mantech8.com"
185.191.171.35 - - [16/Sep/2022:10:10:52 -0700] "GET /?camp-fire%2F20798135.html HTTP/1.1" 500 - "-" "Mozilla/5.0 (compatible; SemrushBot/7~bl; +http://www.semrush.com/bot.html)" "mantech8.com"
185.191.171.24 - - [16/Sep/2022:10:10:53 -0700] "GET /corevalues.php HTTP/1.1" 200 14806 "-" "Mozilla/5.0 (compatible; SemrushBot/7~bl; +http://www.semrush.com/bot.html)" "www.mantech8.com"
40.77.167.27 - - [16/Sep/2022:10:11:07 -0700] "GET /index.php/sitemap318.xml HTTP/1.1" 200 301798 "-" "Mozilla/5.0 (compatible; bingbot/2.0; +http://www.bing.com/bingbot.htm)" "mantech8.com"
157.55.39.103 - - [16/Sep/2022:10:11:22 -0700] "GET /index.php?curlyhead.xml HTTP/1.1" 200 256020 "-" "Mozilla/5.0 (compatible; bingbot/2.0; +http://www.bing.com/bingbot.htm)" "mantech8.com"
185.191.171.38 - - [16/Sep/2022:10:11:25 -0700] "GET /?camp-fire%2F47127571.html HTTP/1.1" 500 - "-" "Mozilla/5.0 (compatible; SemrushBot/7~bl; +http://www.semrush.com/bot.html)" "mantech8.com"
185.191.171.23 - - [16/Sep/2022:10:11:37 -0700] "GET /?camp-fire%2F30651955.html HTTP/1.1" 500 - "-" "Mozilla/5.0 (compatible; SemrushBot/7~bl; +http://www.semrush.com/bot.html)" "mantech8.com"
157.55.39.103 - - [16/Sep/2022:10:11:42 -0700] "GET /?sitemap59.xml HTTP/1.1" 200 288320 "-" "Mozilla/5.0 (compatible; bingbot/2.0; +http://www.bing.com/bingbot.htm)" "mantech8.com"
185.191.171.34 - - [16/Sep/2022:10:11:48 -0700] "GET /?camp-fire%2F11484609.html HTTP/1.1" 500 - "-" "Mozilla/5.0 (compatible; SemrushBot/7~bl; +http://www.semrush.com/bot.html)" "mantech8.com"
185.191.171.7 - - [16/Sep/2022:10:11:49 -0700] "GET /?camp-fire%2F45531238.html HTTP/1.1" 500 - "-" "Mozilla/5.0 (compatible; SemrushBot/7~bl; +http://www.semrush.com/bot.html)" "mantech8.com"
40.77.167.27 - - [16/Sep/2022:10:12:07 -0700] "GET /index.php/sitemap880.xml HTTP/1.1" 200 259006 "-" "Mozilla/5.0 (compatible; bingbot/2.0; +http://www.bing.com/bingbot.htm)" "mantech8.com"
185.191.171.23 - - [16/Sep/2022:10:12:09 -0700] "GET /?camp-fire%2F19022432.html HTTP/1.1" 500 - "-" "Mozilla/5.0 (compatible; SemrushBot/7~bl; +http://www.semrush.com/bot.html)" "mantech8.com"
185.191.171.8 - - [16/Sep/2022:10:12:14 -0700] "GET /?camp-fire%2F28022659.html HTTP/1.1" 500 - "-" "Mozilla/5.0 (compatible; SemrushBot/7~bl; +http://www.semrush.com/bot.html)" "mantech8.com"
185.191.171.6 - - [16/Sep/2022:10:12:16 -0700] "GET /?camp-fire%2F42142849.html HTTP/1.1" 500 - "-" "Mozilla/5.0 (compatible; SemrushBot/7~bl; +http://www.semrush.com/bot.html)" "mantech8.com"
157.55.39.200 - - [16/Sep/2022:10:12:17 -0700] "GET /robots.txt HTTP/1.1" 200 2442 "-" "Mozilla/5.0 AppleWebKit/537.36 (KHTML, like Gecko; compatible; bingbot/2.0; +http://www.bing.com/bingbot.htm) Chrome/103.0.5060.134 Safari/537.36" "www.mantech8.com"
207.46.13.23 - - [16/Sep/2022:10:12:19 -0700] "GET / HTTP/1.1" 200 47013 "-" "Mozilla/5.0 AppleWebKit/537.36 (KHTML, like Gecko; compatible; bingbot/2.0; +http://www.bing.com/bingbot.htm) Chrome/103.0.5060.134 Safari/537.36" "www.mantech8.com"
207.46.13.106 - - [16/Sep/2022:10:12:25 -0700] "GET /index.php/sitemap321.xml HTTP/1.1" 200 333412 "-" "Mozilla/5.0 AppleWebKit/537.36 (KHTML, like Gecko; compatible; bingbot/2.0; +http://www.bing.com/bingbot.htm) Chrome/103.0.5060.134 Safari/537.36" "mantech8.com"
207.46.13.106 - - [16/Sep/2022:10:12:26 -0700] "GET /index.php/sitemap3113.xml HTTP/1.1" 200 237751 "-" "Mozilla/5.0 (compatible; bingbot/2.0; +http://www.bing.com/bingbot.htm)" "mantech8.com"
185.191.171.25 - - [16/Sep/2022:10:12:28 -0700] "GET /?camp-fire%2F83949741.html HTTP/1.1" 500 - "-" "Mozilla/5.0 (compatible; SemrushBot/7~bl; +http://www.semrush.com/bot.html)" "mantech8.com"
185.191.171.38 - - [16/Sep/2022:10:12:34 -0700] "GET /?camp-fire%2F1401853.html HTTP/1.1" 500 - "-" "Mozilla/5.0 (compatible; SemrushBot/7~bl; +http://www.semrush.com/bot.html)" "mantech8.com"
114.119.133.165 - - [16/Sep/2022:10:12:34 -0700] "GET /?sitemap8196.xml HTTP/1.1" 200 274136 "-" "Mozilla/5.0 (compatible;PetalBot;+https://webmaster.petalsearch.com/site/petalbot)" "mantech8.com"
207.46.13.106 - - [16/Sep/2022:10:12:36 -0700] "GET /index.php/sitemap118.xml HTTP/1.1" 200 244994 "-" "Mozilla/5.0 (compatible; bingbot/2.0; +http://www.bing.com/bingbot.htm)" "mantech8.com"
157.55.39.103 - - [16/Sep/2022:10:12:42 -0700] "GET /?dehydrochlorinases.xml HTTP/1.1" 200 321125 "-" "Mozilla/5.0 (compatible; bingbot/2.0; +http://www.bing.com/bingbot.htm)" "mantech8.com"
40.77.167.27 - - [16/Sep/2022:10:13:27 -0700] "GET /index.php?sitemap671.xml HTTP/1.1" 200 312662 "-" "Mozilla/5.0 (compatible; bingbot/2.0; +http://www.bing.com/bingbot.htm)" "mantech8.com"
185.191.171.45 - - [16/Sep/2022:10:14:07 -0700] "GET /?camp-fire%2F26543082.html HTTP/1.1" 500 - "-" "Mozilla/5.0 (compatible; SemrushBot/7~bl; +http://www.semrush.com/bot.html)" "mantech8.com"
40.77.167.54 - - [16/Sep/2022:10:15:09 -0700] "GET /index.php/sitemap369.xml HTTP/1.1" 200 318144 "-" "Mozilla/5.0 AppleWebKit/537.36 (KHTML, like Gecko; compatible; bingbot/2.0; +http://www.bing.com/bingbot.htm) Chrome/103.0.5060.134 Safari/537.36" "mantech8.com"
157.55.39.103 - - [16/Sep/2022:10:15:23 -0700] "GET /?limunu.xml HTTP/1.1" 200 275444 "-" "Mozilla/5.0 AppleWebKit/537.36 (KHTML, like Gecko; compatible; bingbot/2.0; +http://www.bing.com/bingbot.htm) Chrome/103.0.5060.134 Safari/537.36" "mantech8.com"
40.77.167.27 - - [16/Sep/2022:10:15:27 -0700] "GET /index.php/sitemap6111.xml HTTP/1.1" 200 309758 "-" "Mozilla/5.0 AppleWebKit/537.36 (KHTML, like Gecko; compatible; bingbot/2.0; +http://www.bing.com/bingbot.htm) Chrome/103.0.5060.134 Safari/537.36" "mantech8.com"
40.77.167.54 - - [16/Sep/2022:10:15:38 -0700] "GET /index.php/sitemap467.xml HTTP/1.1" 200 328475 "-" "Mozilla/5.0 (compatible; bingbot/2.0; +http://www.bing.com/bingbot.htm)" "mantech8.com"
185.191.171.20 - - [16/Sep/2022:10:15:45 -0700] "GET /?camp-fire%2F38374081.html HTTP/1.1" 500 - "-" "Mozilla/5.0 (compatible; SemrushBot/7~bl; +http://www.semrush.com/bot.html)" "mantech8.com"
185.191.171.10 - - [16/Sep/2022:10:15:59 -0700] "GET /?camp-fire%2F33679808.html HTTP/1.1" 500 - "-" "Mozilla/5.0 (compatible; SemrushBot/7~bl; +http://www.semrush.com/bot.html)" "mantech8.com"
185.191.171.41 - - [16/Sep/2022:10:16:02 -0700] "GET /?camp-fire%2F11621659.html HTTP/1.1" 500 - "-" "Mozilla/5.0 (compatible; SemrushBot/7~bl; +http://www.semrush.com/bot.html)" "mantech8.com"
185.191.171.1 - - [16/Sep/2022:10:16:14 -0700] "GET /?camp-fire%2F96848565.html HTTP/1.1" 500 - "-" "Mozilla/5.0 (compatible; SemrushBot/7~bl; +http://www.semrush.com/bot.html)" "mantech8.com"
185.191.171.4 - - [16/Sep/2022:10:17:00 -0700] "GET /?camp-fire%2F21700817.html HTTP/1.1" 500 - "-" "Mozilla/5.0 (compatible; SemrushBot/7~bl; +http://www.semrush.com/bot.html)" "mantech8.com"
185.191.171.2 - - [16/Sep/2022:10:17:08 -0700] "GET /?camp-fire%2F18038381.html HTTP/1.1" 500 - "-" "Mozilla/5.0 (compatible; SemrushBot/7~bl; +http://www.semrush.com/bot.html)" "mantech8.com"
185.191.171.7 - - [16/Sep/2022:10:17:18 -0700] "GET /?camp-fire%2F40065959.html HTTP/1.1" 500 - "-" "Mozilla/5.0 (compatible; SemrushBot/7~bl; +http://www.semrush.com/bot.html)" "mantech8.com"
185.191.171.11 - - [16/Sep/2022:10:17:20 -0700] "GET /?camp-fire%2F71272960.html HTTP/1.1" 500 - "-" "Mozilla/5.0 (compatible; SemrushBot/7~bl; +http://www.semrush.com/bot.html)" "mantech8.com"
185.191.171.34 - - [16/Sep/2022:10:18:08 -0700] "GET /?camp-fire%2F40358450.html HTTP/1.1" 500 - "-" "Mozilla/5.0 (compatible; SemrushBot/7~bl; +http://www.semrush.com/bot.html)" "mantech8.com"
185.191.171.43 - - [16/Sep/2022:10:18:35 -0700] "GET /?camp-fire%2F41570287.html HTTP/1.1" 500 - "-" "Mozilla/5.0 (compatible; SemrushBot/7~bl; +http://www.semrush.com/bot.html)" "mantech8.com"
185.191.171.10 - - [16/Sep/2022:10:18:37 -0700] "GET /?camp-fire%2F32506468.html HTTP/1.1" 500 - "-" "Mozilla/5.0 (compatible; SemrushBot/7~bl; +http://www.semrush.com/bot.html)" "mantech8.com"
114.119.133.182 - - [16/Sep/2022:10:19:02 -0700] "GET /index.php?takiko.xml HTTP/1.1" 200 242431 "-" "Mozilla/5.0 (compatible;PetalBot;+https://webmaster.petalsearch.com/site/petalbot)" "mantech8.com"
185.191.171.10 - - [16/Sep/2022:10:19:03 -0700] "GET /?camp-fire%2F25152455.html HTTP/1.1" 500 - "-" "Mozilla/5.0 (compatible; SemrushBot/7~bl; +http://www.semrush.com/bot.html)" "mantech8.com"
185.191.171.34 - - [16/Sep/2022:10:19:09 -0700] "GET /?camp-fire%2F28997609.html HTTP/1.1" 500 - "-" "Mozilla/5.0 (compatible; SemrushBot/7~bl; +http://www.semrush.com/bot.html)" "mantech8.com"
185.191.171.22 - - [16/Sep/2022:10:19:10 -0700] "GET /?camp-fire%2F26094651.html HTTP/1.1" 500 - "-" "Mozilla/5.0 (compatible; SemrushBot/7~bl; +http://www.semrush.com/bot.html)" "mantech8.com"
207.46.13.106 - - [16/Sep/2022:10:19:26 -0700] "GET /index.php?sitemap10000.xml HTTP/1.1" 200 309390 "-" "Mozilla/5.0 (compatible; bingbot/2.0; +http://www.bing.com/bingbot.htm)" "mantech8.com"
185.191.171.45 - - [16/Sep/2022:10:19:48 -0700] "GET /?camp-fire%2F45816649.html HTTP/1.1" 500 - "-" "Mozilla/5.0 (compatible; SemrushBot/7~bl; +http://www.semrush.com/bot.html)" "mantech8.com"
185.191.171.6 - - [16/Sep/2022:10:20:39 -0700] "GET /?camp-fire%2F61615098.html HTTP/1.1" 500 - "-" "Mozilla/5.0 (compatible; SemrushBot/7~bl; +http://www.semrush.com/bot.html)" "mantech8.com"
185.191.171.39 - - [16/Sep/2022:10:21:30 -0700] "GET /?camp-fire%2F28050471.html HTTP/1.1" 500 - "-" "Mozilla/5.0 (compatible; SemrushBot/7~bl; +http://www.semrush.com/bot.html)" "mantech8.com"
185.191.171.15 - - [16/Sep/2022:10:21:46 -0700] "GET /robots.txt HTTP/1.1" 200 2442 "-" "Mozilla/5.0 (compatible; SemrushBot/7~bl; +http://www.semrush.com/bot.html)" "mantech8.com"
185.191.171.5 - - [16/Sep/2022:10:21:46 -0700] "GET /?camp-fire%2F43577870.html HTTP/1.1" 500 - "-" "Mozilla/5.0 (compatible; SemrushBot/7~bl; +http://www.semrush.com/bot.html)" "mantech8.com"
157.55.39.103 - - [16/Sep/2022:10:21:53 -0700] "GET /index.php/sitemap43040.xml HTTP/1.1" 200 239470 "-" "Mozilla/5.0 (compatible; bingbot/2.0; +http://www.bing.com/bingbot.htm)" "mantech8.com"
185.191.171.39 - - [16/Sep/2022:10:22:06 -0700] "GET /?camp-fire%2F16830426.html HTTP/1.1" 500 - "-" "Mozilla/5.0 (compatible; SemrushBot/7~bl; +http://www.semrush.com/bot.html)" "mantech8.com"
185.191.171.37 - - [16/Sep/2022:10:22:24 -0700] "GET /?camp-fire%2F54454003.html HTTP/1.1" 500 - "-" "Mozilla/5.0 (compatible; SemrushBot/7~bl; +http://www.semrush.com/bot.html)" "mantech8.com"
114.119.133.182 - - [16/Sep/2022:10:22:39 -0700] "GET /housewifelinesses.xml HTTP/1.1" 404 88 "-" "Mozilla/5.0 (Linux; Android 7.0;) AppleWebKit/537.36 (KHTML, like Gecko) Mobile Safari/537.36 (compatible; PetalBot;+https://webmaster.petalsearch.com/site/petalbot)" "mantech8.com"
157.55.39.86 - - [16/Sep/2022:10:22:45 -0700] "GET /?sitemap4357.xml HTTP/1.1" 200 264893 "-" "Mozilla/5.0 AppleWebKit/537.36 (KHTML, like Gecko; compatible; bingbot/2.0; +http://www.bing.com/bingbot.htm) Chrome/103.0.5060.134 Safari/537.36" "mantech8.com"
185.191.171.15 - - [16/Sep/2022:10:22:54 -0700] "GET /?camp-fire%2F16659065.html HTTP/1.1" 500 - "-" "Mozilla/5.0 (compatible; SemrushBot/7~bl; +http://www.semrush.com/bot.html)" "mantech8.com"
157.55.39.103 - - [16/Sep/2022:10:23:03 -0700] "GET /index.php/sitemap42187.xml HTTP/1.1" 200 301249 "-" "Mozilla/5.0 (compatible; bingbot/2.0; +http://www.bing.com/bingbot.htm)" "mantech8.com"
185.191.171.15 - - [16/Sep/2022:10:23:48 -0700] "GET /?camp-fire%2F1259100.html HTTP/1.1" 500 - "-" "Mozilla/5.0 (compatible; SemrushBot/7~bl; +http://www.semrush.com/bot.html)" "mantech8.com"
185.191.171.18 - - [16/Sep/2022:10:23:49 -0700] "GET /?camp-fire%2F33684008.html HTTP/1.1" 500 - "-" "Mozilla/5.0 (compatible; SemrushBot/7~bl; +http://www.semrush.com/bot.html)" "mantech8.com"
185.191.171.18 - - [16/Sep/2022:10:24:13 -0700] "GET /?camp-fire%2F14470608.html HTTP/1.1" 500 - "-" "Mozilla/5.0 (compatible; SemrushBot/7~bl; +http://www.semrush.com/bot.html)" "mantech8.com"
185.191.171.22 - - [16/Sep/2022:10:24:24 -0700] "GET /?camp-fire%2F26039676.html HTTP/1.1" 500 - "-" "Mozilla/5.0 (compatible; SemrushBot/7~bl; +http://www.semrush.com/bot.html)" "mantech8.com"
157.55.39.103 - - [16/Sep/2022:10:24:24 -0700] "GET /index.php/sitemap825.xml HTTP/1.1" 200 286753 "-" "Mozilla/5.0 (compatible; bingbot/2.0; +http://www.bing.com/bingbot.htm)" "mantech8.com"
185.191.171.37 - - [16/Sep/2022:10:24:58 -0700] "GET /?camp-fire%2F33692808.html HTTP/1.1" 500 - "-" "Mozilla/5.0 (compatible; SemrushBot/7~bl; +http://www.semrush.com/bot.html)" "mantech8.com"
185.191.171.22 - - [16/Sep/2022:10:25:04 -0700] "GET /?camp-fire%2F15628046.html HTTP/1.1" 500 - "-" "Mozilla/5.0 (compatible; SemrushBot/7~bl; +http://www.semrush.com/bot.html)" "mantech8.com"
185.191.171.35 - - [16/Sep/2022:10:25:43 -0700] "GET /?camp-fire%2F58434034.html HTTP/1.1" 500 - "-" "Mozilla/5.0 (compatible; SemrushBot/7~bl; +http://www.semrush.com/bot.html)" "mantech8.com"
185.191.171.45 - - [16/Sep/2022:10:26:43 -0700] "GET /?camp-fire%2F8142678.html HTTP/1.1" 500 - "-" "Mozilla/5.0 (compatible; SemrushBot/7~bl; +http://www.semrush.com/bot.html)" "mantech8.com"
185.191.171.23 - - [16/Sep/2022:10:26:53 -0700] "GET /?camp-fire%2F66635077.html HTTP/1.1" 500 - "-" "Mozilla/5.0 (compatible; SemrushBot/7~bl; +http://www.semrush.com/bot.html)" "mantech8.com"
157.55.39.86 - - [16/Sep/2022:10:27:07 -0700] "GET /index.php/sitemap6159.xml HTTP/1.1" 200 335518 "-" "Mozilla/5.0 (compatible; bingbot/2.0; +http://www.bing.com/bingbot.htm)" "mantech8.com"
185.191.171.33 - - [16/Sep/2022:10:27:09 -0700] "GET /?camp-fire%2F42208549.html HTTP/1.1" 500 - "-" "Mozilla/5.0 (compatible; SemrushBot/7~bl; +http://www.semrush.com/bot.html)" "mantech8.com"
185.191.171.41 - - [16/Sep/2022:10:27:22 -0700] "GET /?camp-fire%2F18755680.html HTTP/1.1" 500 - "-" "Mozilla/5.0 (compatible; SemrushBot/7~bl; +http://www.semrush.com/bot.html)" "mantech8.com"
185.191.171.24 - - [16/Sep/2022:10:28:10 -0700] "GET /?camp-fire%2F32002735.html HTTP/1.1" 500 - "-" "Mozilla/5.0 (compatible; SemrushBot/7~bl; +http://www.semrush.com/bot.html)" "mantech8.com"
185.191.171.2 - - [16/Sep/2022:10:28:35 -0700] "GET /?camp-fire%2F14625924.html HTTP/1.1" 500 - "-" "Mozilla/5.0 (compatible; SemrushBot/7~bl; +http://www.semrush.com/bot.html)" "mantech8.com"
114.119.133.158 - - [16/Sep/2022:10:28:43 -0700] "GET /bimages/service/thump/mqfkylxr.php HTTP/1.1" 200 32 "http://mantech8.com/bimages/service/thump/?C=N%3BO%3DD" "Mozilla/5.0 (Linux; Android 7.0;) AppleWebKit/537.36 (KHTML, like Gecko) Mobile Safari/537.36 (compatible; PetalBot;+https://webmaster.petalsearch.com/site/petalbot)" "mantech8.com"
157.55.39.86 - - [16/Sep/2022:10:28:46 -0700] "GET /index.php/sitemap436.xml HTTP/1.1" 200 306021 "-" "Mozilla/5.0 (compatible; bingbot/2.0; +http://www.bing.com/bingbot.htm)" "mantech8.com"
185.191.171.18 - - [16/Sep/2022:10:29:02 -0700] "GET /?camp-fire%2F34987308.html HTTP/1.1" 500 - "-" "Mozilla/5.0 (compatible; SemrushBot/7~bl; +http://www.semrush.com/bot.html)" "mantech8.com"
185.191.171.44 - - [16/Sep/2022:10:29:29 -0700] "GET /?camp-fire%2F32857065.html HTTP/1.1" 500 - "-" "Mozilla/5.0 (compatible; SemrushBot/7~bl; +http://www.semrush.com/bot.html)" "mantech8.com"
157.55.39.103 - - [16/Sep/2022:10:29:44 -0700] "GET /index.php?sitemap52.xml HTTP/1.1" 200 292587 "-" "Mozilla/5.0 (compatible; bingbot/2.0; +http://www.bing.com/bingbot.htm)" "mantech8.com"
185.191.171.3 - - [16/Sep/2022:10:30:23 -0700] "GET /?camp-fire%2F66460971.html HTTP/1.1" 500 - "-" "Mozilla/5.0 (compatible; SemrushBot/7~bl; +http://www.semrush.com/bot.html)" "mantech8.com"
185.191.171.16 - - [16/Sep/2022:10:30:44 -0700] "GET /?camp-fire%2F2705890.html HTTP/1.1" 500 - "-" "Mozilla/5.0 (compatible; SemrushBot/7~bl; +http://www.semrush.com/bot.html)" "mantech8.com"
185.191.171.18 - - [16/Sep/2022:10:30:59 -0700] "GET /?camp-fire%2F32513968.html HTTP/1.1" 500 - "-" "Mozilla/5.0 (compatible; SemrushBot/7~bl; +http://www.semrush.com/bot.html)" "mantech8.com"
185.191.171.11 - - [16/Sep/2022:10:31:12 -0700] "GET /?camp-fire%2F18147381.html HTTP/1.1" 500 - "-" "Mozilla/5.0 (compatible; SemrushBot/7~bl; +http://www.semrush.com/bot.html)" "mantech8.com"
185.191.171.40 - - [16/Sep/2022:10:31:19 -0700] "GET /?camp-fire%2F14950772.html HTTP/1.1" 500 - "-" "Mozilla/5.0 (compatible; SemrushBot/7~bl; +http://www.semrush.com/bot.html)" "mantech8.com"
207.46.13.23 - - [16/Sep/2022:10:31:22 -0700] "GET /index.php/sitemap2.xml HTTP/1.1" 200 341645 "-" "Mozilla/5.0 (compatible; bingbot/2.0; +http://www.bing.com/bingbot.htm)" "mantech8.com"
207.46.13.106 - - [16/Sep/2022:10:31:26 -0700] "GET /index.php?sitemap29792.xml HTTP/1.1" 200 240390 "-" "Mozilla/5.0 (compatible; bingbot/2.0; +http://www.bing.com/bingbot.htm)" "mantech8.com"
40.77.167.54 - - [16/Sep/2022:10:31:40 -0700] "GET /index.php?sitemap21.xml HTTP/1.1" 200 294606 "-" "Mozilla/5.0 AppleWebKit/537.36 (KHTML, like Gecko; compatible; bingbot/2.0; +http://www.bing.com/bingbot.htm) Chrome/103.0.5060.134 Safari/537.36" "mantech8.com"
185.191.171.34 - - [16/Sep/2022:10:31:51 -0700] "GET /?camp-fire%2F14508524.html HTTP/1.1" 500 - "-" "Mozilla/5.0 (compatible; SemrushBot/7~bl; +http://www.semrush.com/bot.html)" "mantech8.com"
185.191.171.33 - - [16/Sep/2022:10:32:29 -0700] "GET /?camp-fire%2F33518916.html HTTP/1.1" 500 - "-" "Mozilla/5.0 (compatible; SemrushBot/7~bl; +http://www.semrush.com/bot.html)" "mantech8.com"
185.191.171.44 - - [16/Sep/2022:10:32:30 -0700] "GET /?camp-fire%2F26135982.html HTTP/1.1" 500 - "-" "Mozilla/5.0 (compatible; SemrushBot/7~bl; +http://www.semrush.com/bot.html)" "mantech8.com"
185.191.171.6 - - [16/Sep/2022:10:32:50 -0700] "GET /?camp-fire%2F26060851.html HTTP/1.1" 500 - "-" "Mozilla/5.0 (compatible; SemrushBot/7~bl; +http://www.semrush.com/bot.html)" "mantech8.com"
185.191.171.42 - - [16/Sep/2022:10:33:11 -0700] "GET /?camp-fire%2F4233485.html HTTP/1.1" 500 - "-" "Mozilla/5.0 (compatible; SemrushBot/7~bl; +http://www.semrush.com/bot.html)" "mantech8.com"
185.191.171.6 - - [16/Sep/2022:10:33:50 -0700] "GET /?camp-fire%2F28271063.html HTTP/1.1" 500 - "-" "Mozilla/5.0 (compatible; SemrushBot/7~bl; +http://www.semrush.com/bot.html)" "mantech8.com"
40.77.167.27 - - [16/Sep/2022:10:34:09 -0700] "GET /index.php/sitemap4731.xml HTTP/1.1" 200 242587 "-" "Mozilla/5.0 (compatible; bingbot/2.0; +http://www.bing.com/bingbot.htm)" "mantech8.com"
114.119.133.166 - - [16/Sep/2022:10:34:10 -0700] "GET /sitemap876.xml HTTP/1.1" 404 88 "-" "Mozilla/5.0 (Linux; Android 7.0;) AppleWebKit/537.36 (KHTML, like Gecko) Mobile Safari/537.36 (compatible; PetalBot;+https://webmaster.petalsearch.com/site/petalbot)" "mantech8.com"
185.191.171.18 - - [16/Sep/2022:10:34:17 -0700] "GET /?camp-fire%2F35127225.html HTTP/1.1" 500 - "-" "Mozilla/5.0 (compatible; SemrushBot/7~bl; +http://www.semrush.com/bot.html)" "mantech8.com"
207.46.13.106 - - [16/Sep/2022:10:34:18 -0700] "GET /index.php?sitemap763.xml HTTP/1.1" 200 274257 "-" "Mozilla/5.0 (compatible; bingbot/2.0; +http://www.bing.com/bingbot.htm)" "mantech8.com"
185.191.171.33 - - [16/Sep/2022:10:34:40 -0700] "GET /?camp-fire%2F40697589.html HTTP/1.1" 500 - "-" "Mozilla/5.0 (compatible; SemrushBot/7~bl; +http://www.semrush.com/bot.html)" "mantech8.com"
185.191.171.35 - - [16/Sep/2022:10:34:46 -0700] "GET /?camp-fire%2F24970350.html HTTP/1.1" 500 - "-" "Mozilla/5.0 (compatible; SemrushBot/7~bl; +http://www.semrush.com/bot.html)" "mantech8.com"
185.191.171.26 - - [16/Sep/2022:10:35:09 -0700] "GET /?camp-fire%2F11686157.html HTTP/1.1" 500 - "-" "Mozilla/5.0 (compatible; SemrushBot/7~bl; +http://www.semrush.com/bot.html)" "mantech8.com"
207.46.13.23 - - [16/Sep/2022:10:35:12 -0700] "GET /index.php/takiko.xml HTTP/1.1" 200 261908 "-" "Mozilla/5.0 (compatible; bingbot/2.0; +http://www.bing.com/bingbot.htm)" "mantech8.com"
185.191.171.11 - - [16/Sep/2022:10:35:26 -0700] "GET /?camp-fire%2F13606083.html HTTP/1.1" 500 - "-" "Mozilla/5.0 (compatible; SemrushBot/7~bl; +http://www.semrush.com/bot.html)" "mantech8.com"
185.191.171.11 - - [16/Sep/2022:10:35:35 -0700] "GET /?camp-fire%2F15565883.html HTTP/1.1" 500 - "-" "Mozilla/5.0 (compatible; SemrushBot/7~bl; +http://www.semrush.com/bot.html)" "mantech8.com"
40.77.167.27 - - [16/Sep/2022:10:35:49 -0700] "GET /index.php?sitemap8402.xml HTTP/1.1" 200 260630 "-" "Mozilla/5.0 (compatible; bingbot/2.0; +http://www.bing.com/bingbot.htm)" "mantech8.com"
40.77.167.27 - - [16/Sep/2022:10:36:09 -0700] "GET /index.php?sitemap45945.xml HTTP/1.1" 200 339251 "-" "Mozilla/5.0 (compatible; bingbot/2.0; +http://www.bing.com/bingbot.htm)" "mantech8.com"
157.55.39.103 - - [16/Sep/2022:10:36:15 -0700] "GET /index.php/sitemap5725.xml HTTP/1.1" 200 345086 "-" "Mozilla/5.0 (compatible; bingbot/2.0; +http://www.bing.com/bingbot.htm)" "mantech8.com"
185.191.171.6 - - [16/Sep/2022:10:36:23 -0700] "GET /?camp-fire%2F27030521.html HTTP/1.1" 500 - "-" "Mozilla/5.0 (compatible; SemrushBot/7~bl; +http://www.semrush.com/bot.html)" "mantech8.com"
185.191.171.37 - - [16/Sep/2022:10:36:26 -0700] "GET /?camp-fire%2F99216470.html HTTP/1.1" 500 - "-" "Mozilla/5.0 (compatible; SemrushBot/7~bl; +http://www.semrush.com/bot.html)" "mantech8.com"
207.46.13.23 - - [16/Sep/2022:10:36:33 -0700] "GET /index.php/nieying.xml HTTP/1.1" 200 249948 "-" "Mozilla/5.0 (compatible; bingbot/2.0; +http://www.bing.com/bingbot.htm)" "mantech8.com"
185.191.171.42 - - [16/Sep/2022:10:36:42 -0700] "GET /?camp-fire%2F20184974.html HTTP/1.1" 500 - "-" "Mozilla/5.0 (compatible; SemrushBot/7~bl; +http://www.semrush.com/bot.html)" "mantech8.com"
185.191.171.15 - - [16/Sep/2022:10:37:11 -0700] "GET /?camp-fire%2F4782055.html HTTP/1.1" 500 - "-" "Mozilla/5.0 (compatible; SemrushBot/7~bl; +http://www.semrush.com/bot.html)" "mantech8.com"
185.191.171.15 - - [16/Sep/2022:10:37:29 -0700] "GET /?camp-fire%2F45788932.html HTTP/1.1" 500 - "-" "Mozilla/5.0 (compatible; SemrushBot/7~bl; +http://www.semrush.com/bot.html)" "mantech8.com"
185.191.171.11 - - [16/Sep/2022:10:37:34 -0700] "GET /?camp-fire%2F29764024.html HTTP/1.1" 500 - "-" "Mozilla/5.0 (compatible; SemrushBot/7~bl; +http://www.semrush.com/bot.html)" "mantech8.com"
157.55.39.86 - - [16/Sep/2022:10:38:18 -0700] "GET /?sitemap30396.xml HTTP/1.1" 200 312416 "-" "Mozilla/5.0 (compatible; bingbot/2.0; +http://www.bing.com/bingbot.htm)" "mantech8.com"
207.46.13.106 - - [16/Sep/2022:10:38:28 -0700] "GET /index.php?sitemap637.xml HTTP/1.1" 200 333798 "-" "Mozilla/5.0 (compatible; bingbot/2.0; +http://www.bing.com/bingbot.htm)" "mantech8.com"
40.77.167.54 - - [16/Sep/2022:10:38:32 -0700] "GET /index.php?successional.xml HTTP/1.1" 200 245360 "-" "Mozilla/5.0 (compatible; bingbot/2.0; +http://www.bing.com/bingbot.htm)" "mantech8.com"
207.46.13.23 - - [16/Sep/2022:10:38:52 -0700] "GET /index.php?sitemap32.xml HTTP/1.1" 200 311326 "-" "Mozilla/5.0 AppleWebKit/537.36 (KHTML, like Gecko; compatible; bingbot/2.0; +http://www.bing.com/bingbot.htm) Chrome/103.0.5060.134 Safari/537.36" "mantech8.com"
185.191.171.44 - - [16/Sep/2022:10:39:10 -0700] "GET /?camp-fire%2F7743621.html HTTP/1.1" 500 - "-" "Mozilla/5.0 (compatible; SemrushBot/7~bl; +http://www.semrush.com/bot.html)" "mantech8.com"
185.191.171.13 - - [16/Sep/2022:10:39:19 -0700] "GET /?camp-fire%2F26045076.html HTTP/1.1" 500 - "-" "Mozilla/5.0 (compatible; SemrushBot/7~bl; +http://www.semrush.com/bot.html)" "mantech8.com"
185.191.171.2 - - [16/Sep/2022:10:39:20 -0700] "GET /?camp-fire%2F21717817.html HTTP/1.1" 500 - "-" "Mozilla/5.0 (compatible; SemrushBot/7~bl; +http://www.semrush.com/bot.html)" "mantech8.com"
185.191.171.10 - - [16/Sep/2022:10:39:27 -0700] "GET /?camp-fire%2F22162665.html HTTP/1.1" 500 - "-" "Mozilla/5.0 (compatible; SemrushBot/7~bl; +http://www.semrush.com/bot.html)" "mantech8.com"
185.191.171.14 - - [16/Sep/2022:10:39:40 -0700] "GET /?camp-fire%2F79571582.html HTTP/1.1" 500 - "-" "Mozilla/5.0 (compatible; SemrushBot/7~bl; +http://www.semrush.com/bot.html)" "mantech8.com"
185.191.171.12 - - [16/Sep/2022:10:40:06 -0700] "GET /?camp-fire%2F33844808.html HTTP/1.1" 500 - "-" "Mozilla/5.0 (compatible; SemrushBot/7~bl; +http://www.semrush.com/bot.html)" "mantech8.com"
185.191.171.19 - - [16/Sep/2022:10:40:09 -0700] "GET /?camp-fire%2F31112887.html HTTP/1.1" 500 - "-" "Mozilla/5.0 (compatible; SemrushBot/7~bl; +http://www.semrush.com/bot.html)" "mantech8.com"
40.77.167.54 - - [16/Sep/2022:10:40:11 -0700] "GET /index.php?sitemap259.xml HTTP/1.1" 200 256954 "-" "Mozilla/5.0 (compatible; bingbot/2.0; +http://www.bing.com/bingbot.htm)" "mantech8.com"
185.191.171.34 - - [16/Sep/2022:10:40:18 -0700] "GET /about.php HTTP/1.1" 404 88 "-" "Mozilla/5.0 (compatible; SemrushBot/7~bl; +http://www.semrush.com/bot.html)" "www.mantech8.com"
114.119.133.182 - - [16/Sep/2022:10:40:25 -0700] "GET /bimages/hgallery/thump/?C=S%3BO%3DA HTTP/1.1" 200 506 "http://mantech8.com/bimages/hgallery/thump/?C=D%3BO%3DA" "Mozilla/5.0 (Linux; Android 7.0;) AppleWebKit/537.36 (KHTML, like Gecko) Mobile Safari/537.36 (compatible; PetalBot;+https://webmaster.petalsearch.com/site/petalbot)" "mantech8.com"
207.46.13.106 - - [16/Sep/2022:10:40:28 -0700] "GET /index.php/sitemap1399.xml HTTP/1.1" 200 306070 "-" "Mozilla/5.0 (compatible; bingbot/2.0; +http://www.bing.com/bingbot.htm)" "mantech8.com"
40.77.167.54 - - [16/Sep/2022:10:40:32 -0700] "GET /index.php?sitemap5524.xml HTTP/1.1" 200 266000 "-" "Mozilla/5.0 (compatible; bingbot/2.0; +http://www.bing.com/bingbot.htm)" "mantech8.com"
185.191.171.15 - - [16/Sep/2022:10:40:50 -0700] "GET /?camp-fire%2F35040025.html HTTP/1.1" 500 - "-" "Mozilla/5.0 (compatible; SemrushBot/7~bl; +http://www.semrush.com/bot.html)" "mantech8.com"
207.46.13.23 - - [16/Sep/2022:10:40:53 -0700] "GET /?scillism.xml HTTP/1.1" 200 237914 "-" "Mozilla/5.0 (compatible; bingbot/2.0; +http://www.bing.com/bingbot.htm)" "mantech8.com"
207.46.13.23 - - [16/Sep/2022:10:41:12 -0700] "GET /index.php?sitemap128.xml HTTP/1.1" 200 260788 "-" "Mozilla/5.0 (compatible; bingbot/2.0; +http://www.bing.com/bingbot.htm)" "mantech8.com"
185.191.171.25 - - [16/Sep/2022:10:41:56 -0700] "GET /?camp-fire%2F56659171.html HTTP/1.1" 500 - "-" "Mozilla/5.0 (compatible; SemrushBot/7~bl; +http://www.semrush.com/bot.html)" "mantech8.com"
157.55.39.103 - - [16/Sep/2022:10:42:25 -0700] "GET /?sitemap4.xml HTTP/1.1" 200 248702 "-" "Mozilla/5.0 (compatible; bingbot/2.0; +http://www.bing.com/bingbot.htm)" "mantech8.com"
157.55.39.86 - - [16/Sep/2022:10:42:30 -0700] "GET /index.php?sitemap17.xml HTTP/1.1" 200 277521 "-" "Mozilla/5.0 (compatible; bingbot/2.0; +http://www.bing.com/bingbot.htm)" "mantech8.com"
185.191.171.21 - - [16/Sep/2022:10:43:10 -0700] "GET /?camp-fire%2F26764947.html HTTP/1.1" 500 - "-" "Mozilla/5.0 (compatible; SemrushBot/7~bl; +http://www.semrush.com/bot.html)" "mantech8.com"
207.46.13.106 - - [16/Sep/2022:10:43:48 -0700] "GET /index.php/sitemap47841.xml HTTP/1.1" 200 340339 "-" "Mozilla/5.0 AppleWebKit/537.36 (KHTML, like Gecko; compatible; bingbot/2.0; +http://www.bing.com/bingbot.htm) Chrome/103.0.5060.134 Safari/537.36" "mantech8.com"
185.191.171.25 - - [16/Sep/2022:10:44:14 -0700] "GET /?camp-fire%2F34446026.html HTTP/1.1" 500 - "-" "Mozilla/5.0 (compatible; SemrushBot/7~bl; +http://www.semrush.com/bot.html)" "mantech8.com"
185.191.171.36 - - [16/Sep/2022:10:44:35 -0700] "GET /?camp-fire%2F99537066.html HTTP/1.1" 500 - "-" "Mozilla/5.0 (compatible; SemrushBot/7~bl; +http://www.semrush.com/bot.html)" "mantech8.com"
114.119.133.182 - - [16/Sep/2022:10:44:44 -0700] "GET /bimages/hgallery/thump/ HTTP/1.1" 200 506 "http://mantech8.com/bimages/hgallery/?C=D%3BO%3DA" "Mozilla/5.0 (Linux; Android 7.0;) AppleWebKit/537.36 (KHTML, like Gecko) Mobile Safari/537.36 (compatible; PetalBot;+https://webmaster.petalsearch.com/site/petalbot)" "mantech8.com"
61.191.85.25 - - [16/Sep/2022:10:45:01 -0700] "GET /contact.php HTTP/1.1" 200 29238 "http://mantech8.com/contact.php" "Mozilla/5.0 (Windows NT 6.3; Win64; x64) AppleWebKit/537.36 (KHTML, like Gecko) Chrome/90.0.4430.93 Safari/537.36" "mantech8.com"
185.191.171.6 - - [16/Sep/2022:10:45:36 -0700] "GET /?camp-fire%2F17380665.html HTTP/1.1" 500 - "-" "Mozilla/5.0 (compatible; SemrushBot/7~bl; +http://www.semrush.com/bot.html)" "mantech8.com"
40.77.167.27 - - [16/Sep/2022:10:45:50 -0700] "GET /index.php/unpower.xml HTTP/1.1" 200 293686 "-" "Mozilla/5.0 (compatible; bingbot/2.0; +http://www.bing.com/bingbot.htm)" "mantech8.com"
185.191.171.10 - - [16/Sep/2022:10:45:54 -0700] "GET /?camp-fire%2F39481106.html HTTP/1.1" 500 - "-" "Mozilla/5.0 (compatible; SemrushBot/7~bl; +http://www.semrush.com/bot.html)" "mantech8.com"
185.191.171.25 - - [16/Sep/2022:10:45:57 -0700] "GET /?camp-fire%2F29741064.html HTTP/1.1" 500 - "-" "Mozilla/5.0 (compatible; SemrushBot/7~bl; +http://www.semrush.com/bot.html)" "mantech8.com"
157.55.39.86 - - [16/Sep/2022:10:46:08 -0700] "GET /index.php/sitemap40.xml HTTP/1.1" 200 244823 "-" "Mozilla/5.0 (compatible; bingbot/2.0; +http://www.bing.com/bingbot.htm)" "mantech8.com"
207.46.13.23 - - [16/Sep/2022:10:46:13 -0700] "GET /index.php/sitemap99.xml HTTP/1.1" 200 326568 "-" "Mozilla/5.0 (compatible; bingbot/2.0; +http://www.bing.com/bingbot.htm)" "mantech8.com"
185.191.171.25 - - [16/Sep/2022:10:46:15 -0700] "GET /?camp-fire%2F27658809.html HTTP/1.1" 500 - "-" "Mozilla/5.0 (compatible; SemrushBot/7~bl; +http://www.semrush.com/bot.html)" "mantech8.com"
157.55.39.86 - - [16/Sep/2022:10:46:28 -0700] "GET /index.php?sitemap1225.xml HTTP/1.1" 200 322408 "-" "Mozilla/5.0 (compatible; bingbot/2.0; +http://www.bing.com/bingbot.htm)" "mantech8.com"
40.77.167.54 - - [16/Sep/2022:10:46:33 -0700] "GET /?crystalgazer.xml HTTP/1.1" 200 252872 "-" "Mozilla/5.0 (compatible; bingbot/2.0; +http://www.bing.com/bingbot.htm)" "mantech8.com"
185.191.171.17 - - [16/Sep/2022:10:46:50 -0700] "GET /?camp-fire%2F1604190.html HTTP/1.1" 500 - "-" "Mozilla/5.0 (compatible; SemrushBot/7~bl; +http://www.semrush.com/bot.html)" "mantech8.com"
185.191.171.10 - - [16/Sep/2022:10:46:54 -0700] "GET /?camp-fire%2F27260976.html HTTP/1.1" 500 - "-" "Mozilla/5.0 (compatible; SemrushBot/7~bl; +http://www.semrush.com/bot.html)" "mantech8.com"
185.191.171.35 - - [16/Sep/2022:10:47:05 -0700] "GET /?camp-fire%2F3118778.html HTTP/1.1" 500 - "-" "Mozilla/5.0 (compatible; SemrushBot/7~bl; +http://www.semrush.com/bot.html)" "mantech8.com"
185.191.171.19 - - [16/Sep/2022:10:47:08 -0700] "GET /?camp-fire%2F39074692.html HTTP/1.1" 500 - "-" "Mozilla/5.0 (compatible; SemrushBot/7~bl; +http://www.semrush.com/bot.html)" "mantech8.com"
185.191.171.16 - - [16/Sep/2022:10:47:12 -0700] "GET /?camp-fire%2F17538327.html HTTP/1.1" 500 - "-" "Mozilla/5.0 (compatible; SemrushBot/7~bl; +http://www.semrush.com/bot.html)" "mantech8.com"
185.191.171.40 - - [16/Sep/2022:10:47:16 -0700] "GET /?camp-fire%2F96995706.html HTTP/1.1" 500 - "-" "Mozilla/5.0 (compatible; SemrushBot/7~bl; +http://www.semrush.com/bot.html)" "mantech8.com"
185.191.171.23 - - [16/Sep/2022:10:47:28 -0700] "GET /?camp-fire%2F114015049.html HTTP/1.1" 500 - "-" "Mozilla/5.0 (compatible; SemrushBot/7~bl; +http://www.semrush.com/bot.html)" "mantech8.com"
157.55.39.103 - - [16/Sep/2022:10:47:46 -0700] "GET /?sitemap87.xml HTTP/1.1" 200 243308 "-" "Mozilla/5.0 (compatible; bingbot/2.0; +http://www.bing.com/bingbot.htm)" "mantech8.com"
185.191.171.40 - - [16/Sep/2022:10:48:20 -0700] "GET /?camp-fire%2F33772808.html HTTP/1.1" 500 - "-" "Mozilla/5.0 (compatible; SemrushBot/7~bl; +http://www.semrush.com/bot.html)" "mantech8.com"
40.77.167.27 - - [16/Sep/2022:10:48:31 -0700] "GET /index.php/sitemap472.xml HTTP/1.1" 200 330123 "-" "Mozilla/5.0 (compatible; bingbot/2.0; +http://www.bing.com/bingbot.htm)" "mantech8.com"
185.191.171.38 - - [16/Sep/2022:10:48:40 -0700] "GET /?camp-fire%2F42570871.html HTTP/1.1" 500 - "-" "Mozilla/5.0 (compatible; SemrushBot/7~bl; +http://www.semrush.com/bot.html)" "mantech8.com"
207.46.13.23 - - [16/Sep/2022:10:48:53 -0700] "GET /index.php?sitemap602.xml HTTP/1.1" 200 306601 "-" "Mozilla/5.0 (compatible; bingbot/2.0; +http://www.bing.com/bingbot.htm)" "mantech8.com"
185.191.171.3 - - [16/Sep/2022:10:49:01 -0700] "GET /?camp-fire%2F16758083.html HTTP/1.1" 500 - "-" "Mozilla/5.0 (compatible; SemrushBot/7~bl; +http://www.semrush.com/bot.html)" "mantech8.com"
157.55.39.86 - - [16/Sep/2022:10:49:09 -0700] "GET /index.php/sitemap4838.xml HTTP/1.1" 200 280720 "-" "Mozilla/5.0 (compatible; bingbot/2.0; +http://www.bing.com/bingbot.htm)" "mantech8.com"
185.191.171.9 - - [16/Sep/2022:10:49:18 -0700] "GET /?camp-fire%2F8397021.html HTTP/1.1" 500 - "-" "Mozilla/5.0 (compatible; SemrushBot/7~bl; +http://www.semrush.com/bot.html)" "mantech8.com"
185.191.171.41 - - [16/Sep/2022:10:49:35 -0700] "GET /?camp-fire%2F16503229.html HTTP/1.1" 500 - "-" "Mozilla/5.0 (compatible; SemrushBot/7~bl; +http://www.semrush.com/bot.html)" "mantech8.com"
207.46.13.106 - - [16/Sep/2022:10:49:49 -0700] "GET /index.php?sitemap50.xml HTTP/1.1" 200 325648 "-" "Mozilla/5.0 AppleWebKit/537.36 (KHTML, like Gecko; compatible; bingbot/2.0; +http://www.bing.com/bingbot.htm) Chrome/103.0.5060.134 Safari/537.36" "mantech8.com"
216.244.66.241 - - [16/Sep/2022:10:50:27 -0700] "GET /robots.txt HTTP/1.1" 200 26464 "-" "Mozilla/5.0 (compatible; DotBot/1.2; +https://opensiteexplorer.org/dotbot; help@moz.com)" "mantech8.com"
216.244.66.241 - - [16/Sep/2022:10:50:27 -0700] "GET /robots.txt HTTP/1.1" 200 26464 "-" "Mozilla/5.0 (compatible; DotBot/1.2; +https://opensiteexplorer.org/dotbot; help@moz.com)" "www.mantech8.com"
157.55.39.86 - - [16/Sep/2022:10:50:28 -0700] "GET /index.php/sitemap85.xml HTTP/1.1" 200 288718 "-" "Mozilla/5.0 (compatible; bingbot/2.0; +http://www.bing.com/bingbot.htm)" "mantech8.com"
40.77.167.54 - - [16/Sep/2022:10:50:32 -0700] "GET /index.php?biopoesis.xml HTTP/1.1" 200 244997 "-" "Mozilla/5.0 (compatible; bingbot/2.0; +http://www.bing.com/bingbot.htm)" "mantech8.com"
185.191.171.26 - - [16/Sep/2022:10:50:57 -0700] "GET /?camp-fire%2F33224268.html HTTP/1.1" 500 - "-" "Mozilla/5.0 (compatible; SemrushBot/7~bl; +http://www.semrush.com/bot.html)" "mantech8.com"
114.119.133.190 - - [16/Sep/2022:10:51:00 -0700] "GET /bimages/service/thump/mqfkylxr.php HTTP/1.1" 200 32 "http://www.mantech8.com/bimages/service/thump/?C=D%3BO%3DA" "Mozilla/5.0 (Linux; Android 7.0;) AppleWebKit/537.36 (KHTML, like Gecko) Mobile Safari/537.36 (compatible; PetalBot;+https://webmaster.petalsearch.com/site/petalbot)" "www.mantech8.com"
185.191.171.4 - - [16/Sep/2022:10:51:14 -0700] "GET /?camp-fire%2F118318592.html HTTP/1.1" 500 - "-" "Mozilla/5.0 (compatible; SemrushBot/7~bl; +http://www.semrush.com/bot.html)" "mantech8.com"
185.191.171.10 - - [16/Sep/2022:10:51:50 -0700] "GET /?camp-fire%2F45782925.html HTTP/1.1" 500 - "-" "Mozilla/5.0 (compatible; SemrushBot/7~bl; +http://www.semrush.com/bot.html)" "mantech8.com"
207.46.13.106 - - [16/Sep/2022:10:52:09 -0700] "GET /html/2150972371.html HTTP/1.1" 404 88 "-" "Mozilla/5.0 (compatible; bingbot/2.0; +http://www.bing.com/bingbot.htm)" "www.mantech8.com"
185.191.171.10 - - [16/Sep/2022:10:52:09 -0700] "GET /?camp-fire%2F14701759.html HTTP/1.1" 500 - "-" "Mozilla/5.0 (compatible; SemrushBot/7~bl; +http://www.semrush.com/bot.html)" "mantech8.com"
207.46.13.23 - - [16/Sep/2022:10:52:13 -0700] "GET /index.php?crewmate.xml HTTP/1.1" 200 299206 "-" "Mozilla/5.0 (compatible; bingbot/2.0; +http://www.bing.com/bingbot.htm)" "mantech8.com"
185.191.171.22 - - [16/Sep/2022:10:52:29 -0700] "GET /?camp-fire%2F15195084.html HTTP/1.1" 500 - "-" "Mozilla/5.0 (compatible; SemrushBot/7~bl; +http://www.semrush.com/bot.html)" "mantech8.com"
185.191.171.40 - - [16/Sep/2022:10:53:00 -0700] "GET /?camp-fire%2F50578550.html HTTP/1.1" 500 - "-" "Mozilla/5.0 (compatible; SemrushBot/7~bl; +http://www.semrush.com/bot.html)" "mantech8.com"
185.191.171.5 - - [16/Sep/2022:10:53:19 -0700] "GET /?camp-fire%2F32429696.html HTTP/1.1" 500 - "-" "Mozilla/5.0 (compatible; SemrushBot/7~bl; +http://www.semrush.com/bot.html)" "mantech8.com"
185.191.171.1 - - [16/Sep/2022:10:54:01 -0700] "GET /?camp-fire%2F34822859.html HTTP/1.1" 500 - "-" "Mozilla/5.0 (compatible; SemrushBot/7~bl; +http://www.semrush.com/bot.html)" "mantech8.com"
40.77.167.54 - - [16/Sep/2022:10:55:22 -0700] "GET /index.php/sitemap712.xml HTTP/1.1" 200 295201 "-" "Mozilla/5.0 (compatible; bingbot/2.0; +http://www.bing.com/bingbot.htm)" "mantech8.com"
114.119.133.165 - - [16/Sep/2022:10:55:45 -0700] "GET /sitemap1404.xml HTTP/1.1" 404 88 "-" "Mozilla/5.0 (compatible;PetalBot;+https://webmaster.petalsearch.com/site/petalbot)" "mantech8.com"
185.191.171.3 - - [16/Sep/2022:10:55:47 -0700] "GET /?camp-fire%2F71968316.html HTTP/1.1" 500 - "-" "Mozilla/5.0 (compatible; SemrushBot/7~bl; +http://www.semrush.com/bot.html)" "mantech8.com"
185.191.171.13 - - [16/Sep/2022:10:56:17 -0700] "GET /?camp-fire%2F89310671.html HTTP/1.1" 500 - "-" "Mozilla/5.0 (compatible; SemrushBot/7~bl; +http://www.semrush.com/bot.html)" "mantech8.com"
185.191.171.36 - - [16/Sep/2022:10:56:20 -0700] "GET /?camp-fire%2F25923676.html HTTP/1.1" 500 - "-" "Mozilla/5.0 (compatible; SemrushBot/7~bl; +http://www.semrush.com/bot.html)" "mantech8.com"
40.77.167.27 - - [16/Sep/2022:10:56:21 -0700] "GET /index.php?sitemap6026.xml HTTP/1.1" 200 295006 "-" "Mozilla/5.0 (compatible; bingbot/2.0; +http://www.bing.com/bingbot.htm)" "mantech8.com"
157.55.39.86 - - [16/Sep/2022:10:56:39 -0700] "GET /index.php/sitemap14.xml HTTP/1.1" 200 283777 "-" "Mozilla/5.0 (compatible; bingbot/2.0; +http://www.bing.com/bingbot.htm)" "mantech8.com"
185.191.171.35 - - [16/Sep/2022:10:56:40 -0700] "GET /?camp-fire%2F88481825.html HTTP/1.1" 500 - "-" "Mozilla/5.0 (compatible; SemrushBot/7~bl; +http://www.semrush.com/bot.html)" "mantech8.com"
185.191.171.42 - - [16/Sep/2022:10:56:42 -0700] "GET /?camp-fire%2F38866917.html HTTP/1.1" 500 - "-" "Mozilla/5.0 (compatible; SemrushBot/7~bl; +http://www.semrush.com/bot.html)" "mantech8.com"
185.191.171.39 - - [16/Sep/2022:10:56:48 -0700] "GET /?camp-fire%2F15651646.html HTTP/1.1" 500 - "-" "Mozilla/5.0 (compatible; SemrushBot/7~bl; +http://www.semrush.com/bot.html)" "mantech8.com"
185.191.171.10 - - [16/Sep/2022:10:56:52 -0700] "GET /?camp-fire%2F37054778.html HTTP/1.1" 500 - "-" "Mozilla/5.0 (compatible; SemrushBot/7~bl; +http://www.semrush.com/bot.html)" "mantech8.com"
185.191.171.19 - - [16/Sep/2022:10:57:16 -0700] "GET /?camp-fire%2F46037434.html HTTP/1.1" 500 - "-" "Mozilla/5.0 (compatible; SemrushBot/7~bl; +http://www.semrush.com/bot.html)" "mantech8.com"
207.46.13.23 - - [16/Sep/2022:10:57:24 -0700] "GET /index.php/sitemap413.xml HTTP/1.1" 200 294454 "-" "Mozilla/5.0 (compatible; bingbot/2.0; +http://www.bing.com/bingbot.htm)" "mantech8.com"
185.191.171.39 - - [16/Sep/2022:10:57:37 -0700] "GET /?camp-fire%2F5333577.html HTTP/1.1" 500 - "-" "Mozilla/5.0 (compatible; SemrushBot/7~bl; +http://www.semrush.com/bot.html)" "mantech8.com"
40.77.167.54 - - [16/Sep/2022:10:58:03 -0700] "GET /index.php/dehydrochlorinases.xml HTTP/1.1" 200 308768 "-" "Mozilla/5.0 AppleWebKit/537.36 (KHTML, like Gecko; compatible; bingbot/2.0; +http://www.bing.com/bingbot.htm) Chrome/103.0.5060.134 Safari/537.36" "mantech8.com"
40.77.167.54 - - [16/Sep/2022:10:58:04 -0700] "GET /?camp-fire/79228526.html HTTP/1.1" 200 48464 "-" "Mozilla/5.0 (compatible; bingbot/2.0; +http://www.bing.com/bingbot.htm)" "mantech8.com"
185.191.171.1 - - [16/Sep/2022:10:58:35 -0700] "GET /?camp-fire%2F58255078.html HTTP/1.1" 500 - "-" "Mozilla/5.0 (compatible; SemrushBot/7~bl; +http://www.semrush.com/bot.html)" "mantech8.com"
185.191.171.2 - - [16/Sep/2022:10:59:37 -0700] "GET /?camp-fire%2F16418983.html HTTP/1.1" 500 - "-" "Mozilla/5.0 (compatible; SemrushBot/7~bl; +http://www.semrush.com/bot.html)" "mantech8.com"
185.191.171.3 - - [16/Sep/2022:10:59:58 -0700] "GET /?camp-fire%2F30945126.html HTTP/1.1" 500 - "-" "Mozilla/5.0 (compatible; SemrushBot/7~bl; +http://www.semrush.com/bot.html)" "mantech8.com"
185.191.171.8 - - [16/Sep/2022:11:00:02 -0700] "GET /?camp-fire%2F55198964.html HTTP/1.1" 500 - "-" "Mozilla/5.0 (compatible; SemrushBot/7~bl; +http://www.semrush.com/bot.html)" "mantech8.com"
185.191.171.16 - - [16/Sep/2022:11:00:07 -0700] "GET /?camp-fire%2F95135808.html HTTP/1.1" 500 - "-" "Mozilla/5.0 (compatible; SemrushBot/7~bl; +http://www.semrush.com/bot.html)" "mantech8.com"
185.191.171.8 - - [16/Sep/2022:11:00:09 -0700] "GET /?camp-fire%2F29952089.html HTTP/1.1" 500 - "-" "Mozilla/5.0 (compatible; SemrushBot/7~bl; +http://www.semrush.com/bot.html)" "mantech8.com"
185.191.171.1 - - [16/Sep/2022:11:00:14 -0700] "GET /?camp-fire%2F76171972.html HTTP/1.1" 500 - "-" "Mozilla/5.0 (compatible; SemrushBot/7~bl; +http://www.semrush.com/bot.html)" "mantech8.com"
207.46.13.23 - - [16/Sep/2022:11:00:44 -0700] "GET /index.php/sitemap9678.xml HTTP/1.1" 200 296878 "-" "Mozilla/5.0 (compatible; bingbot/2.0; +http://www.bing.com/bingbot.htm)" "mantech8.com"
207.46.13.23 - - [16/Sep/2022:11:00:45 -0700] "GET /index.php?sitemap8327.xml HTTP/1.1" 200 289518 "-" "Mozilla/5.0 (compatible; bingbot/2.0; +http://www.bing.com/bingbot.htm)" "mantech8.com"
185.191.171.14 - - [16/Sep/2022:11:01:05 -0700] "GET /?camp-fire%2F19022732.html HTTP/1.1" 500 - "-" "Mozilla/5.0 (compatible; SemrushBot/7~bl; +http://www.semrush.com/bot.html)" "mantech8.com"
114.119.133.182 - - [16/Sep/2022:11:01:15 -0700] "GET /index.php/sitemap4099.xml HTTP/1.1" 200 275110 "-" "Mozilla/5.0 (compatible;PetalBot;+https://webmaster.petalsearch.com/site/petalbot)" "mantech8.com"
185.191.171.26 - - [16/Sep/2022:11:02:06 -0700] "GET /?camp-fire%2F4381996.html HTTP/1.1" 500 - "-" "Mozilla/5.0 (compatible; SemrushBot/7~bl; +http://www.semrush.com/bot.html)" "mantech8.com"
185.191.171.13 - - [16/Sep/2022:11:02:34 -0700] "GET /?camp-fire%2F25907756.html HTTP/1.1" 500 - "-" "Mozilla/5.0 (compatible; SemrushBot/7~bl; +http://www.semrush.com/bot.html)" "mantech8.com"
185.191.171.13 - - [16/Sep/2022:11:02:53 -0700] "GET /?camp-fire%2F79565021.html HTTP/1.1" 500 - "-" "Mozilla/5.0 (compatible; SemrushBot/7~bl; +http://www.semrush.com/bot.html)" "mantech8.com"
207.46.13.106 - - [16/Sep/2022:11:03:20 -0700] "GET /?sitemap12394.xml HTTP/1.1" 200 228722 "-" "Mozilla/5.0 (compatible; bingbot/2.0; +http://www.bing.com/bingbot.htm)" "mantech8.com"
185.191.171.5 - - [16/Sep/2022:11:03:56 -0700] "GET /?camp-fire%2F18357365.html HTTP/1.1" 500 - "-" "Mozilla/5.0 (compatible; SemrushBot/7~bl; +http://www.semrush.com/bot.html)" "mantech8.com"
157.55.39.103 - - [16/Sep/2022:11:03:58 -0700] "GET /index.php?sitemap8323.xml HTTP/1.1" 200 260078 "-" "Mozilla/5.0 AppleWebKit/537.36 (KHTML, like Gecko; compatible; bingbot/2.0; +http://www.bing.com/bingbot.htm) Chrome/103.0.5060.134 Safari/537.36" "mantech8.com"
157.55.39.86 - - [16/Sep/2022:11:04:02 -0700] "GET /index.php?sitemap920.xml HTTP/1.1" 200 243928 "-" "Mozilla/5.0 AppleWebKit/537.36 (KHTML, like Gecko; compatible; bingbot/2.0; +http://www.bing.com/bingbot.htm) Chrome/103.0.5060.134 Safari/537.36" "mantech8.com"
185.191.171.11 - - [16/Sep/2022:11:04:05 -0700] "GET /?camp-fire%2F18381608.html HTTP/1.1" 500 - "-" "Mozilla/5.0 (compatible; SemrushBot/7~bl; +http://www.semrush.com/bot.html)" "mantech8.com"
185.191.171.5 - - [16/Sep/2022:11:04:07 -0700] "GET /?camp-fire%2F43295625.html HTTP/1.1" 500 - "-" "Mozilla/5.0 (compatible; SemrushBot/7~bl; +http://www.semrush.com/bot.html)" "mantech8.com"
185.191.171.3 - - [16/Sep/2022:11:04:11 -0700] "GET /?camp-fire%2F37339741.html HTTP/1.1" 500 - "-" "Mozilla/5.0 (compatible; SemrushBot/7~bl; +http://www.semrush.com/bot.html)" "mantech8.com"
185.191.171.38 - - [16/Sep/2022:11:04:36 -0700] "GET /robots.txt HTTP/1.1" 200 2442 "-" "Mozilla/5.0 (compatible; SemrushBot/7~bl; +http://www.semrush.com/bot.html)" "mantech8.com"
185.191.171.39 - - [16/Sep/2022:11:04:36 -0700] "GET /?camp-fire%2F26800521.html HTTP/1.1" 500 - "-" "Mozilla/5.0 (compatible; SemrushBot/7~bl; +http://www.semrush.com/bot.html)" "mantech8.com"
185.191.171.45 - - [16/Sep/2022:11:04:38 -0700] "GET /?camp-fire%2F13921759.html HTTP/1.1" 500 - "-" "Mozilla/5.0 (compatible; SemrushBot/7~bl; +http://www.semrush.com/bot.html)" "mantech8.com"
