185.191.171.21 - - [14/Sep/2022:06:58:33 -0700] "GET /index.php/mooched.xml HTTP/1.1" 200 272563 "-" "Mozilla/5.0 (compatible; SemrushBot/7~bl; +http://www.semrush.com/bot.html)" "mantech8.com"
136.243.220.213 - - [14/Sep/2022:06:58:34 -0700] "GET /?camp-fire/19031832.html HTTP/1.1" 500 - "-" "Mozilla/5.0 (compatible; DataForSeoBot/1.0; +https://dataforseo.com/dataforseo-bot)" "mantech8.com"
185.191.171.8 - - [14/Sep/2022:06:58:35 -0700] "GET /index.php/curlyhead.xml HTTP/1.1" 200 264472 "-" "Mozilla/5.0 (compatible; SemrushBot/7~bl; +http://www.semrush.com/bot.html)" "mantech8.com"
185.191.171.6 - - [14/Sep/2022:06:58:37 -0700] "GET /index.php/unistrand.xml HTTP/1.1" 200 314075 "-" "Mozilla/5.0 (compatible; SemrushBot/7~bl; +http://www.semrush.com/bot.html)" "mantech8.com"
136.243.220.213 - - [14/Sep/2022:06:58:37 -0700] "GET /?camp-fire/1269400.html HTTP/1.1" 500 - "-" "Mozilla/5.0 (compatible; DataForSeoBot/1.0; +https://dataforseo.com/dataforseo-bot)" "mantech8.com"
185.191.171.6 - - [14/Sep/2022:06:58:38 -0700] "GET /index.php/bubba.xml HTTP/1.1" 200 325293 "-" "Mozilla/5.0 (compatible; SemrushBot/7~bl; +http://www.semrush.com/bot.html)" "mantech8.com"
185.191.171.33 - - [14/Sep/2022:06:58:40 -0700] "GET /index.php/exorcise.xml HTTP/1.1" 200 261335 "-" "Mozilla/5.0 (compatible; SemrushBot/7~bl; +http://www.semrush.com/bot.html)" "mantech8.com"
136.243.220.213 - - [14/Sep/2022:06:58:42 -0700] "GET /?camp-fire/23616806.html HTTP/1.1" 500 - "-" "Mozilla/5.0 (compatible; DataForSeoBot/1.0; +https://dataforseo.com/dataforseo-bot)" "mantech8.com"
185.191.171.21 - - [14/Sep/2022:06:58:43 -0700] "GET /index.php/leiye.xml HTTP/1.1" 200 292950 "-" "Mozilla/5.0 (compatible; SemrushBot/7~bl; +http://www.semrush.com/bot.html)" "mantech8.com"
185.191.171.21 - - [14/Sep/2022:06:58:45 -0700] "GET /index.php/clathrose.xml HTTP/1.1" 200 272563 "-" "Mozilla/5.0 (compatible; SemrushBot/7~bl; +http://www.semrush.com/bot.html)" "mantech8.com"
185.191.171.21 - - [14/Sep/2022:06:58:47 -0700] "GET /index.php/ching-kuo.xml HTTP/1.1" 200 266667 "-" "Mozilla/5.0 (compatible; SemrushBot/7~bl; +http://www.semrush.com/bot.html)" "mantech8.com"
40.77.167.27 - - [14/Sep/2022:06:58:47 -0700] "GET / HTTP/1.1" 200 44786 "-" "Mozilla/5.0 (compatible; bingbot/2.0; +http://www.bing.com/bingbot.htm)" "www.mantech8.com"
136.243.220.213 - - [14/Sep/2022:06:58:47 -0700] "GET /?camp-fire/39051635.html HTTP/1.1" 500 - "-" "Mozilla/5.0 (compatible; DataForSeoBot/1.0; +https://dataforseo.com/dataforseo-bot)" "mantech8.com"
185.191.171.21 - - [14/Sep/2022:06:58:48 -0700] "GET /index.php/steaded.xml HTTP/1.1" 200 295894 "-" "Mozilla/5.0 (compatible; SemrushBot/7~bl; +http://www.semrush.com/bot.html)" "mantech8.com"
207.46.13.23 - - [14/Sep/2022:06:58:50 -0700] "GET /?procombination.xml HTTP/1.1" 200 285702 "-" "Mozilla/5.0 (compatible; bingbot/2.0; +http://www.bing.com/bingbot.htm)" "mantech8.com"
185.191.171.21 - - [14/Sep/2022:06:58:50 -0700] "GET /index.php/fine-tune.xml HTTP/1.1" 200 298836 "-" "Mozilla/5.0 (compatible; SemrushBot/7~bl; +http://www.semrush.com/bot.html)" "mantech8.com"
207.46.13.23 - - [14/Sep/2022:06:58:51 -0700] "GET /index.php/sitemap60.xml HTTP/1.1" 200 323645 "-" "Mozilla/5.0 (compatible; bingbot/2.0; +http://www.bing.com/bingbot.htm)" "mantech8.com"
136.243.220.213 - - [14/Sep/2022:06:58:52 -0700] "GET /?camp-fire/27600371.html HTTP/1.1" 500 - "-" "Mozilla/5.0 (compatible; DataForSeoBot/1.0; +https://dataforseo.com/dataforseo-bot)" "mantech8.com"
185.191.171.21 - - [14/Sep/2022:06:58:52 -0700] "GET /index.php/kongcunzhen.xml HTTP/1.1" 200 246099 "-" "Mozilla/5.0 (compatible; SemrushBot/7~bl; +http://www.semrush.com/bot.html)" "mantech8.com"
185.191.171.21 - - [14/Sep/2022:06:58:53 -0700] "GET /index.php/ascensor.xml HTTP/1.1" 200 337770 "-" "Mozilla/5.0 (compatible; SemrushBot/7~bl; +http://www.semrush.com/bot.html)" "mantech8.com"
185.191.171.16 - - [14/Sep/2022:06:58:55 -0700] "GET /index.php/impenetration.xml HTTP/1.1" 200 320889 "-" "Mozilla/5.0 (compatible; SemrushBot/7~bl; +http://www.semrush.com/bot.html)" "mantech8.com"
136.243.220.213 - - [14/Sep/2022:06:58:57 -0700] "GET /?camp-fire/14520024.html HTTP/1.1" 500 - "-" "Mozilla/5.0 (compatible; DataForSeoBot/1.0; +https://dataforseo.com/dataforseo-bot)" "mantech8.com"
114.119.133.182 - - [14/Sep/2022:06:58:57 -0700] "GET /?sitemap854.xml HTTP/1.1" 200 314942 "-" "Mozilla/5.0 (compatible;PetalBot;+https://webmaster.petalsearch.com/site/petalbot)" "mantech8.com"
185.191.171.16 - - [14/Sep/2022:06:58:57 -0700] "GET /index.php/tetrathionates.xml HTTP/1.1" 200 313163 "-" "Mozilla/5.0 (compatible; SemrushBot/7~bl; +http://www.semrush.com/bot.html)" "mantech8.com"
185.191.171.38 - - [14/Sep/2022:06:58:59 -0700] "GET /index.php/infuriates.xml HTTP/1.1" 200 313899 "-" "Mozilla/5.0 (compatible; SemrushBot/7~bl; +http://www.semrush.com/bot.html)" "mantech8.com"
136.243.220.213 - - [14/Sep/2022:06:59:01 -0700] "GET /?camp-fire/31904130.html HTTP/1.1" 500 - "-" "Mozilla/5.0 (compatible; DataForSeoBot/1.0; +https://dataforseo.com/dataforseo-bot)" "mantech8.com"
185.191.171.36 - - [14/Sep/2022:06:59:01 -0700] "GET /index.php/psammo.xml HTTP/1.1" 200 340000 "-" "Mozilla/5.0 (compatible; SemrushBot/7~bl; +http://www.semrush.com/bot.html)" "mantech8.com"
185.191.171.21 - - [14/Sep/2022:06:59:02 -0700] "GET /index.php/tarandean.xml HTTP/1.1" 200 308195 "-" "Mozilla/5.0 (compatible; SemrushBot/7~bl; +http://www.semrush.com/bot.html)" "mantech8.com"
136.243.220.213 - - [14/Sep/2022:06:59:04 -0700] "GET /?camp-fire/33688508.html HTTP/1.1" 500 - "-" "Mozilla/5.0 (compatible; DataForSeoBot/1.0; +https://dataforseo.com/dataforseo-bot)" "mantech8.com"
185.191.171.38 - - [14/Sep/2022:06:59:04 -0700] "GET /index.php/reym.xml HTTP/1.1" 200 326409 "-" "Mozilla/5.0 (compatible; SemrushBot/7~bl; +http://www.semrush.com/bot.html)" "mantech8.com"
185.191.171.36 - - [14/Sep/2022:06:59:06 -0700] "GET /index.php/unpower.xml HTTP/1.1" 200 321627 "-" "Mozilla/5.0 (compatible; SemrushBot/7~bl; +http://www.semrush.com/bot.html)" "mantech8.com"
185.191.171.38 - - [14/Sep/2022:06:59:08 -0700] "GET /index.php/qiaojis.xml HTTP/1.1" 200 316659 "-" "Mozilla/5.0 (compatible; SemrushBot/7~bl; +http://www.semrush.com/bot.html)" "mantech8.com"
136.243.220.213 - - [14/Sep/2022:06:59:09 -0700] "GET /?camp-fire/8143278.html HTTP/1.1" 500 - "-" "Mozilla/5.0 (compatible; DataForSeoBot/1.0; +https://dataforseo.com/dataforseo-bot)" "mantech8.com"
185.191.171.36 - - [14/Sep/2022:06:59:09 -0700] "GET /index.php/chuppah.xml HTTP/1.1" 200 256940 "-" "Mozilla/5.0 (compatible; SemrushBot/7~bl; +http://www.semrush.com/bot.html)" "mantech8.com"
185.191.171.2 - - [14/Sep/2022:06:59:11 -0700] "GET /index.php/dejerator.xml HTTP/1.1" 200 317008 "-" "Mozilla/5.0 (compatible; SemrushBot/7~bl; +http://www.semrush.com/bot.html)" "mantech8.com"
136.243.220.213 - - [14/Sep/2022:06:59:13 -0700] "GET /?camp-fire/35281138.html HTTP/1.1" 500 - "-" "Mozilla/5.0 (compatible; DataForSeoBot/1.0; +https://dataforseo.com/dataforseo-bot)" "mantech8.com"
185.191.171.38 - - [14/Sep/2022:06:59:13 -0700] "GET /index.php/gladhand.xml HTTP/1.1" 200 284329 "-" "Mozilla/5.0 (compatible; SemrushBot/7~bl; +http://www.semrush.com/bot.html)" "mantech8.com"
185.191.171.10 - - [14/Sep/2022:06:59:16 -0700] "GET /index.php/furnacite.xml HTTP/1.1" 200 311323 "-" "Mozilla/5.0 (compatible; SemrushBot/7~bl; +http://www.semrush.com/bot.html)" "mantech8.com"
136.243.220.213 - - [14/Sep/2022:06:59:18 -0700] "GET /?camp-fire/24259550.html HTTP/1.1" 500 - "-" "Mozilla/5.0 (compatible; DataForSeoBot/1.0; +https://dataforseo.com/dataforseo-bot)" "mantech8.com"
185.191.171.21 - - [14/Sep/2022:06:59:19 -0700] "GET /index.php/guangheng.xml HTTP/1.1" 200 283593 "-" "Mozilla/5.0 (compatible; SemrushBot/7~bl; +http://www.semrush.com/bot.html)" "mantech8.com"
185.191.171.16 - - [14/Sep/2022:06:59:21 -0700] "GET /index.php/kleffens.xml HTTP/1.1" 200 258410 "-" "Mozilla/5.0 (compatible; SemrushBot/7~bl; +http://www.semrush.com/bot.html)" "mantech8.com"
136.243.220.213 - - [14/Sep/2022:06:59:21 -0700] "GET /?camp-fire/3273298.html HTTP/1.1" 500 - "-" "Mozilla/5.0 (compatible; DataForSeoBot/1.0; +https://dataforseo.com/dataforseo-bot)" "mantech8.com"
185.191.171.21 - - [14/Sep/2022:06:59:22 -0700] "GET /index.php/kiger.xml HTTP/1.1" 200 297366 "-" "Mozilla/5.0 (compatible; SemrushBot/7~bl; +http://www.semrush.com/bot.html)" "mantech8.com"
185.191.171.38 - - [14/Sep/2022:06:59:24 -0700] "GET /index.php/benfica.xml HTTP/1.1" 200 317008 "-" "Mozilla/5.0 (compatible; SemrushBot/7~bl; +http://www.semrush.com/bot.html)" "mantech8.com"
136.243.220.213 - - [14/Sep/2022:06:59:25 -0700] "GET /?camp-fire/1259829.html HTTP/1.1" 500 - "-" "Mozilla/5.0 (compatible; DataForSeoBot/1.0; +https://dataforseo.com/dataforseo-bot)" "mantech8.com"
185.191.171.21 - - [14/Sep/2022:06:59:26 -0700] "GET /index.php/prinker.xml HTTP/1.1" 200 292766 "-" "Mozilla/5.0 (compatible; SemrushBot/7~bl; +http://www.semrush.com/bot.html)" "mantech8.com"
185.191.171.6 - - [14/Sep/2022:06:59:29 -0700] "GET /index.php/rebeginner.xml HTTP/1.1" 200 305440 "-" "Mozilla/5.0 (compatible; SemrushBot/7~bl; +http://www.semrush.com/bot.html)" "mantech8.com"
136.243.220.213 - - [14/Sep/2022:06:59:30 -0700] "GET /?camp-fire/7799542.html HTTP/1.1" 500 - "-" "Mozilla/5.0 (compatible; DataForSeoBot/1.0; +https://dataforseo.com/dataforseo-bot)" "mantech8.com"
185.191.171.6 - - [14/Sep/2022:06:59:32 -0700] "GET /index.php/takiko.xml HTTP/1.1" 200 253459 "-" "Mozilla/5.0 (compatible; SemrushBot/7~bl; +http://www.semrush.com/bot.html)" "mantech8.com"
136.243.220.213 - - [14/Sep/2022:06:59:35 -0700] "GET /?camp-fire/41415271.html HTTP/1.1" 500 - "-" "Mozilla/5.0 (compatible; DataForSeoBot/1.0; +https://dataforseo.com/dataforseo-bot)" "mantech8.com"
185.191.171.21 - - [14/Sep/2022:06:59:36 -0700] "GET /index.php/larges.xml HTTP/1.1" 200 308036 "-" "Mozilla/5.0 (compatible; SemrushBot/7~bl; +http://www.semrush.com/bot.html)" "mantech8.com"
185.191.171.38 - - [14/Sep/2022:06:59:37 -0700] "GET /index.php/venatically.xml HTTP/1.1" 200 281937 "-" "Mozilla/5.0 (compatible; SemrushBot/7~bl; +http://www.semrush.com/bot.html)" "mantech8.com"
136.243.220.213 - - [14/Sep/2022:06:59:39 -0700] "GET /?camp-fire/3885074.html HTTP/1.1" 500 - "-" "Mozilla/5.0 (compatible; DataForSeoBot/1.0; +https://dataforseo.com/dataforseo-bot)" "mantech8.com"
185.191.171.36 - - [14/Sep/2022:06:59:39 -0700] "GET /index.php/manlundang.xml HTTP/1.1" 200 257860 "-" "Mozilla/5.0 (compatible; SemrushBot/7~bl; +http://www.semrush.com/bot.html)" "mantech8.com"
185.191.171.38 - - [14/Sep/2022:06:59:41 -0700] "GET /index.php/ravenings.xml HTTP/1.1" 200 290747 "-" "Mozilla/5.0 (compatible; SemrushBot/7~bl; +http://www.semrush.com/bot.html)" "mantech8.com"
136.243.220.213 - - [14/Sep/2022:06:59:43 -0700] "GET /?camp-fire/41415371.html HTTP/1.1" 500 - "-" "Mozilla/5.0 (compatible; DataForSeoBot/1.0; +https://dataforseo.com/dataforseo-bot)" "mantech8.com"
185.191.171.38 - - [14/Sep/2022:06:59:43 -0700] "GET /index.php/procombination.xml HTTP/1.1" 200 292398 "-" "Mozilla/5.0 (compatible; SemrushBot/7~bl; +http://www.semrush.com/bot.html)" "mantech8.com"
185.191.171.16 - - [14/Sep/2022:06:59:44 -0700] "GET /index.php/megatheroid.xml HTTP/1.1" 200 324176 "-" "Mozilla/5.0 (compatible; SemrushBot/7~bl; +http://www.semrush.com/bot.html)" "mantech8.com"
136.243.220.213 - - [14/Sep/2022:06:59:46 -0700] "GET /?camp-fire/33688308.html HTTP/1.1" 500 - "-" "Mozilla/5.0 (compatible; DataForSeoBot/1.0; +https://dataforseo.com/dataforseo-bot)" "mantech8.com"
185.191.171.21 - - [14/Sep/2022:06:59:47 -0700] "GET /index.php/successional.xml HTTP/1.1" 200 250868 "-" "Mozilla/5.0 (compatible; SemrushBot/7~bl; +http://www.semrush.com/bot.html)" "mantech8.com"
185.191.171.16 - - [14/Sep/2022:06:59:48 -0700] "GET /index.php/dehydrochlorinases.xml HTTP/1.1" 200 324734 "-" "Mozilla/5.0 (compatible; SemrushBot/7~bl; +http://www.semrush.com/bot.html)" "mantech8.com"
136.243.220.213 - - [14/Sep/2022:06:59:50 -0700] "GET /?camp-fire/26654647.html HTTP/1.1" 500 - "-" "Mozilla/5.0 (compatible; DataForSeoBot/1.0; +https://dataforseo.com/dataforseo-bot)" "mantech8.com"
185.191.171.36 - - [14/Sep/2022:06:59:50 -0700] "GET /index.php/pettygod.xml HTTP/1.1" 200 328239 "-" "Mozilla/5.0 (compatible; SemrushBot/7~bl; +http://www.semrush.com/bot.html)" "mantech8.com"
185.191.171.38 - - [14/Sep/2022:06:59:52 -0700] "GET /index.php/ambrilidine.xml HTTP/1.1" 200 296996 "-" "Mozilla/5.0 (compatible; SemrushBot/7~bl; +http://www.semrush.com/bot.html)" "mantech8.com"
185.191.171.36 - - [14/Sep/2022:06:59:54 -0700] "GET /index.php/biters.xml HTTP/1.1" 200 258044 "-" "Mozilla/5.0 (compatible; SemrushBot/7~bl; +http://www.semrush.com/bot.html)" "mantech8.com"
136.243.220.213 - - [14/Sep/2022:06:59:55 -0700] "GET /?camp-fire/38849092.html HTTP/1.1" 500 - "-" "Mozilla/5.0 (compatible; DataForSeoBot/1.0; +https://dataforseo.com/dataforseo-bot)" "mantech8.com"
185.191.171.38 - - [14/Sep/2022:06:59:55 -0700] "GET /index.php/diethers.xml HTTP/1.1" 200 283041 "-" "Mozilla/5.0 (compatible; SemrushBot/7~bl; +http://www.semrush.com/bot.html)" "mantech8.com"
185.191.171.6 - - [14/Sep/2022:06:59:57 -0700] "GET /index.php/scillism.xml HTTP/1.1" 200 250684 "-" "Mozilla/5.0 (compatible; SemrushBot/7~bl; +http://www.semrush.com/bot.html)" "mantech8.com"
136.243.220.213 - - [14/Sep/2022:06:59:58 -0700] "GET /?camp-fire/27459426.html HTTP/1.1" 500 - "-" "Mozilla/5.0 (compatible; DataForSeoBot/1.0; +https://dataforseo.com/dataforseo-bot)" "mantech8.com"
185.191.171.16 - - [14/Sep/2022:06:59:59 -0700] "GET /index.php/angse.xml HTTP/1.1" 200 344941 "-" "Mozilla/5.0 (compatible; SemrushBot/7~bl; +http://www.semrush.com/bot.html)" "mantech8.com"
185.191.171.36 - - [14/Sep/2022:07:00:01 -0700] "GET /index.php/nobeliums.xml HTTP/1.1" 200 244801 "-" "Mozilla/5.0 (compatible; SemrushBot/7~bl; +http://www.semrush.com/bot.html)" "mantech8.com"
136.243.220.213 - - [14/Sep/2022:07:00:02 -0700] "GET /?camp-fire/38154303.html HTTP/1.1" 500 - "-" "Mozilla/5.0 (compatible; DataForSeoBot/1.0; +https://dataforseo.com/dataforseo-bot)" "mantech8.com"
185.191.171.36 - - [14/Sep/2022:07:00:02 -0700] "GET /index.php/nieying.xml HTTP/1.1" 200 263380 "-" "Mozilla/5.0 (compatible; SemrushBot/7~bl; +http://www.semrush.com/bot.html)" "mantech8.com"
136.243.220.213 - - [14/Sep/2022:07:00:05 -0700] "GET /?camp-fire/41807603.html HTTP/1.1" 500 - "-" "Mozilla/5.0 (compatible; DataForSeoBot/1.0; +https://dataforseo.com/dataforseo-bot)" "mantech8.com"
185.191.171.1 - - [14/Sep/2022:07:00:06 -0700] "GET /index.php/murium.xml HTTP/1.1" 200 271633 "-" "Mozilla/5.0 (compatible; SemrushBot/7~bl; +http://www.semrush.com/bot.html)" "mantech8.com"
185.191.171.13 - - [14/Sep/2022:07:00:08 -0700] "GET /index.php/inflorescences.xml HTTP/1.1" 200 240775 "-" "Mozilla/5.0 (compatible; SemrushBot/7~bl; +http://www.semrush.com/bot.html)" "mantech8.com"
136.243.220.213 - - [14/Sep/2022:07:00:13 -0700] "GET /?camp-fire/26070051.html HTTP/1.1" 500 - "-" "Mozilla/5.0 (compatible; DataForSeoBot/1.0; +https://dataforseo.com/dataforseo-bot)" "mantech8.com"
136.243.220.213 - - [14/Sep/2022:07:00:17 -0700] "GET /?camp-fire/41808003.html HTTP/1.1" 500 - "-" "Mozilla/5.0 (compatible; DataForSeoBot/1.0; +https://dataforseo.com/dataforseo-bot)" "mantech8.com"
136.243.220.213 - - [14/Sep/2022:07:00:22 -0700] "GET /?camp-fire/33106716.html HTTP/1.1" 500 - "-" "Mozilla/5.0 (compatible; DataForSeoBot/1.0; +https://dataforseo.com/dataforseo-bot)" "mantech8.com"
207.46.13.106 - - [14/Sep/2022:07:00:24 -0700] "GET /index.php?sitemap793.xml HTTP/1.1" 200 249990 "-" "Mozilla/5.0 (compatible; bingbot/2.0; +http://www.bing.com/bingbot.htm)" "mantech8.com"
136.243.220.213 - - [14/Sep/2022:07:00:25 -0700] "GET /?camp-fire/25056206.html HTTP/1.1" 500 - "-" "Mozilla/5.0 (compatible; DataForSeoBot/1.0; +https://dataforseo.com/dataforseo-bot)" "mantech8.com"
185.191.171.7 - - [14/Sep/2022:07:00:27 -0700] "GET /index.php/viton.xml HTTP/1.1" 200 346229 "-" "Mozilla/5.0 (compatible; SemrushBot/7~bl; +http://www.semrush.com/bot.html)" "mantech8.com"
136.243.220.213 - - [14/Sep/2022:07:00:28 -0700] "GET /?camp-fire/13931259.html HTTP/1.1" 500 - "-" "Mozilla/5.0 (compatible; DataForSeoBot/1.0; +https://dataforseo.com/dataforseo-bot)" "mantech8.com"
40.77.167.27 - - [14/Sep/2022:07:00:29 -0700] "GET /index.php?sitemap43294.xml HTTP/1.1" 200 325328 "-" "Mozilla/5.0 (compatible; bingbot/2.0; +http://www.bing.com/bingbot.htm)" "mantech8.com"
136.243.220.213 - - [14/Sep/2022:07:00:32 -0700] "GET /?camp-fire/20791435.html HTTP/1.1" 500 - "-" "Mozilla/5.0 (compatible; DataForSeoBot/1.0; +https://dataforseo.com/dataforseo-bot)" "mantech8.com"
136.243.220.213 - - [14/Sep/2022:07:00:35 -0700] "GET /?camp-fire/1260229.html HTTP/1.1" 500 - "-" "Mozilla/5.0 (compatible; DataForSeoBot/1.0; +https://dataforseo.com/dataforseo-bot)" "mantech8.com"
136.243.220.213 - - [14/Sep/2022:07:00:42 -0700] "GET /?camp-fire/17536327.html HTTP/1.1" 500 - "-" "Mozilla/5.0 (compatible; DataForSeoBot/1.0; +https://dataforseo.com/dataforseo-bot)" "mantech8.com"
185.191.171.7 - - [14/Sep/2022:07:00:42 -0700] "GET /index.php/viton.xml HTTP/1.1" 200 264668 "-" "Mozilla/5.0 (compatible; SemrushBot/7~bl; +http://www.semrush.com/bot.html)" "mantech8.com"
136.243.220.213 - - [14/Sep/2022:07:00:47 -0700] "GET /?camp-fire/15461083.html HTTP/1.1" 500 - "-" "Mozilla/5.0 (compatible; DataForSeoBot/1.0; +https://dataforseo.com/dataforseo-bot)" "mantech8.com"
136.243.220.213 - - [14/Sep/2022:07:00:56 -0700] "GET /?camp-fire/39897676.html HTTP/1.1" 500 - "-" "Mozilla/5.0 (compatible; DataForSeoBot/1.0; +https://dataforseo.com/dataforseo-bot)" "mantech8.com"
185.191.171.7 - - [14/Sep/2022:07:00:56 -0700] "GET /index.php/umbilic.xml HTTP/1.1" 200 327856 "-" "Mozilla/5.0 (compatible; SemrushBot/7~bl; +http://www.semrush.com/bot.html)" "mantech8.com"
136.243.220.213 - - [14/Sep/2022:07:00:57 -0700] "GET /?camp-fire/39826602.html HTTP/1.1" 500 - "-" "Mozilla/5.0 (compatible; DataForSeoBot/1.0; +https://dataforseo.com/dataforseo-bot)" "mantech8.com"
136.243.220.213 - - [14/Sep/2022:07:00:58 -0700] "GET /?camp-fire/1409053.html HTTP/1.1" 500 - "-" "Mozilla/5.0 (compatible; DataForSeoBot/1.0; +https://dataforseo.com/dataforseo-bot)" "mantech8.com"
136.243.220.213 - - [14/Sep/2022:07:01:02 -0700] "GET /?camp-fire/17379765.html HTTP/1.1" 500 - "-" "Mozilla/5.0 (compatible; DataForSeoBot/1.0; +https://dataforseo.com/dataforseo-bot)" "mantech8.com"
136.243.220.213 - - [14/Sep/2022:07:01:04 -0700] "GET /?camp-fire/26132682.html HTTP/1.1" 500 - "-" "Mozilla/5.0 (compatible; DataForSeoBot/1.0; +https://dataforseo.com/dataforseo-bot)" "mantech8.com"
185.191.171.7 - - [14/Sep/2022:07:01:06 -0700] "GET /index.php/housewifelinesses.xml HTTP/1.1" 200 273120 "-" "Mozilla/5.0 (compatible; SemrushBot/7~bl; +http://www.semrush.com/bot.html)" "mantech8.com"
136.243.220.213 - - [14/Sep/2022:07:01:09 -0700] "GET /?camp-fire/25056306.html HTTP/1.1" 500 - "-" "Mozilla/5.0 (compatible; DataForSeoBot/1.0; +https://dataforseo.com/dataforseo-bot)" "mantech8.com"
136.243.220.213 - - [14/Sep/2022:07:01:12 -0700] "GET /?camp-fire/38841517.html HTTP/1.1" 500 - "-" "Mozilla/5.0 (compatible; DataForSeoBot/1.0; +https://dataforseo.com/dataforseo-bot)" "mantech8.com"
136.243.220.213 - - [14/Sep/2022:07:01:14 -0700] "GET /?camp-fire/24259650.html HTTP/1.1" 500 - "-" "Mozilla/5.0 (compatible; DataForSeoBot/1.0; +https://dataforseo.com/dataforseo-bot)" "mantech8.com"
136.243.220.213 - - [14/Sep/2022:07:01:19 -0700] "GET /?camp-fire/16557065.html HTTP/1.1" 500 - "-" "Mozilla/5.0 (compatible; DataForSeoBot/1.0; +https://dataforseo.com/dataforseo-bot)" "mantech8.com"
136.243.220.213 - - [14/Sep/2022:07:01:24 -0700] "GET /?camp-fire/4108165.html HTTP/1.1" 500 - "-" "Mozilla/5.0 (compatible; DataForSeoBot/1.0; +https://dataforseo.com/dataforseo-bot)" "mantech8.com"
136.243.220.213 - - [14/Sep/2022:07:01:29 -0700] "GET /?camp-fire/42075349.html HTTP/1.1" 500 - "-" "Mozilla/5.0 (compatible; DataForSeoBot/1.0; +https://dataforseo.com/dataforseo-bot)" "mantech8.com"
136.243.220.213 - - [14/Sep/2022:07:01:32 -0700] "GET /?camp-fire/20791335.html HTTP/1.1" 500 - "-" "Mozilla/5.0 (compatible; DataForSeoBot/1.0; +https://dataforseo.com/dataforseo-bot)" "mantech8.com"
136.243.220.213 - - [14/Sep/2022:07:01:36 -0700] "GET /?camp-fire/18014281.html HTTP/1.1" 500 - "-" "Mozilla/5.0 (compatible; DataForSeoBot/1.0; +https://dataforseo.com/dataforseo-bot)" "mantech8.com"
40.77.167.27 - - [14/Sep/2022:07:01:36 -0700] "GET /index.php?sitemap508.xml HTTP/1.1" 200 302543 "-" "Mozilla/5.0 (compatible; bingbot/2.0; +http://www.bing.com/bingbot.htm)" "mantech8.com"
136.243.220.213 - - [14/Sep/2022:07:01:40 -0700] "GET /?camp-fire/33809608.html HTTP/1.1" 500 - "-" "Mozilla/5.0 (compatible; DataForSeoBot/1.0; +https://dataforseo.com/dataforseo-bot)" "mantech8.com"
136.243.220.213 - - [14/Sep/2022:07:01:45 -0700] "GET /?camp-fire/17598880.html HTTP/1.1" 500 - "-" "Mozilla/5.0 (compatible; DataForSeoBot/1.0; +https://dataforseo.com/dataforseo-bot)" "mantech8.com"
136.243.220.213 - - [14/Sep/2022:07:01:49 -0700] "GET /?camp-fire/23617906.html HTTP/1.1" 500 - "-" "Mozilla/5.0 (compatible; DataForSeoBot/1.0; +https://dataforseo.com/dataforseo-bot)" "mantech8.com"
136.243.220.213 - - [14/Sep/2022:07:01:51 -0700] "GET /?camp-fire/2402393.html HTTP/1.1" 500 - "-" "Mozilla/5.0 (compatible; DataForSeoBot/1.0; +https://dataforseo.com/dataforseo-bot)" "mantech8.com"
136.243.220.213 - - [14/Sep/2022:07:01:53 -0700] "GET /?camp-fire/32555825.html HTTP/1.1" 500 - "-" "Mozilla/5.0 (compatible; DataForSeoBot/1.0; +https://dataforseo.com/dataforseo-bot)" "mantech8.com"
136.243.220.213 - - [14/Sep/2022:07:01:55 -0700] "GET /?camp-fire/15205184.html HTTP/1.1" 500 - "-" "Mozilla/5.0 (compatible; DataForSeoBot/1.0; +https://dataforseo.com/dataforseo-bot)" "mantech8.com"
136.243.220.213 - - [14/Sep/2022:07:01:58 -0700] "GET /?camp-fire/11484709.html HTTP/1.1" 500 - "-" "Mozilla/5.0 (compatible; DataForSeoBot/1.0; +https://dataforseo.com/dataforseo-bot)" "mantech8.com"
136.243.220.213 - - [14/Sep/2022:07:02:00 -0700] "GET /?camp-fire/3117578.html HTTP/1.1" 500 - "-" "Mozilla/5.0 (compatible; DataForSeoBot/1.0; +https://dataforseo.com/dataforseo-bot)" "mantech8.com"
136.243.220.213 - - [14/Sep/2022:07:02:04 -0700] "GET /?camp-fire/5308277.html HTTP/1.1" 500 - "-" "Mozilla/5.0 (compatible; DataForSeoBot/1.0; +https://dataforseo.com/dataforseo-bot)" "mantech8.com"
40.77.167.27 - - [14/Sep/2022:07:02:07 -0700] "GET /index.php/sitemap992.xml HTTP/1.1" 200 253502 "-" "Mozilla/5.0 (compatible; bingbot/2.0; +http://www.bing.com/bingbot.htm)" "mantech8.com"
136.243.220.213 - - [14/Sep/2022:07:02:10 -0700] "GET /?camp-fire/15168756.html HTTP/1.1" 500 - "-" "Mozilla/5.0 (compatible; DataForSeoBot/1.0; +https://dataforseo.com/dataforseo-bot)" "mantech8.com"
136.243.220.213 - - [14/Sep/2022:07:02:12 -0700] "GET /?camp-fire/14519924.html HTTP/1.1" 500 - "-" "Mozilla/5.0 (compatible; DataForSeoBot/1.0; +https://dataforseo.com/dataforseo-bot)" "mantech8.com"
136.243.220.213 - - [14/Sep/2022:07:02:16 -0700] "GET /?camp-fire/13932059.html HTTP/1.1" 500 - "-" "Mozilla/5.0 (compatible; DataForSeoBot/1.0; +https://dataforseo.com/dataforseo-bot)" "mantech8.com"
136.243.220.213 - - [14/Sep/2022:07:02:19 -0700] "GET /?camp-fire/9702083.html HTTP/1.1" 500 - "-" "Mozilla/5.0 (compatible; DataForSeoBot/1.0; +https://dataforseo.com/dataforseo-bot)" "mantech8.com"
136.243.220.213 - - [14/Sep/2022:07:02:25 -0700] "GET /?camp-fire/27115663.html HTTP/1.1" 500 - "-" "Mozilla/5.0 (compatible; DataForSeoBot/1.0; +https://dataforseo.com/dataforseo-bot)" "mantech8.com"
136.243.220.213 - - [14/Sep/2022:07:02:30 -0700] "GET /?camp-fire/38153503.html HTTP/1.1" 500 - "-" "Mozilla/5.0 (compatible; DataForSeoBot/1.0; +https://dataforseo.com/dataforseo-bot)" "mantech8.com"
136.243.220.213 - - [14/Sep/2022:07:02:42 -0700] "GET /?camp-fire/17379265.html HTTP/1.1" 500 - "-" "Mozilla/5.0 (compatible; DataForSeoBot/1.0; +https://dataforseo.com/dataforseo-bot)" "mantech8.com"
136.243.220.213 - - [14/Sep/2022:07:02:46 -0700] "GET /?camp-fire/2401493.html HTTP/1.1" 500 - "-" "Mozilla/5.0 (compatible; DataForSeoBot/1.0; +https://dataforseo.com/dataforseo-bot)" "mantech8.com"
40.77.167.27 - - [14/Sep/2022:07:02:46 -0700] "GET /index.php/sitemap2442.xml HTTP/1.1" 200 338856 "-" "Mozilla/5.0 (compatible; bingbot/2.0; +http://www.bing.com/bingbot.htm)" "mantech8.com"
136.243.220.213 - - [14/Sep/2022:07:02:50 -0700] "GET /?camp-fire/288498.html HTTP/1.1" 500 - "-" "Mozilla/5.0 (compatible; DataForSeoBot/1.0; +https://dataforseo.com/dataforseo-bot)" "mantech8.com"
136.243.220.213 - - [14/Sep/2022:07:02:54 -0700] "GET /?camp-fire/27984271.html HTTP/1.1" 500 - "-" "Mozilla/5.0 (compatible; DataForSeoBot/1.0; +https://dataforseo.com/dataforseo-bot)" "mantech8.com"
136.243.220.213 - - [14/Sep/2022:07:02:58 -0700] "GET /?camp-fire/27276470.html HTTP/1.1" 500 - "-" "Mozilla/5.0 (compatible; DataForSeoBot/1.0; +https://dataforseo.com/dataforseo-bot)" "mantech8.com"
136.243.220.213 - - [14/Sep/2022:07:03:02 -0700] "GET /?camp-fire/17599280.html HTTP/1.1" 500 - "-" "Mozilla/5.0 (compatible; DataForSeoBot/1.0; +https://dataforseo.com/dataforseo-bot)" "mantech8.com"
136.243.220.213 - - [14/Sep/2022:07:03:07 -0700] "GET /?camp-fire/1408853.html HTTP/1.1" 500 - "-" "Mozilla/5.0 (compatible; DataForSeoBot/1.0; +https://dataforseo.com/dataforseo-bot)" "mantech8.com"
136.243.220.213 - - [14/Sep/2022:07:03:14 -0700] "GET /?camp-fire/28627089.html HTTP/1.1" 500 - "-" "Mozilla/5.0 (compatible; DataForSeoBot/1.0; +https://dataforseo.com/dataforseo-bot)" "mantech8.com"
136.243.220.213 - - [14/Sep/2022:07:03:16 -0700] "GET /?camp-fire/30657955.html HTTP/1.1" 500 - "-" "Mozilla/5.0 (compatible; DataForSeoBot/1.0; +https://dataforseo.com/dataforseo-bot)" "mantech8.com"
136.243.220.213 - - [14/Sep/2022:07:03:20 -0700] "GET /?camp-fire/26131782.html HTTP/1.1" 500 - "-" "Mozilla/5.0 (compatible; DataForSeoBot/1.0; +https://dataforseo.com/dataforseo-bot)" "mantech8.com"
157.55.39.86 - - [14/Sep/2022:07:03:23 -0700] "GET /index.php/sitemap79.xml HTTP/1.1" 200 258594 "-" "Mozilla/5.0 (compatible; bingbot/2.0; +http://www.bing.com/bingbot.htm)" "mantech8.com"
136.243.220.213 - - [14/Sep/2022:07:03:24 -0700] "GET /?camp-fire/15332865.html HTTP/1.1" 500 - "-" "Mozilla/5.0 (compatible; DataForSeoBot/1.0; +https://dataforseo.com/dataforseo-bot)" "mantech8.com"
40.77.167.27 - - [14/Sep/2022:07:03:27 -0700] "GET /index.php?sitemap336.xml HTTP/1.1" 200 312462 "-" "Mozilla/5.0 (compatible; bingbot/2.0; +http://www.bing.com/bingbot.htm)" "mantech8.com"
136.243.220.213 - - [14/Sep/2022:07:03:28 -0700] "GET /?camp-fire/3119078.html HTTP/1.1" 500 - "-" "Mozilla/5.0 (compatible; DataForSeoBot/1.0; +https://dataforseo.com/dataforseo-bot)" "mantech8.com"
136.243.220.213 - - [14/Sep/2022:07:03:32 -0700] "GET /?camp-fire/15460983.html HTTP/1.1" 500 - "-" "Mozilla/5.0 (compatible; DataForSeoBot/1.0; +https://dataforseo.com/dataforseo-bot)" "mantech8.com"
136.243.220.213 - - [14/Sep/2022:07:03:36 -0700] "GET /?camp-fire/15332665.html HTTP/1.1" 500 - "-" "Mozilla/5.0 (compatible; DataForSeoBot/1.0; +https://dataforseo.com/dataforseo-bot)" "mantech8.com"
136.243.220.213 - - [14/Sep/2022:07:03:41 -0700] "GET /?camp-fire/17379865.html HTTP/1.1" 500 - "-" "Mozilla/5.0 (compatible; DataForSeoBot/1.0; +https://dataforseo.com/dataforseo-bot)" "mantech8.com"
157.55.39.86 - - [14/Sep/2022:07:03:43 -0700] "GET /index.php?sitemap263.xml HTTP/1.1" 200 335961 "-" "Mozilla/5.0 (compatible; bingbot/2.0; +http://www.bing.com/bingbot.htm)" "mantech8.com"
207.46.13.106 - - [14/Sep/2022:07:03:46 -0700] "GET /index.php/crystalgazer.xml HTTP/1.1" 200 340159 "-" "Mozilla/5.0 (compatible; bingbot/2.0; +http://www.bing.com/bingbot.htm)" "mantech8.com"
157.55.39.103 - - [14/Sep/2022:07:03:48 -0700] "GET /index.php/sitemap9169.xml HTTP/1.1" 200 286942 "-" "Mozilla/5.0 (compatible; bingbot/2.0; +http://www.bing.com/bingbot.htm)" "mantech8.com"
136.243.220.213 - - [14/Sep/2022:07:03:50 -0700] "GET /?camp-fire/4282496.html HTTP/1.1" 500 - "-" "Mozilla/5.0 (compatible; DataForSeoBot/1.0; +https://dataforseo.com/dataforseo-bot)" "mantech8.com"
136.243.220.213 - - [14/Sep/2022:07:03:56 -0700] "GET /?camp-fire/20792035.html HTTP/1.1" 500 - "-" "Mozilla/5.0 (compatible; DataForSeoBot/1.0; +https://dataforseo.com/dataforseo-bot)" "mantech8.com"
136.243.220.213 - - [14/Sep/2022:07:04:00 -0700] "GET /?camp-fire/27115863.html HTTP/1.1" 500 - "-" "Mozilla/5.0 (compatible; DataForSeoBot/1.0; +https://dataforseo.com/dataforseo-bot)" "mantech8.com"
136.243.220.213 - - [14/Sep/2022:07:04:03 -0700] "GET /?camp-fire/1813251.html HTTP/1.1" 500 - "-" "Mozilla/5.0 (compatible; DataForSeoBot/1.0; +https://dataforseo.com/dataforseo-bot)" "mantech8.com"
136.243.220.213 - - [14/Sep/2022:07:04:08 -0700] "GET /?camp-fire/14811887.html HTTP/1.1" 500 - "-" "Mozilla/5.0 (compatible; DataForSeoBot/1.0; +https://dataforseo.com/dataforseo-bot)" "mantech8.com"
136.243.220.213 - - [14/Sep/2022:07:04:13 -0700] "GET /?camp-fire/28260835.html HTTP/1.1" 500 - "-" "Mozilla/5.0 (compatible; DataForSeoBot/1.0; +https://dataforseo.com/dataforseo-bot)" "mantech8.com"
136.243.220.213 - - [14/Sep/2022:07:04:14 -0700] "GET /?camp-fire/35043325.html HTTP/1.1" 500 - "-" "Mozilla/5.0 (compatible; DataForSeoBot/1.0; +https://dataforseo.com/dataforseo-bot)" "mantech8.com"
136.243.220.213 - - [14/Sep/2022:07:04:17 -0700] "GET /?camp-fire/27671009.html HTTP/1.1" 500 - "-" "Mozilla/5.0 (compatible; DataForSeoBot/1.0; +https://dataforseo.com/dataforseo-bot)" "mantech8.com"
136.243.220.213 - - [14/Sep/2022:07:04:19 -0700] "GET /?camp-fire/32555225.html HTTP/1.1" 500 - "-" "Mozilla/5.0 (compatible; DataForSeoBot/1.0; +https://dataforseo.com/dataforseo-bot)" "mantech8.com"
136.243.220.213 - - [14/Sep/2022:07:04:24 -0700] "GET /?camp-fire/15205684.html HTTP/1.1" 500 - "-" "Mozilla/5.0 (compatible; DataForSeoBot/1.0; +https://dataforseo.com/dataforseo-bot)" "mantech8.com"
136.243.220.213 - - [14/Sep/2022:07:04:28 -0700] "GET /?camp-fire/15168856.html HTTP/1.1" 500 - "-" "Mozilla/5.0 (compatible; DataForSeoBot/1.0; +https://dataforseo.com/dataforseo-bot)" "mantech8.com"
136.243.220.213 - - [14/Sep/2022:07:04:33 -0700] "GET /?camp-fire/14812687.html HTTP/1.1" 500 - "-" "Mozilla/5.0 (compatible; DataForSeoBot/1.0; +https://dataforseo.com/dataforseo-bot)" "mantech8.com"
136.243.220.213 - - [14/Sep/2022:07:04:38 -0700] "GET /?camp-fire/32513868.html HTTP/1.1" 500 - "-" "Mozilla/5.0 (compatible; DataForSeoBot/1.0; +https://dataforseo.com/dataforseo-bot)" "mantech8.com"
136.243.220.213 - - [14/Sep/2022:07:04:41 -0700] "GET /?camp-fire/4109265.html HTTP/1.1" 500 - "-" "Mozilla/5.0 (compatible; DataForSeoBot/1.0; +https://dataforseo.com/dataforseo-bot)" "mantech8.com"
136.243.220.213 - - [14/Sep/2022:07:04:45 -0700] "GET /?camp-fire/33453593.html HTTP/1.1" 500 - "-" "Mozilla/5.0 (compatible; DataForSeoBot/1.0; +https://dataforseo.com/dataforseo-bot)" "mantech8.com"
157.55.39.103 - - [14/Sep/2022:07:04:46 -0700] "GET /index.php?sitemap479.xml HTTP/1.1" 200 275343 "-" "Mozilla/5.0 (compatible; bingbot/2.0; +http://www.bing.com/bingbot.htm)" "mantech8.com"
136.243.220.213 - - [14/Sep/2022:07:04:50 -0700] "GET /?camp-fire/27599071.html HTTP/1.1" 500 - "-" "Mozilla/5.0 (compatible; DataForSeoBot/1.0; +https://dataforseo.com/dataforseo-bot)" "mantech8.com"
136.243.220.213 - - [14/Sep/2022:07:04:54 -0700] "GET /?camp-fire/42844434.html HTTP/1.1" 500 - "-" "Mozilla/5.0 (compatible; DataForSeoBot/1.0; +https://dataforseo.com/dataforseo-bot)" "mantech8.com"
136.243.220.213 - - [14/Sep/2022:07:04:58 -0700] "GET /?camp-fire/33454593.html HTTP/1.1" 500 - "-" "Mozilla/5.0 (compatible; DataForSeoBot/1.0; +https://dataforseo.com/dataforseo-bot)" "mantech8.com"
157.55.39.103 - - [14/Sep/2022:07:05:25 -0700] "GET /?tetrathionates.xml HTTP/1.1" 200 298385 "-" "Mozilla/5.0 (compatible; bingbot/2.0; +http://www.bing.com/bingbot.htm)" "mantech8.com"
157.55.39.103 - - [14/Sep/2022:07:05:45 -0700] "GET /index.php?sitemap6157.xml HTTP/1.1" 200 276931 "-" "Mozilla/5.0 (compatible; bingbot/2.0; +http://www.bing.com/bingbot.htm)" "mantech8.com"
207.46.13.106 - - [14/Sep/2022:07:07:06 -0700] "GET /index.php/sitemap-index-3.xml HTTP/1.1" 200 7121 "-" "Mozilla/5.0 (compatible; bingbot/2.0; +http://www.bing.com/bingbot.htm)" "mantech8.com"
157.55.39.103 - - [14/Sep/2022:07:07:25 -0700] "GET /index.php?sitemap925.xml HTTP/1.1" 200 249827 "-" "Mozilla/5.0 (compatible; bingbot/2.0; +http://www.bing.com/bingbot.htm)" "mantech8.com"
157.55.39.103 - - [14/Sep/2022:07:07:55 -0700] "GET /index.php/sitemap219.xml HTTP/1.1" 200 279913 "-" "Mozilla/5.0 AppleWebKit/537.36 (KHTML, like Gecko; compatible; bingbot/2.0; +http://www.bing.com/bingbot.htm) Chrome/103.0.5060.134 Safari/537.36" "mantech8.com"
40.77.167.54 - - [14/Sep/2022:07:08:06 -0700] "GET /?sitemap2886.xml HTTP/1.1" 200 313136 "-" "Mozilla/5.0 (compatible; bingbot/2.0; +http://www.bing.com/bingbot.htm)" "mantech8.com"
207.46.13.23 - - [14/Sep/2022:07:09:42 -0700] "GET /index.php?sitemap6099.xml HTTP/1.1" 200 334046 "-" "Mozilla/5.0 (compatible; bingbot/2.0; +http://www.bing.com/bingbot.htm)" "mantech8.com"
136.243.220.213 - - [14/Sep/2022:07:10:22 -0700] "GET /?camp-fire/11484509.html HTTP/1.1" 500 - "-" "Mozilla/5.0 (compatible; DataForSeoBot/1.0; +https://dataforseo.com/dataforseo-bot)" "mantech8.com"
157.55.39.86 - - [14/Sep/2022:07:11:05 -0700] "GET /?kiger.xml HTTP/1.1" 200 296123 "-" "Mozilla/5.0 AppleWebKit/537.36 (KHTML, like Gecko; compatible; bingbot/2.0; +http://www.bing.com/bingbot.htm) Chrome/103.0.5060.134 Safari/537.36" "mantech8.com"
157.55.39.103 - - [14/Sep/2022:07:11:26 -0700] "GET /index.php?sitemap33346.xml HTTP/1.1" 200 296510 "-" "Mozilla/5.0 (compatible; bingbot/2.0; +http://www.bing.com/bingbot.htm)" "mantech8.com"
157.55.39.103 - - [14/Sep/2022:07:11:56 -0700] "GET /index.php?sitemap91.xml HTTP/1.1" 200 242794 "-" "Mozilla/5.0 (compatible; bingbot/2.0; +http://www.bing.com/bingbot.htm)" "mantech8.com"
40.77.167.54 - - [14/Sep/2022:07:12:16 -0700] "GET /index.php/nobeliums.xml HTTP/1.1" 200 238383 "-" "Mozilla/5.0 (compatible; bingbot/2.0; +http://www.bing.com/bingbot.htm)" "mantech8.com"
136.243.220.213 - - [14/Sep/2022:07:12:42 -0700] "GET /?camp-fire/27912459.html HTTP/1.1" 500 - "-" "Mozilla/5.0 (compatible; DataForSeoBot/1.0; +https://dataforseo.com/dataforseo-bot)" "mantech8.com"
136.243.220.213 - - [14/Sep/2022:07:13:01 -0700] "GET /?camp-fire/30658655.html HTTP/1.1" 500 - "-" "Mozilla/5.0 (compatible; DataForSeoBot/1.0; +https://dataforseo.com/dataforseo-bot)" "mantech8.com"
207.46.13.23 - - [14/Sep/2022:07:13:01 -0700] "GET /?athermallize.xml HTTP/1.1" 200 276488 "-" "Mozilla/5.0 (compatible; bingbot/2.0; +http://www.bing.com/bingbot.htm)" "mantech8.com"
136.243.220.213 - - [14/Sep/2022:07:13:08 -0700] "GET /?camp-fire/39898976.html HTTP/1.1" 500 - "-" "Mozilla/5.0 (compatible; DataForSeoBot/1.0; +https://dataforseo.com/dataforseo-bot)" "mantech8.com"
136.243.220.213 - - [14/Sep/2022:07:13:41 -0700] "GET /?camp-fire/38840517.html HTTP/1.1" 500 - "-" "Mozilla/5.0 (compatible; DataForSeoBot/1.0; +https://dataforseo.com/dataforseo-bot)" "mantech8.com"
136.243.220.213 - - [14/Sep/2022:07:13:49 -0700] "GET /?camp-fire/33688708.html HTTP/1.1" 500 - "-" "Mozilla/5.0 (compatible; DataForSeoBot/1.0; +https://dataforseo.com/dataforseo-bot)" "mantech8.com"
136.243.220.213 - - [14/Sep/2022:07:13:53 -0700] "GET /?camp-fire/288698.html HTTP/1.1" 500 - "-" "Mozilla/5.0 (compatible; DataForSeoBot/1.0; +https://dataforseo.com/dataforseo-bot)" "mantech8.com"
136.243.220.213 - - [14/Sep/2022:07:13:59 -0700] "GET /?camp-fire/42076649.html HTTP/1.1" 500 - "-" "Mozilla/5.0 (compatible; DataForSeoBot/1.0; +https://dataforseo.com/dataforseo-bot)" "mantech8.com"
136.243.220.213 - - [14/Sep/2022:07:14:06 -0700] "GET /?camp-fire/4209485.html HTTP/1.1" 500 - "-" "Mozilla/5.0 (compatible; DataForSeoBot/1.0; +https://dataforseo.com/dataforseo-bot)" "mantech8.com"
136.243.220.213 - - [14/Sep/2022:07:14:13 -0700] "GET /?camp-fire/33810508.html HTTP/1.1" 500 - "-" "Mozilla/5.0 (compatible; DataForSeoBot/1.0; +https://dataforseo.com/dataforseo-bot)" "mantech8.com"
136.243.220.213 - - [14/Sep/2022:07:14:14 -0700] "GET /?camp-fire/4281896.html HTTP/1.1" 500 - "-" "Mozilla/5.0 (compatible; DataForSeoBot/1.0; +https://dataforseo.com/dataforseo-bot)" "mantech8.com"
136.243.220.213 - - [14/Sep/2022:07:14:21 -0700] "GET /?camp-fire/28260735.html HTTP/1.1" 500 - "-" "Mozilla/5.0 (compatible; DataForSeoBot/1.0; +https://dataforseo.com/dataforseo-bot)" "mantech8.com"
136.243.220.213 - - [14/Sep/2022:07:14:26 -0700] "GET /?camp-fire/28261935.html HTTP/1.1" 500 - "-" "Mozilla/5.0 (compatible; DataForSeoBot/1.0; +https://dataforseo.com/dataforseo-bot)" "mantech8.com"
136.243.220.213 - - [14/Sep/2022:07:14:35 -0700] "GET /?camp-fire/32555325.html HTTP/1.1" 500 - "-" "Mozilla/5.0 (compatible; DataForSeoBot/1.0; +https://dataforseo.com/dataforseo-bot)" "mantech8.com"
136.243.220.213 - - [14/Sep/2022:07:14:38 -0700] "GET /?camp-fire/1259429.html HTTP/1.1" 500 - "-" "Mozilla/5.0 (compatible; DataForSeoBot/1.0; +https://dataforseo.com/dataforseo-bot)" "mantech8.com"
136.243.220.213 - - [14/Sep/2022:07:14:40 -0700] "GET /?camp-fire/41414671.html HTTP/1.1" 500 - "-" "Mozilla/5.0 (compatible; DataForSeoBot/1.0; +https://dataforseo.com/dataforseo-bot)" "mantech8.com"
136.243.220.213 - - [14/Sep/2022:07:14:43 -0700] "GET /?camp-fire/4108665.html HTTP/1.1" 500 - "-" "Mozilla/5.0 (compatible; DataForSeoBot/1.0; +https://dataforseo.com/dataforseo-bot)" "mantech8.com"
157.55.39.103 - - [14/Sep/2022:07:14:46 -0700] "GET /index.php?sitemap2555.xml HTTP/1.1" 200 265313 "-" "Mozilla/5.0 (compatible; bingbot/2.0; +http://www.bing.com/bingbot.htm)" "mantech8.com"
136.243.220.213 - - [14/Sep/2022:07:14:48 -0700] "GET /?camp-fire/38107972.html HTTP/1.1" 500 - "-" "Mozilla/5.0 (compatible; DataForSeoBot/1.0; +https://dataforseo.com/dataforseo-bot)" "mantech8.com"
136.243.220.213 - - [14/Sep/2022:07:14:53 -0700] "GET /?camp-fire/19032232.html HTTP/1.1" 500 - "-" "Mozilla/5.0 (compatible; DataForSeoBot/1.0; +https://dataforseo.com/dataforseo-bot)" "mantech8.com"
136.243.220.213 - - [14/Sep/2022:07:14:55 -0700] "GET /?camp-fire/3273098.html HTTP/1.1" 500 - "-" "Mozilla/5.0 (compatible; DataForSeoBot/1.0; +https://dataforseo.com/dataforseo-bot)" "mantech8.com"
136.243.220.213 - - [14/Sep/2022:07:15:00 -0700] "GET /?camp-fire/18116361.html HTTP/1.1" 500 - "-" "Mozilla/5.0 (compatible; DataForSeoBot/1.0; +https://dataforseo.com/dataforseo-bot)" "mantech8.com"
136.243.220.213 - - [14/Sep/2022:07:15:06 -0700] "GET /?camp-fire/38848492.html HTTP/1.1" 500 - "-" "Mozilla/5.0 (compatible; DataForSeoBot/1.0; +https://dataforseo.com/dataforseo-bot)" "mantech8.com"
157.55.39.103 - - [14/Sep/2022:07:15:06 -0700] "GET /index.php/sitemap8140.xml HTTP/1.1" 200 299454 "-" "Mozilla/5.0 (compatible; bingbot/2.0; +http://www.bing.com/bingbot.htm)" "mantech8.com"
114.119.133.190 - - [14/Sep/2022:07:15:08 -0700] "GET /index.php/tetrathionates.xml HTTP/1.1" 200 339804 "-" "Mozilla/5.0 (compatible;PetalBot;+https://webmaster.petalsearch.com/site/petalbot)" "mantech8.com"
136.243.220.213 - - [14/Sep/2022:07:15:11 -0700] "GET /?camp-fire/18116461.html HTTP/1.1" 500 - "-" "Mozilla/5.0 (compatible; DataForSeoBot/1.0; +https://dataforseo.com/dataforseo-bot)" "mantech8.com"
136.243.220.213 - - [14/Sep/2022:07:15:19 -0700] "GET /?camp-fire/4208285.html HTTP/1.1" 500 - "-" "Mozilla/5.0 (compatible; DataForSeoBot/1.0; +https://dataforseo.com/dataforseo-bot)" "mantech8.com"
136.243.220.213 - - [14/Sep/2022:07:15:23 -0700] "GET /?camp-fire/18116761.html HTTP/1.1" 500 - "-" "Mozilla/5.0 (compatible; DataForSeoBot/1.0; +https://dataforseo.com/dataforseo-bot)" "mantech8.com"
136.243.220.213 - - [14/Sep/2022:07:15:27 -0700] "GET /?camp-fire/19030632.html HTTP/1.1" 500 - "-" "Mozilla/5.0 (compatible; DataForSeoBot/1.0; +https://dataforseo.com/dataforseo-bot)" "mantech8.com"
136.243.220.213 - - [14/Sep/2022:07:15:29 -0700] "GET /?camp-fire/28844966.html HTTP/1.1" 500 - "-" "Mozilla/5.0 (compatible; DataForSeoBot/1.0; +https://dataforseo.com/dataforseo-bot)" "mantech8.com"
136.243.220.213 - - [14/Sep/2022:07:15:31 -0700] "GET /?camp-fire/17599980.html HTTP/1.1" 500 - "-" "Mozilla/5.0 (compatible; DataForSeoBot/1.0; +https://dataforseo.com/dataforseo-bot)" "mantech8.com"
136.243.220.213 - - [14/Sep/2022:07:15:36 -0700] "GET /?camp-fire/42844734.html HTTP/1.1" 500 - "-" "Mozilla/5.0 (compatible; DataForSeoBot/1.0; +https://dataforseo.com/dataforseo-bot)" "mantech8.com"
136.243.220.213 - - [14/Sep/2022:07:15:38 -0700] "GET /?camp-fire/1270100.html HTTP/1.1" 500 - "-" "Mozilla/5.0 (compatible; DataForSeoBot/1.0; +https://dataforseo.com/dataforseo-bot)" "mantech8.com"
136.243.220.213 - - [14/Sep/2022:07:15:47 -0700] "GET /?camp-fire/26805221.html HTTP/1.1" 500 - "-" "Mozilla/5.0 (compatible; DataForSeoBot/1.0; +https://dataforseo.com/dataforseo-bot)" "mantech8.com"
136.243.220.213 - - [14/Sep/2022:07:15:51 -0700] "GET /?camp-fire/3884874.html HTTP/1.1" 500 - "-" "Mozilla/5.0 (compatible; DataForSeoBot/1.0; +https://dataforseo.com/dataforseo-bot)" "mantech8.com"
136.243.220.213 - - [14/Sep/2022:07:15:57 -0700] "GET /?camp-fire/16557165.html HTTP/1.1" 500 - "-" "Mozilla/5.0 (compatible; DataForSeoBot/1.0; +https://dataforseo.com/dataforseo-bot)" "mantech8.com"
136.243.220.213 - - [14/Sep/2022:07:15:59 -0700] "GET /?camp-fire/25057506.html HTTP/1.1" 500 - "-" "Mozilla/5.0 (compatible; DataForSeoBot/1.0; +https://dataforseo.com/dataforseo-bot)" "mantech8.com"
136.243.220.213 - - [14/Sep/2022:07:16:07 -0700] "GET /?camp-fire/27114363.html HTTP/1.1" 500 - "-" "Mozilla/5.0 (compatible; DataForSeoBot/1.0; +https://dataforseo.com/dataforseo-bot)" "mantech8.com"
136.243.220.213 - - [14/Sep/2022:07:16:11 -0700] "GET /?camp-fire/32412060.html HTTP/1.1" 500 - "-" "Mozilla/5.0 (compatible; DataForSeoBot/1.0; +https://dataforseo.com/dataforseo-bot)" "mantech8.com"
136.243.220.213 - - [14/Sep/2022:07:16:19 -0700] "GET /?camp-fire/14811287.html HTTP/1.1" 500 - "-" "Mozilla/5.0 (compatible; DataForSeoBot/1.0; +https://dataforseo.com/dataforseo-bot)" "mantech8.com"
136.243.220.213 - - [14/Sep/2022:07:16:23 -0700] "GET /?camp-fire/16697326.html HTTP/1.1" 500 - "-" "Mozilla/5.0 (compatible; DataForSeoBot/1.0; +https://dataforseo.com/dataforseo-bot)" "mantech8.com"
136.243.220.213 - - [14/Sep/2022:07:16:27 -0700] "GET /?camp-fire/27671409.html HTTP/1.1" 500 - "-" "Mozilla/5.0 (compatible; DataForSeoBot/1.0; +https://dataforseo.com/dataforseo-bot)" "mantech8.com"
136.243.220.213 - - [14/Sep/2022:07:16:35 -0700] "GET /?camp-fire/27912859.html HTTP/1.1" 500 - "-" "Mozilla/5.0 (compatible; DataForSeoBot/1.0; +https://dataforseo.com/dataforseo-bot)" "mantech8.com"
136.243.220.213 - - [14/Sep/2022:07:16:37 -0700] "GET /?camp-fire/41807203.html HTTP/1.1" 500 - "-" "Mozilla/5.0 (compatible; DataForSeoBot/1.0; +https://dataforseo.com/dataforseo-bot)" "mantech8.com"
136.243.220.213 - - [14/Sep/2022:07:16:40 -0700] "GET /?camp-fire/27276370.html HTTP/1.1" 500 - "-" "Mozilla/5.0 (compatible; DataForSeoBot/1.0; +https://dataforseo.com/dataforseo-bot)" "mantech8.com"
136.243.220.213 - - [14/Sep/2022:07:16:46 -0700] "GET /?camp-fire/18115561.html HTTP/1.1" 500 - "-" "Mozilla/5.0 (compatible; DataForSeoBot/1.0; +https://dataforseo.com/dataforseo-bot)" "mantech8.com"
136.243.220.213 - - [14/Sep/2022:07:16:52 -0700] "GET /?camp-fire/25933576.html HTTP/1.1" 500 - "-" "Mozilla/5.0 (compatible; DataForSeoBot/1.0; +https://dataforseo.com/dataforseo-bot)" "mantech8.com"
136.243.220.213 - - [14/Sep/2022:07:16:57 -0700] "GET /?camp-fire/27912359.html HTTP/1.1" 500 - "-" "Mozilla/5.0 (compatible; DataForSeoBot/1.0; +https://dataforseo.com/dataforseo-bot)" "mantech8.com"
136.243.220.213 - - [14/Sep/2022:07:17:02 -0700] "GET /?camp-fire/15333165.html HTTP/1.1" 500 - "-" "Mozilla/5.0 (compatible; DataForSeoBot/1.0; +https://dataforseo.com/dataforseo-bot)" "mantech8.com"
136.243.220.213 - - [14/Sep/2022:07:17:05 -0700] "GET /?camp-fire/35281038.html HTTP/1.1" 500 - "-" "Mozilla/5.0 (compatible; DataForSeoBot/1.0; +https://dataforseo.com/dataforseo-bot)" "mantech8.com"
136.243.220.213 - - [14/Sep/2022:07:17:09 -0700] "GET /?camp-fire/16557865.html HTTP/1.1" 500 - "-" "Mozilla/5.0 (compatible; DataForSeoBot/1.0; +https://dataforseo.com/dataforseo-bot)" "mantech8.com"
136.243.220.213 - - [14/Sep/2022:07:17:13 -0700] "GET /?camp-fire/27459026.html HTTP/1.1" 500 - "-" "Mozilla/5.0 (compatible; DataForSeoBot/1.0; +https://dataforseo.com/dataforseo-bot)" "mantech8.com"
136.243.220.213 - - [14/Sep/2022:07:17:18 -0700] "GET /?camp-fire/3118878.html HTTP/1.1" 500 - "-" "Mozilla/5.0 (compatible; DataForSeoBot/1.0; +https://dataforseo.com/dataforseo-bot)" "mantech8.com"
207.46.13.23 - - [14/Sep/2022:07:17:21 -0700] "GET /index.php?allocation.xml HTTP/1.1" 200 269450 "-" "Mozilla/5.0 (compatible; bingbot/2.0; +http://www.bing.com/bingbot.htm)" "mantech8.com"
136.243.220.213 - - [14/Sep/2022:07:17:23 -0700] "GET /?camp-fire/18115461.html HTTP/1.1" 500 - "-" "Mozilla/5.0 (compatible; DataForSeoBot/1.0; +https://dataforseo.com/dataforseo-bot)" "mantech8.com"
136.243.220.213 - - [14/Sep/2022:07:17:26 -0700] "GET /?camp-fire/27600271.html HTTP/1.1" 500 - "-" "Mozilla/5.0 (compatible; DataForSeoBot/1.0; +https://dataforseo.com/dataforseo-bot)" "mantech8.com"
207.46.13.106 - - [14/Sep/2022:07:17:26 -0700] "GET /index.php/sitemap898.xml HTTP/1.1" 200 249074 "-" "Mozilla/5.0 (compatible; bingbot/2.0; +http://www.bing.com/bingbot.htm)" "mantech8.com"
136.243.220.213 - - [14/Sep/2022:07:17:31 -0700] "GET /?camp-fire/33689208.html HTTP/1.1" 500 - "-" "Mozilla/5.0 (compatible; DataForSeoBot/1.0; +https://dataforseo.com/dataforseo-bot)" "mantech8.com"
136.243.220.213 - - [14/Sep/2022:07:17:36 -0700] "GET /?camp-fire/42076549.html HTTP/1.1" 500 - "-" "Mozilla/5.0 (compatible; DataForSeoBot/1.0; +https://dataforseo.com/dataforseo-bot)" "mantech8.com"
136.243.220.213 - - [14/Sep/2022:07:17:39 -0700] "GET /?camp-fire/35043925.html HTTP/1.1" 500 - "-" "Mozilla/5.0 (compatible; DataForSeoBot/1.0; +https://dataforseo.com/dataforseo-bot)" "mantech8.com"
136.243.220.213 - - [14/Sep/2022:07:17:43 -0700] "GET /?camp-fire/1269500.html HTTP/1.1" 500 - "-" "Mozilla/5.0 (compatible; DataForSeoBot/1.0; +https://dataforseo.com/dataforseo-bot)" "mantech8.com"
40.77.167.54 - - [14/Sep/2022:07:17:47 -0700] "GET /index.php/sitemap13219.xml HTTP/1.1" 200 296510 "-" "Mozilla/5.0 (compatible; bingbot/2.0; +http://www.bing.com/bingbot.htm)" "mantech8.com"
136.243.220.213 - - [14/Sep/2022:07:17:48 -0700] "GET /?camp-fire/33106916.html HTTP/1.1" 500 - "-" "Mozilla/5.0 (compatible; DataForSeoBot/1.0; +https://dataforseo.com/dataforseo-bot)" "mantech8.com"
136.243.220.213 - - [14/Sep/2022:07:17:52 -0700] "GET /?camp-fire/4108465.html HTTP/1.1" 500 - "-" "Mozilla/5.0 (compatible; DataForSeoBot/1.0; +https://dataforseo.com/dataforseo-bot)" "mantech8.com"
136.243.220.213 - - [14/Sep/2022:07:18:01 -0700] "GET /?camp-fire/35678450.html HTTP/1.1" 500 - "-" "Mozilla/5.0 (compatible; DataForSeoBot/1.0; +https://dataforseo.com/dataforseo-bot)" "mantech8.com"
136.243.220.213 - - [14/Sep/2022:07:18:05 -0700] "GET /?camp-fire/15518646.html HTTP/1.1" 500 - "-" "Mozilla/5.0 (compatible; DataForSeoBot/1.0; +https://dataforseo.com/dataforseo-bot)" "mantech8.com"
40.77.167.54 - - [14/Sep/2022:07:18:07 -0700] "GET /index.php/sitemap3068.xml HTTP/1.1" 200 275065 "-" "Mozilla/5.0 (compatible; bingbot/2.0; +http://www.bing.com/bingbot.htm)" "mantech8.com"
136.243.220.213 - - [14/Sep/2022:07:18:10 -0700] "GET /?camp-fire/40154388.html HTTP/1.1" 500 - "-" "Mozilla/5.0 (compatible; DataForSeoBot/1.0; +https://dataforseo.com/dataforseo-bot)" "mantech8.com"
136.243.220.213 - - [14/Sep/2022:07:18:15 -0700] "GET /?camp-fire/27115363.html HTTP/1.1" 500 - "-" "Mozilla/5.0 (compatible; DataForSeoBot/1.0; +https://dataforseo.com/dataforseo-bot)" "mantech8.com"
136.243.220.213 - - [14/Sep/2022:07:18:19 -0700] "GET /?camp-fire/39827902.html HTTP/1.1" 500 - "-" "Mozilla/5.0 (compatible; DataForSeoBot/1.0; +https://dataforseo.com/dataforseo-bot)" "mantech8.com"
136.243.220.213 - - [14/Sep/2022:07:18:24 -0700] "GET /?camp-fire/1378690.html HTTP/1.1" 500 - "-" "Mozilla/5.0 (compatible; DataForSeoBot/1.0; +https://dataforseo.com/dataforseo-bot)" "mantech8.com"
136.243.220.213 - - [14/Sep/2022:07:18:33 -0700] "GET /?camp-fire/42133234.html HTTP/1.1" 500 - "-" "Mozilla/5.0 (compatible; DataForSeoBot/1.0; +https://dataforseo.com/dataforseo-bot)" "mantech8.com"
136.243.220.213 - - [14/Sep/2022:07:18:41 -0700] "GET /?camp-fire/16556865.html HTTP/1.1" 500 - "-" "Mozilla/5.0 (compatible; DataForSeoBot/1.0; +https://dataforseo.com/dataforseo-bot)" "mantech8.com"
136.243.220.213 - - [14/Sep/2022:07:18:47 -0700] "GET /?camp-fire/4109465.html HTTP/1.1" 500 - "-" "Mozilla/5.0 (compatible; DataForSeoBot/1.0; +https://dataforseo.com/dataforseo-bot)" "mantech8.com"
136.243.220.213 - - [14/Sep/2022:07:18:52 -0700] "GET /?camp-fire/25057306.html HTTP/1.1" 500 - "-" "Mozilla/5.0 (compatible; DataForSeoBot/1.0; +https://dataforseo.com/dataforseo-bot)" "mantech8.com"
136.243.220.213 - - [14/Sep/2022:07:18:56 -0700] "GET /?camp-fire/15518346.html HTTP/1.1" 500 - "-" "Mozilla/5.0 (compatible; DataForSeoBot/1.0; +https://dataforseo.com/dataforseo-bot)" "mantech8.com"
136.243.220.213 - - [14/Sep/2022:07:19:01 -0700] "GET /?camp-fire/33810408.html HTTP/1.1" 500 - "-" "Mozilla/5.0 (compatible; DataForSeoBot/1.0; +https://dataforseo.com/dataforseo-bot)" "mantech8.com"
136.243.220.213 - - [14/Sep/2022:07:19:05 -0700] "GET /?camp-fire/40154688.html HTTP/1.1" 500 - "-" "Mozilla/5.0 (compatible; DataForSeoBot/1.0; +https://dataforseo.com/dataforseo-bot)" "mantech8.com"
