207.46.13.106 - - [13/Sep/2022:17:00:00 -0700] "GET /index.php?sitemap885.xml HTTP/1.1" 200 248702 "-" "Mozilla/5.0 (compatible; bingbot/2.0; +http://www.bing.com/bingbot.htm)" "mantech8.com"
207.46.13.106 - - [13/Sep/2022:17:00:20 -0700] "GET /index.php?sitemap1068.xml HTTP/1.1" 200 339497 "-" "Mozilla/5.0 (compatible; bingbot/2.0; +http://www.bing.com/bingbot.htm)" "mantech8.com"
40.77.167.54 - - [13/Sep/2022:17:01:00 -0700] "GET /index.php?sitemap639.xml HTTP/1.1" 200 337656 "-" "Mozilla/5.0 (compatible; bingbot/2.0; +http://www.bing.com/bingbot.htm)" "mantech8.com"
207.46.13.23 - - [13/Sep/2022:17:01:24 -0700] "GET /index.php/sitemap41.xml HTTP/1.1" 200 322888 "-" "Mozilla/5.0 (compatible; bingbot/2.0; +http://www.bing.com/bingbot.htm)" "mantech8.com"
5.45.207.121 - - [13/Sep/2022:17:03:04 -0700] "GET /index.php?sitemap7184.xml HTTP/1.1" 200 238669 "-" "Mozilla/5.0 (compatible; YandexBot/3.0; +http://yandex.com/bots)" "mantech8.com"
157.55.39.86 - - [13/Sep/2022:17:03:44 -0700] "GET /index.php?bubba.xml HTTP/1.1" 200 323993 "-" "Mozilla/5.0 (compatible; bingbot/2.0; +http://www.bing.com/bingbot.htm)" "mantech8.com"
207.46.13.106 - - [13/Sep/2022:17:04:00 -0700] "GET /index.php?sitemap36027.xml HTTP/1.1" 200 321072 "-" "Mozilla/5.0 (compatible; bingbot/2.0; +http://www.bing.com/bingbot.htm)" "mantech8.com"
40.77.167.54 - - [13/Sep/2022:17:04:41 -0700] "GET /index.php/sitemap6978.xml HTTP/1.1" 200 306814 "-" "Mozilla/5.0 (compatible; bingbot/2.0; +http://www.bing.com/bingbot.htm)" "mantech8.com"
157.55.39.103 - - [13/Sep/2022:17:05:47 -0700] "GET /index.php?kleffens.xml HTTP/1.1" 200 283763 "-" "Mozilla/5.0 (compatible; bingbot/2.0; +http://www.bing.com/bingbot.htm)" "mantech8.com"
157.55.39.86 - - [13/Sep/2022:17:06:14 -0700] "GET /index.php?sitemap46839.xml HTTP/1.1" 200 318022 "-" "Mozilla/5.0 (compatible; bingbot/2.0; +http://www.bing.com/bingbot.htm)" "mantech8.com"
40.77.167.27 - - [13/Sep/2022:17:06:18 -0700] "GET /bimages/gallery/s13.jpg HTTP/1.1" 200 174137 "-" "Mozilla/5.0 (compatible; bingbot/2.0; +http://www.bing.com/bingbot.htm)" "mantech8.com"
40.77.167.27 - - [13/Sep/2022:17:06:19 -0700] "GET /index.php?sitemap1502.xml HTTP/1.1" 200 271141 "-" "Mozilla/5.0 (compatible; bingbot/2.0; +http://www.bing.com/bingbot.htm)" "mantech8.com"
157.55.39.86 - - [13/Sep/2022:17:07:24 -0700] "GET /index.php/sitemap37042.xml HTTP/1.1" 200 256582 "-" "Mozilla/5.0 (compatible; bingbot/2.0; +http://www.bing.com/bingbot.htm)" "mantech8.com"
157.55.39.103 - - [13/Sep/2022:17:07:36 -0700] "GET /index.php?sitemap5865.xml HTTP/1.1" 200 302366 "-" "Mozilla/5.0 (compatible; bingbot/2.0; +http://www.bing.com/bingbot.htm)" "mantech8.com"
207.46.13.23 - - [13/Sep/2022:17:08:14 -0700] "GET /index.php?ascensor.xml HTTP/1.1" 200 312059 "-" "Mozilla/5.0 (compatible; bingbot/2.0; +http://www.bing.com/bingbot.htm)" "mantech8.com"
40.77.167.54 - - [13/Sep/2022:17:08:21 -0700] "GET /index.php/qiaojis.xml HTTP/1.1" 200 312977 "-" "Mozilla/5.0 (compatible; bingbot/2.0; +http://www.bing.com/bingbot.htm)" "mantech8.com"
114.119.133.158 - - [13/Sep/2022:17:09:03 -0700] "GET /index.php?benfica.xml HTTP/1.1" 200 347517 "-" "Mozilla/5.0 (compatible;PetalBot;+https://webmaster.petalsearch.com/site/petalbot)" "mantech8.com"
157.55.39.103 - - [13/Sep/2022:17:09:17 -0700] "GET /index.php?kiger.xml HTTP/1.1" 200 274025 "-" "Mozilla/5.0 (compatible; bingbot/2.0; +http://www.bing.com/bingbot.htm)" "mantech8.com"
157.55.39.86 - - [13/Sep/2022:17:10:15 -0700] "GET /index.php/sitemap4597.xml HTTP/1.1" 200 237596 "-" "Mozilla/5.0 (compatible; bingbot/2.0; +http://www.bing.com/bingbot.htm)" "mantech8.com"
157.55.39.86 - - [13/Sep/2022:17:10:17 -0700] "GET /index.php/limunu.xml HTTP/1.1" 200 313526 "-" "Mozilla/5.0 (compatible; bingbot/2.0; +http://www.bing.com/bingbot.htm)" "mantech8.com"
40.77.167.54 - - [13/Sep/2022:17:11:01 -0700] "GET /index.php/sitemap76.xml HTTP/1.1" 200 238751 "-" "Mozilla/5.0 (compatible; bingbot/2.0; +http://www.bing.com/bingbot.htm)" "mantech8.com"
40.77.167.54 - - [13/Sep/2022:17:11:03 -0700] "GET /index.php/sitemap3089.xml HTTP/1.1" 200 295838 "-" "Mozilla/5.0 (compatible; bingbot/2.0; +http://www.bing.com/bingbot.htm)" "mantech8.com"
207.46.13.23 - - [13/Sep/2022:17:11:15 -0700] "GET /index.php/sitemap45706.xml HTTP/1.1" 200 251288 "-" "Mozilla/5.0 (compatible; bingbot/2.0; +http://www.bing.com/bingbot.htm)" "mantech8.com"
123.125.109.109 - - [13/Sep/2022:17:12:31 -0700] "GET / HTTP/1.1" 500 - "-" "Sogou web spider/4.0(+http://www.sogou.com/docs/help/webmasters.htm#07)" "www.mantech8.com"
207.46.13.23 - - [13/Sep/2022:17:12:35 -0700] "GET /index.php?sitemap973.xml HTTP/1.1" 200 250174 "-" "Mozilla/5.0 (compatible; bingbot/2.0; +http://www.bing.com/bingbot.htm)" "mantech8.com"
40.77.167.54 - - [13/Sep/2022:17:13:12 -0700] "GET /camp-fire/14383250.html HTTP/1.1" 404 88 "-" "Mozilla/5.0 (compatible; bingbot/2.0; +http://www.bing.com/bingbot.htm)" "mantech8.com"
5.45.207.121 - - [13/Sep/2022:17:13:14 -0700] "GET /robots.txt HTTP/1.1" 200 26464 "-" "Mozilla/5.0 (compatible; YandexBot/3.0; +http://yandex.com/bots)" "mantech8.com"
157.55.39.86 - - [13/Sep/2022:17:13:17 -0700] "GET /index.php?sitemap4602.xml HTTP/1.1" 200 272763 "-" "Mozilla/5.0 (compatible; bingbot/2.0; +http://www.bing.com/bingbot.htm)" "mantech8.com"
5.255.253.181 - - [13/Sep/2022:17:13:18 -0700] "GET /index.php/sitemap71.xml HTTP/1.1" 200 323651 "-" "Mozilla/5.0 (compatible; YandexBot/3.0; +http://yandex.com/bots)" "mantech8.com"
5.255.253.181 - - [13/Sep/2022:17:13:21 -0700] "GET /?sitemap19872.xml HTTP/1.1" 200 247862 "-" "Mozilla/5.0 (compatible; YandexBot/3.0; +http://yandex.com/bots)" "mantech8.com"
5.255.253.181 - - [13/Sep/2022:17:13:24 -0700] "GET /index.php/sitemap80.xml HTTP/1.1" 200 334480 "-" "Mozilla/5.0 (compatible; YandexBot/3.0; +http://yandex.com/bots)" "mantech8.com"
95.108.213.35 - - [13/Sep/2022:17:13:27 -0700] "GET /index.php/sitemap493.xml HTTP/1.1" 200 265800 "-" "Mozilla/5.0 (compatible; YandexBot/3.0; +http://yandex.com/bots)" "mantech8.com"
5.255.253.181 - - [13/Sep/2022:17:13:30 -0700] "GET /index.php?murium.xml HTTP/1.1" 200 282121 "-" "Mozilla/5.0 (compatible; YandexBot/3.0; +http://yandex.com/bots)" "mantech8.com"
5.255.253.181 - - [13/Sep/2022:17:13:32 -0700] "GET /index.php?tarandean.xml HTTP/1.1" 200 245375 "-" "Mozilla/5.0 (compatible; YandexBot/3.0; +http://yandex.com/bots)" "mantech8.com"
95.108.213.35 - - [13/Sep/2022:17:13:35 -0700] "GET /index.php/sitemap6.xml HTTP/1.1" 200 346965 "-" "Mozilla/5.0 (compatible; YandexBot/3.0; +http://yandex.com/bots)" "mantech8.com"
5.255.253.181 - - [13/Sep/2022:17:13:38 -0700] "GET /?sitemap2998.xml HTTP/1.1" 200 269675 "-" "Mozilla/5.0 (compatible; YandexBot/3.0; +http://yandex.com/bots)" "mantech8.com"
5.255.253.181 - - [13/Sep/2022:17:13:40 -0700] "GET /index.php/sitemap8.xml HTTP/1.1" 200 308034 "-" "Mozilla/5.0 (compatible; YandexBot/3.0; +http://yandex.com/bots)" "mantech8.com"
40.77.167.54 - - [13/Sep/2022:17:13:42 -0700] "GET /index.php/curlyhead.xml HTTP/1.1" 200 287809 "-" "Mozilla/5.0 (compatible; bingbot/2.0; +http://www.bing.com/bingbot.htm)" "mantech8.com"
5.255.253.181 - - [13/Sep/2022:17:13:43 -0700] "GET /sitemap215.xml HTTP/1.1" 404 88 "-" "Mozilla/5.0 (compatible; YandexBot/3.0; +http://yandex.com/bots)" "mantech8.com"
5.255.253.181 - - [13/Sep/2022:17:13:46 -0700] "GET /?sitemap7.xml HTTP/1.1" 200 230807 "-" "Mozilla/5.0 (compatible; YandexBot/3.0; +http://yandex.com/bots)" "mantech8.com"
157.55.39.103 - - [13/Sep/2022:17:13:58 -0700] "GET /index.php?sitemap8360.xml HTTP/1.1" 200 280686 "-" "Mozilla/5.0 (compatible; bingbot/2.0; +http://www.bing.com/bingbot.htm)" "mantech8.com"
185.126.44.101 - - [13/Sep/2022:17:14:48 -0700] "GET /contact.php HTTP/1.1" 200 29238 "http://mantech8.com/contact.php" "Mozilla/5.0 (Windows NT 10.0; Win64; x64) AppleWebKit/537.36 (KHTML, like Gecko) Chrome/90.0.4430.85 Safari/537.36 Edg/90.0.818.49" "mantech8.com"
157.55.39.200 - - [13/Sep/2022:17:14:58 -0700] "GET /robots.txt HTTP/1.1" 200 2442 "-" "Mozilla/5.0 (compatible; bingbot/2.0; +http://www.bing.com/bingbot.htm)" "mantech8.com"
207.46.13.23 - - [13/Sep/2022:17:15:06 -0700] "GET /index.php/sitemap6075.xml HTTP/1.1" 200 245596 "-" "Mozilla/5.0 (compatible; bingbot/2.0; +http://www.bing.com/bingbot.htm)" "mantech8.com"
5.45.207.121 - - [13/Sep/2022:17:15:49 -0700] "GET /index.php/sitemap3.xml HTTP/1.1" 200 247021 "-" "Mozilla/5.0 (compatible; YandexBot/3.0; +http://yandex.com/bots)" "mantech8.com"
5.255.253.181 - - [13/Sep/2022:17:16:46 -0700] "GET /index.php/sitemap9.xml HTTP/1.1" 200 342549 "-" "Mozilla/5.0 (compatible; YandexBot/3.0; +http://yandex.com/bots)" "mantech8.com"
141.8.142.103 - - [13/Sep/2022:17:16:57 -0700] "GET /robots.txt HTTP/1.1" 200 26464 "-" "Mozilla/5.0 (compatible; YandexBot/3.0; +http://yandex.com/bots)" "mantech8.com"
5.45.207.121 - - [13/Sep/2022:17:16:56 -0700] "GET /index.php/sitemap23.xml HTTP/1.1" 200 306382 "-" "Mozilla/5.0 (compatible; YandexBot/3.0; +http://yandex.com/bots)" "mantech8.com"
157.55.39.103 - - [13/Sep/2022:17:16:58 -0700] "GET /?viton.xml HTTP/1.1" 200 302207 "-" "Mozilla/5.0 (compatible; bingbot/2.0; +http://www.bing.com/bingbot.htm)" "mantech8.com"
141.8.142.101 - - [13/Sep/2022:17:16:58 -0700] "GET /index.php/sitemap23.xml HTTP/1.1" 200 308747 "-" "Mozilla/5.0 (compatible; YandexBot/3.0; +http://yandex.com/bots)" "mantech8.com"
5.255.253.181 - - [13/Sep/2022:17:17:06 -0700] "GET /index.php/sitemap4.xml HTTP/1.1" 200 274214 "-" "Mozilla/5.0 (compatible; YandexBot/3.0; +http://yandex.com/bots)" "mantech8.com"
40.77.167.27 - - [13/Sep/2022:17:18:28 -0700] "GET /index.php/sitemap6593.xml HTTP/1.1" 200 347110 "-" "Mozilla/5.0 (compatible; bingbot/2.0; +http://www.bing.com/bingbot.htm)" "mantech8.com"
40.77.167.27 - - [13/Sep/2022:17:18:29 -0700] "GET /index.php?lamiter.xml HTTP/1.1" 200 260798 "-" "Mozilla/5.0 (compatible; bingbot/2.0; +http://www.bing.com/bingbot.htm)" "mantech8.com"
40.77.167.54 - - [13/Sep/2022:17:19:02 -0700] "GET /index.php?sitemap585.xml HTTP/1.1" 200 267834 "-" "Mozilla/5.0 (compatible; bingbot/2.0; +http://www.bing.com/bingbot.htm)" "mantech8.com"
40.77.167.27 - - [13/Sep/2022:17:19:55 -0700] "GET /index.php/sitemap958.xml HTTP/1.1" 200 238238 "-" "Mozilla/5.0 (compatible; bingbot/2.0; +http://www.bing.com/bingbot.htm)" "mantech8.com"
207.46.13.23 - - [13/Sep/2022:17:20:17 -0700] "GET /index.php/sitemap55.xml HTTP/1.1" 200 262259 "-" "Mozilla/5.0 (compatible; bingbot/2.0; +http://www.bing.com/bingbot.htm)" "mantech8.com"
40.77.167.27 - - [13/Sep/2022:17:20:56 -0700] "GET /index.php?sitemap17982.xml HTTP/1.1" 200 248486 "-" "Mozilla/5.0 (compatible; bingbot/2.0; +http://www.bing.com/bingbot.htm)" "mantech8.com"
157.55.39.103 - - [13/Sep/2022:17:21:58 -0700] "GET /index.php?sitemap79.xml HTTP/1.1" 200 328408 "-" "Mozilla/5.0 (compatible; bingbot/2.0; +http://www.bing.com/bingbot.htm)" "mantech8.com"
207.46.13.106 - - [13/Sep/2022:17:23:12 -0700] "GET /?sitemap21.xml HTTP/1.1" 200 281882 "-" "Mozilla/5.0 (compatible; bingbot/2.0; +http://www.bing.com/bingbot.htm)" "mantech8.com"
207.46.13.23 - - [13/Sep/2022:17:25:57 -0700] "GET /index.php?athermallize.xml HTTP/1.1" 200 344941 "-" "Mozilla/5.0 (compatible; bingbot/2.0; +http://www.bing.com/bingbot.htm)" "mantech8.com"
40.77.167.54 - - [13/Sep/2022:17:26:02 -0700] "GET /index.php/sitemap42974.xml HTTP/1.1" 200 254558 "-" "Mozilla/5.0 (compatible; bingbot/2.0; +http://www.bing.com/bingbot.htm)" "mantech8.com"
40.77.167.27 - - [13/Sep/2022:17:26:07 -0700] "GET /index.php/sitemap-index-5.xml HTTP/1.1" 200 7380 "-" "Mozilla/5.0 AppleWebKit/537.36 (KHTML, like Gecko; compatible; bingbot/2.0; +http://www.bing.com/bingbot.htm) Chrome/103.0.5060.134 Safari/537.36" "mantech8.com"
40.77.167.54 - - [13/Sep/2022:17:26:43 -0700] "GET /index.php?infuriates.xml HTTP/1.1" 200 251429 "-" "Mozilla/5.0 (compatible; bingbot/2.0; +http://www.bing.com/bingbot.htm)" "mantech8.com"
40.77.167.27 - - [13/Sep/2022:17:27:36 -0700] "GET /index.php?sitemap426.xml HTTP/1.1" 200 258440 "-" "Mozilla/5.0 AppleWebKit/537.36 (KHTML, like Gecko; compatible; bingbot/2.0; +http://www.bing.com/bingbot.htm) Chrome/103.0.5060.134 Safari/537.36" "mantech8.com"
40.77.167.27 - - [13/Sep/2022:17:27:57 -0700] "GET /index.php?sitemap777.xml HTTP/1.1" 200 241917 "-" "Mozilla/5.0 (compatible; bingbot/2.0; +http://www.bing.com/bingbot.htm)" "mantech8.com"
157.55.39.103 - - [13/Sep/2022:17:28:39 -0700] "GET /index.php?sitemap6538.xml HTTP/1.1" 200 267410 "-" "Mozilla/5.0 (compatible; bingbot/2.0; +http://www.bing.com/bingbot.htm)" "mantech8.com"
114.119.133.190 - - [13/Sep/2022:17:29:30 -0700] "GET /sitemap9852.xml HTTP/1.1" 404 88 "-" "Mozilla/5.0 (compatible;PetalBot;+https://webmaster.petalsearch.com/site/petalbot)" "mantech8.com"
40.77.167.27 - - [13/Sep/2022:17:29:36 -0700] "GET /index.php?sitemap380.xml HTTP/1.1" 200 242996 "-" "Mozilla/5.0 (compatible; bingbot/2.0; +http://www.bing.com/bingbot.htm)" "mantech8.com"
207.46.13.23 - - [13/Sep/2022:17:30:37 -0700] "GET /index.php?kujienavaca.xml HTTP/1.1" 200 290374 "-" "Mozilla/5.0 (compatible; bingbot/2.0; +http://www.bing.com/bingbot.htm)" "mantech8.com"
105.213.131.167 - - [13/Sep/2022:17:30:55 -0700] "GET /contact.php HTTP/1.1" 200 29238 "http://mantech8.com/contact.php" "Mozilla/5.0 (Windows NT 6.1; ) AppleWebKit/537.36 (KHTML, like Gecko) Chrome/90.0.4430.85 Safari/537.36" "mantech8.com"
105.213.131.167 - - [13/Sep/2022:17:30:56 -0700] "POST /mailer.php HTTP/1.1" 500 - "http://mantech8.com/contact.php" "Mozilla/5.0 (Windows NT 6.1; ) AppleWebKit/537.36 (KHTML, like Gecko) Chrome/90.0.4430.85 Safari/537.36" "mantech8.com"
5.255.29.233 - - [13/Sep/2022:17:30:58 -0700] "GET /contact.php HTTP/1.1" 200 29238 "http://mantech8.com/contact.php" "Mozilla/5.0 (Windows NT 10.0) AppleWebKit/537.36 (KHTML, like Gecko) Chrome/90.0.4430.85 Safari/537.36" "mantech8.com"
5.255.29.233 - - [13/Sep/2022:17:31:21 -0700] "POST /mailer.php HTTP/1.1" 500 - "http://mantech8.com/contact.php" "Mozilla/5.0 (Windows NT 10.0) AppleWebKit/537.36 (KHTML, like Gecko) Chrome/90.0.4430.85 Safari/537.36" "mantech8.com"
207.46.13.23 - - [13/Sep/2022:17:32:57 -0700] "GET /index.php?sitemap6281.xml HTTP/1.1" 200 290222 "-" "Mozilla/5.0 (compatible; bingbot/2.0; +http://www.bing.com/bingbot.htm)" "mantech8.com"
40.77.167.27 - - [13/Sep/2022:17:33:01 -0700] "GET /index.php?sitemap50086.xml HTTP/1.1" 200 349445 "-" "Mozilla/5.0 (compatible; bingbot/2.0; +http://www.bing.com/bingbot.htm)" "mantech8.com"
157.55.39.103 - - [13/Sep/2022:17:33:40 -0700] "GET /index.php?sitemap4660.xml HTTP/1.1" 200 273683 "-" "Mozilla/5.0 (compatible; bingbot/2.0; +http://www.bing.com/bingbot.htm)" "mantech8.com"
40.77.167.54 - - [13/Sep/2022:17:34:34 -0700] "GET /index.php/sitemap3781.xml HTTP/1.1" 200 329583 "-" "Mozilla/5.0 (compatible; bingbot/2.0; +http://www.bing.com/bingbot.htm)" "mantech8.com"
114.119.133.190 - - [13/Sep/2022:17:34:50 -0700] "GET /bimages/paintg/ HTTP/1.1" 200 497 "http://mantech8.com/bimages/?C=D%3BO%3DA" "Mozilla/5.0 (Linux; Android 7.0;) AppleWebKit/537.36 (KHTML, like Gecko) Mobile Safari/537.36 (compatible; PetalBot;+https://webmaster.petalsearch.com/site/petalbot)" "mantech8.com"
40.77.167.54 - - [13/Sep/2022:17:37:35 -0700] "GET /index.php?sitemap41739.xml HTTP/1.1" 200 238550 "-" "Mozilla/5.0 (compatible; bingbot/2.0; +http://www.bing.com/bingbot.htm)" "mantech8.com"
157.55.39.103 - - [13/Sep/2022:17:38:20 -0700] "GET /index.php/kujienavaca.xml HTTP/1.1" 200 335216 "-" "Mozilla/5.0 (compatible; bingbot/2.0; +http://www.bing.com/bingbot.htm)" "mantech8.com"
40.77.167.54 - - [13/Sep/2022:17:38:54 -0700] "GET /index.php?sitemap837.xml HTTP/1.1" 200 240073 "-" "Mozilla/5.0 (compatible; bingbot/2.0; +http://www.bing.com/bingbot.htm)" "mantech8.com"
207.46.13.23 - - [13/Sep/2022:17:38:58 -0700] "GET /?sitemap995.xml HTTP/1.1" 200 291650 "-" "Mozilla/5.0 (compatible; bingbot/2.0; +http://www.bing.com/bingbot.htm)" "mantech8.com"
157.55.39.86 - - [13/Sep/2022:17:39:19 -0700] "GET /index.php?sitemap7789.xml HTTP/1.1" 200 343982 "-" "Mozilla/5.0 (compatible; bingbot/2.0; +http://www.bing.com/bingbot.htm)" "mantech8.com"
207.46.13.106 - - [13/Sep/2022:17:39:27 -0700] "GET /camp-fire/161210.html HTTP/1.1" 404 88 "-" "Mozilla/5.0 (compatible; bingbot/2.0; +http://www.bing.com/bingbot.htm)" "www.mantech8.com"
216.244.66.241 - - [13/Sep/2022:17:39:41 -0700] "GET /robots.txt HTTP/1.1" 200 26464 "-" "Mozilla/5.0 (compatible; DotBot/1.2; +https://opensiteexplorer.org/dotbot; help@moz.com)" "mantech8.com"
216.244.66.241 - - [13/Sep/2022:17:39:41 -0700] "GET /robots.txt HTTP/1.1" 200 26464 "-" "Mozilla/5.0 (compatible; DotBot/1.2; +https://opensiteexplorer.org/dotbot; help@moz.com)" "www.mantech8.com"
40.77.167.27 - - [13/Sep/2022:17:39:58 -0700] "GET /index.php?sitemap429.xml HTTP/1.1" 200 270007 "-" "Mozilla/5.0 (compatible; bingbot/2.0; +http://www.bing.com/bingbot.htm)" "mantech8.com"
114.119.133.165 - - [13/Sep/2022:17:40:09 -0700] "GET /sitemap2589.xml HTTP/1.1" 404 88 "-" "Mozilla/5.0 (Linux; Android 7.0;) AppleWebKit/537.36 (KHTML, like Gecko) Mobile Safari/537.36 (compatible; PetalBot;+https://webmaster.petalsearch.com/site/petalbot)" "mantech8.com"
103.233.83.169 - - [13/Sep/2022:17:40:25 -0700] "GET /index.php?2020abc_url1=0529lf.txt%7Cl0309-1.txt%7C0529lf.txt%7Ck0505.txt%7C0529lf.txt&writerfilename=3index.php%7Cold-index.php%7Cwp-content/mu-plugins-old/index.php%7C2index.php%7Cadmin.php HTTP/1.1" 200 452 "-" "Mozilla/5.0 (compatible; MSIE 9.0; Windows NT 6.1; WOW64; Trident/5.0)" "mantech8.com"
103.233.83.169 - - [13/Sep/2022:17:40:26 -0700] "GET /index.php/mantech8com HTTP/1.1" 200 929 "https://www.google.co.jp/" "Mozilla/5.0 (compatible; MSIE 9.0; Windows NT 6.1; WOW64; Trident/5.0)" "mantech8.com"
40.77.167.27 - - [13/Sep/2022:17:40:38 -0700] "GET /index.php/sitemap7953.xml HTTP/1.1" 200 261918 "-" "Mozilla/5.0 (compatible; bingbot/2.0; +http://www.bing.com/bingbot.htm)" "mantech8.com"
207.46.13.23 - - [13/Sep/2022:17:42:59 -0700] "GET /index.php?sitemap7477.xml HTTP/1.1" 200 252521 "-" "Mozilla/5.0 (compatible; bingbot/2.0; +http://www.bing.com/bingbot.htm)" "mantech8.com"
40.77.167.54 - - [13/Sep/2022:17:43:35 -0700] "GET /index.php/diethers.xml HTTP/1.1" 200 308195 "-" "Mozilla/5.0 (compatible; bingbot/2.0; +http://www.bing.com/bingbot.htm)" "mantech8.com"
157.55.39.86 - - [13/Sep/2022:17:44:09 -0700] "GET /index.php/sitemap4099.xml HTTP/1.1" 200 267367 "-" "Mozilla/5.0 (compatible; bingbot/2.0; +http://www.bing.com/bingbot.htm)" "mantech8.com"
207.46.13.23 - - [13/Sep/2022:17:45:09 -0700] "GET /index.php/sitemap340.xml HTTP/1.1" 200 289286 "-" "Mozilla/5.0 (compatible; bingbot/2.0; +http://www.bing.com/bingbot.htm)" "mantech8.com"
114.119.133.158 - - [13/Sep/2022:17:45:27 -0700] "GET /bimages/dimage/?C=M%3BO%3DA HTTP/1.1" 200 419 "http://www.mantech8.com/bimages/dimage/" "Mozilla/5.0 (Linux; Android 7.0;) AppleWebKit/537.36 (KHTML, like Gecko) Mobile Safari/537.36 (compatible; PetalBot;+https://webmaster.petalsearch.com/site/petalbot)" "www.mantech8.com"
157.55.39.86 - - [13/Sep/2022:17:45:50 -0700] "GET /?ascensor.xml HTTP/1.1" 200 315410 "-" "Mozilla/5.0 (compatible; bingbot/2.0; +http://www.bing.com/bingbot.htm)" "mantech8.com"
218.79.217.186 - - [13/Sep/2022:17:46:07 -0700] "GET /contact.php HTTP/1.1" 200 29238 "http://mantech8.com/contact.php" "Mozilla/5.0 (Windows NT 6.3; Win64; x64) AppleWebKit/537.36 (KHTML, like Gecko) Chrome/90.0.4430.85 Safari/537.36 Edg/90.0.818.49" "mantech8.com"
218.79.217.186 - - [13/Sep/2022:17:46:08 -0700] "POST /mailer.php HTTP/1.1" 500 - "http://mantech8.com/contact.php" "Mozilla/5.0 (Windows NT 6.3; Win64; x64) AppleWebKit/537.36 (KHTML, like Gecko) Chrome/90.0.4430.85 Safari/537.36 Edg/90.0.818.49" "mantech8.com"
157.55.39.103 - - [13/Sep/2022:17:46:30 -0700] "GET /index.php/biopoesis.xml HTTP/1.1" 200 298264 "-" "Mozilla/5.0 AppleWebKit/537.36 (KHTML, like Gecko; compatible; bingbot/2.0; +http://www.bing.com/bingbot.htm) Chrome/103.0.5060.134 Safari/537.36" "mantech8.com"
207.46.13.23 - - [13/Sep/2022:17:47:18 -0700] "GET /index.php?sitemap95.xml HTTP/1.1" 200 276233 "-" "Mozilla/5.0 (compatible; bingbot/2.0; +http://www.bing.com/bingbot.htm)" "mantech8.com"
207.46.13.106 - - [13/Sep/2022:17:47:28 -0700] "GET /?sitemap9084.xml HTTP/1.1" 200 299366 "-" "Mozilla/5.0 (compatible; bingbot/2.0; +http://www.bing.com/bingbot.htm)" "mantech8.com"
65.109.4.40 - - [13/Sep/2022:17:50:42 -0700] "GET /wp-commentin.php HTTP/1.1" 404 88 "www.google.com" "Mozlila/5.0 (Linux; Android 7.0; SM-G892A Bulid/NRD90M; wv) AppleWebKit/537.36 (KHTML, like Gecko) Version/4.0 Chrome/60.0.3112.107 Moblie Safari/537.36" "mantech8.com"
114.119.133.190 - - [13/Sep/2022:17:50:45 -0700] "GET /?prinker.xml HTTP/1.1" 200 294383 "-" "Mozilla/5.0 (Linux; Android 7.0;) AppleWebKit/537.36 (KHTML, like Gecko) Mobile Safari/537.36 (compatible; PetalBot;+https://webmaster.petalsearch.com/site/petalbot)" "mantech8.com"
65.109.4.40 - - [13/Sep/2022:17:50:52 -0700] "GET /wp/wp-commentin.php HTTP/1.1" 404 88 "www.google.com" "Mozlila/5.0 (Linux; Android 7.0; SM-G892A Bulid/NRD90M; wv) AppleWebKit/537.36 (KHTML, like Gecko) Version/4.0 Chrome/60.0.3112.107 Moblie Safari/537.36" "mantech8.com"
65.109.4.40 - - [13/Sep/2022:17:50:58 -0700] "GET /wordpress/wp-commentin.php HTTP/1.1" 404 88 "www.google.com" "Mozlila/5.0 (Linux; Android 7.0; SM-G892A Bulid/NRD90M; wv) AppleWebKit/537.36 (KHTML, like Gecko) Version/4.0 Chrome/60.0.3112.107 Moblie Safari/537.36" "mantech8.com"
65.109.4.40 - - [13/Sep/2022:17:51:03 -0700] "GET /blog/wp-commentin.php HTTP/1.1" 404 88 "www.google.com" "Mozlila/5.0 (Linux; Android 7.0; SM-G892A Bulid/NRD90M; wv) AppleWebKit/537.36 (KHTML, like Gecko) Version/4.0 Chrome/60.0.3112.107 Moblie Safari/537.36" "mantech8.com"
65.109.4.40 - - [13/Sep/2022:17:51:10 -0700] "GET /site/wp-commentin.php HTTP/1.1" 404 88 "www.google.com" "Mozlila/5.0 (Linux; Android 7.0; SM-G892A Bulid/NRD90M; wv) AppleWebKit/537.36 (KHTML, like Gecko) Version/4.0 Chrome/60.0.3112.107 Moblie Safari/537.36" "mantech8.com"
40.77.167.54 - - [13/Sep/2022:17:52:16 -0700] "GET /?biters.xml HTTP/1.1" 200 255635 "-" "Mozilla/5.0 (compatible; bingbot/2.0; +http://www.bing.com/bingbot.htm)" "mantech8.com"
157.55.39.86 - - [13/Sep/2022:17:52:21 -0700] "GET /index.php?steaded.xml HTTP/1.1" 200 288718 "-" "Mozilla/5.0 (compatible; bingbot/2.0; +http://www.bing.com/bingbot.htm)" "mantech8.com"
207.46.13.23 - - [13/Sep/2022:17:52:50 -0700] "GET /index.php/benfica.xml HTTP/1.1" 200 261172 "-" "Mozilla/5.0 (compatible; bingbot/2.0; +http://www.bing.com/bingbot.htm)" "mantech8.com"
157.55.39.86 - - [13/Sep/2022:17:54:01 -0700] "GET /index.php?sitemap440.xml HTTP/1.1" 200 313194 "-" "Mozilla/5.0 (compatible; bingbot/2.0; +http://www.bing.com/bingbot.htm)" "mantech8.com"
40.77.167.27 - - [13/Sep/2022:17:54:50 -0700] "GET /?guangheng.xml HTTP/1.1" 200 276837 "-" "Mozilla/5.0 (compatible; bingbot/2.0; +http://www.bing.com/bingbot.htm)" "mantech8.com"
207.46.13.106 - - [13/Sep/2022:17:55:09 -0700] "GET /index.php/successional.xml HTTP/1.1" 200 297182 "-" "Mozilla/5.0 (compatible; bingbot/2.0; +http://www.bing.com/bingbot.htm)" "mantech8.com"
157.55.39.103 - - [13/Sep/2022:17:55:23 -0700] "GET /index.php/sitemap12.xml HTTP/1.1" 200 334478 "-" "Mozilla/5.0 (compatible; bingbot/2.0; +http://www.bing.com/bingbot.htm)" "mantech8.com"
114.119.133.165 - - [13/Sep/2022:17:56:05 -0700] "GET /bimages/tank/director.php HTTP/1.1" 200 32 "http://mantech8.com/bimages/tank/" "Mozilla/5.0 (Linux; Android 7.0;) AppleWebKit/537.36 (KHTML, like Gecko) Mobile Safari/537.36 (compatible; PetalBot;+https://webmaster.petalsearch.com/site/petalbot)" "mantech8.com"
207.46.13.23 - - [13/Sep/2022:17:56:20 -0700] "GET /index.php?sitemap21688.xml HTTP/1.1" 200 242046 "-" "Mozilla/5.0 (compatible; bingbot/2.0; +http://www.bing.com/bingbot.htm)" "mantech8.com"
207.46.13.23 - - [13/Sep/2022:17:57:00 -0700] "GET /index.php?biters.xml HTTP/1.1" 200 321995 "-" "Mozilla/5.0 (compatible; bingbot/2.0; +http://www.bing.com/bingbot.htm)" "mantech8.com"
157.55.39.86 - - [13/Sep/2022:17:57:21 -0700] "GET /index.php?sitemap819.xml HTTP/1.1" 200 278302 "-" "Mozilla/5.0 (compatible; bingbot/2.0; +http://www.bing.com/bingbot.htm)" "mantech8.com"
40.77.167.27 - - [13/Sep/2022:17:59:20 -0700] "GET /index.php/steaded.xml HTTP/1.1" 200 268321 "-" "Mozilla/5.0 AppleWebKit/537.36 (KHTML, like Gecko; compatible; bingbot/2.0; +http://www.bing.com/bingbot.htm) Chrome/103.0.5060.134 Safari/537.36" "mantech8.com"
157.55.39.86 - - [13/Sep/2022:17:59:25 -0700] "GET /index.php?sitemap798.xml HTTP/1.1" 200 312662 "-" "Mozilla/5.0 (compatible; bingbot/2.0; +http://www.bing.com/bingbot.htm)" "mantech8.com"
207.46.13.23 - - [13/Sep/2022:18:00:00 -0700] "GET /index.php?sitemap481.xml HTTP/1.1" 200 313211 "-" "Mozilla/5.0 (compatible; bingbot/2.0; +http://www.bing.com/bingbot.htm)" "mantech8.com"
40.77.167.54 - - [13/Sep/2022:18:00:26 -0700] "GET /index.php?sitemap8947.xml HTTP/1.1" 200 253086 "-" "Mozilla/5.0 (compatible; bingbot/2.0; +http://www.bing.com/bingbot.htm)" "mantech8.com"
157.55.39.86 - - [13/Sep/2022:18:01:02 -0700] "GET /index.php/sitemap9016.xml HTTP/1.1" 200 330918 "-" "Mozilla/5.0 (compatible; bingbot/2.0; +http://www.bing.com/bingbot.htm)" "mantech8.com"
157.55.39.103 - - [13/Sep/2022:18:01:22 -0700] "GET /?gladhand.xml HTTP/1.1" 200 254613 "-" "Mozilla/5.0 (compatible; bingbot/2.0; +http://www.bing.com/bingbot.htm)" "mantech8.com"
157.55.39.103 - - [13/Sep/2022:18:01:24 -0700] "GET /index.php/sitemap8529.xml HTTP/1.1" 200 263206 "-" "Mozilla/5.0 (compatible; bingbot/2.0; +http://www.bing.com/bingbot.htm)" "mantech8.com"
114.119.133.158 - - [13/Sep/2022:18:01:29 -0700] "GET /bimages/tank/?C=S%3BO%3DA HTTP/1.1" 200 411 "http://www.mantech8.com/bimages/tank/?C=M%3BO%3DA" "Mozilla/5.0 (Linux; Android 7.0;) AppleWebKit/537.36 (KHTML, like Gecko) Mobile Safari/537.36 (compatible; PetalBot;+https://webmaster.petalsearch.com/site/petalbot)" "www.mantech8.com"
157.55.39.103 - - [13/Sep/2022:18:02:22 -0700] "GET /index.php?megatheroid.xml HTTP/1.1" 200 303227 "-" "Mozilla/5.0 (compatible; bingbot/2.0; +http://www.bing.com/bingbot.htm)" "mantech8.com"
93.40.5.232 - - [13/Sep/2022:18:03:09 -0700] "GET /contact.php HTTP/1.1" 200 29237 "http://mantech8.com/contact.php" "Mozilla/5.0 (Windows NT 6.3; Win64; x64) AppleWebKit/537.36 (KHTML, like Gecko) Chrome/90.0.4430.93 Safari/537.36" "mantech8.com"
93.40.5.232 - - [13/Sep/2022:18:03:12 -0700] "POST /mailer.php HTTP/1.1" 500 - "http://mantech8.com/contact.php" "Mozilla/5.0 (Windows NT 6.3; Win64; x64) AppleWebKit/537.36 (KHTML, like Gecko) Chrome/90.0.4430.93 Safari/537.36" "mantech8.com"
207.46.13.23 - - [13/Sep/2022:18:03:41 -0700] "GET /index.php?sitemap9301.xml HTTP/1.1" 200 240574 "-" "Mozilla/5.0 (compatible; bingbot/2.0; +http://www.bing.com/bingbot.htm)" "mantech8.com"
40.77.167.27 - - [13/Sep/2022:18:06:00 -0700] "GET /index.php/sitemap854.xml HTTP/1.1" 200 276830 "-" "Mozilla/5.0 (compatible; bingbot/2.0; +http://www.bing.com/bingbot.htm)" "mantech8.com"
40.77.167.54 - - [13/Sep/2022:18:06:06 -0700] "GET /index.php?sitemap64.xml HTTP/1.1" 200 242983 "-" "Mozilla/5.0 (compatible; bingbot/2.0; +http://www.bing.com/bingbot.htm)" "mantech8.com"
114.119.133.166 - - [13/Sep/2022:18:06:53 -0700] "GET /reym.xml HTTP/1.1" 404 88 "-" "Mozilla/5.0 (Linux; Android 7.0;) AppleWebKit/537.36 (KHTML, like Gecko) Mobile Safari/537.36 (compatible; PetalBot;+https://webmaster.petalsearch.com/site/petalbot)" "mantech8.com"
74.208.65.165 - - [13/Sep/2022:18:07:59 -0700] "GET /contact.php HTTP/1.1" 200 26 "http://mantech8.com/contact.php" "Mozilla/5.0 (Windows NT 10.0; Win64; x64) AppleWebKit/537.36 (KHTML, like Gecko) Chrome/90.0.4430.72 Safari/537.36 Edg/90.0.818.39" "mantech8.com"
74.208.65.165 - - [13/Sep/2022:18:08:08 -0700] "GET / HTTP/1.1" 500 - "http://mantech8.com/" "Mozilla/5.0 (Windows NT 10.0; Win64; x64) AppleWebKit/537.36 (KHTML, like Gecko) Chrome/90.0.4430.72 Safari/537.36 Edg/90.0.818.39" "mantech8.com"
117.205.108.221 - - [13/Sep/2022:18:08:10 -0700] "GET /contact.php HTTP/1.1" 200 29238 "http://mantech8.com/contact.php" "Mozilla/5.0 (Windows NT 10.0; Win64; x64) AppleWebKit/537.36 (KHTML, like Gecko) Chrome/90.0.4430.72 Safari/537.36 Edg/90.0.818.39" "mantech8.com"
117.205.108.221 - - [13/Sep/2022:18:08:11 -0700] "POST /mailer.php HTTP/1.1" 500 - "http://mantech8.com/contact.php" "Mozilla/5.0 (Windows NT 10.0; Win64; x64) AppleWebKit/537.36 (KHTML, like Gecko) Chrome/90.0.4430.72 Safari/537.36 Edg/90.0.818.39" "mantech8.com"
207.46.13.106 - - [13/Sep/2022:18:08:39 -0700] "GET /index.php?sitemap868.xml HTTP/1.1" 200 330302 "-" "Mozilla/5.0 AppleWebKit/537.36 (KHTML, like Gecko; compatible; bingbot/2.0; +http://www.bing.com/bingbot.htm) Chrome/103.0.5060.134 Safari/537.36" "mantech8.com"
40.77.167.27 - - [13/Sep/2022:18:08:44 -0700] "GET /?sitemap-index-4.xml HTTP/1.1" 200 6699 "-" "Mozilla/5.0 (compatible; bingbot/2.0; +http://www.bing.com/bingbot.htm)" "mantech8.com"
157.55.39.86 - - [13/Sep/2022:18:09:13 -0700] "GET /index.php/sitemap38925.xml HTTP/1.1" 200 289901 "-" "Mozilla/5.0 (compatible; bingbot/2.0; +http://www.bing.com/bingbot.htm)" "mantech8.com"
207.46.13.106 - - [13/Sep/2022:18:09:20 -0700] "GET /?sitemap9579.xml HTTP/1.1" 200 257780 "-" "Mozilla/5.0 (compatible; bingbot/2.0; +http://www.bing.com/bingbot.htm)" "mantech8.com"
40.77.167.54 - - [13/Sep/2022:18:10:17 -0700] "GET /index.php?exorcise.xml HTTP/1.1" 200 278257 "-" "Mozilla/5.0 (compatible; bingbot/2.0; +http://www.bing.com/bingbot.htm)" "mantech8.com"
157.55.39.86 - - [13/Sep/2022:18:11:35 -0700] "GET /21515.html HTTP/1.1" 404 88 "-" "Mozilla/5.0 (compatible; bingbot/2.0; +http://www.bing.com/bingbot.htm)" "www.mantech8.com"
77.75.79.31 - - [13/Sep/2022:18:12:13 -0700] "GET /sitemap8.xml HTTP/1.1" 404 88 "-" "Mozilla/5.0 (compatible; SeznamBot/4.0-RC1; +http://napoveda.seznam.cz/seznambot-intro/)" "mantech8.com"
114.119.133.158 - - [13/Sep/2022:18:12:15 -0700] "GET /bimages/paintg/thump/db_qbe.php HTTP/1.1" 200 32 "http://www.mantech8.com/bimages/paintg/thump/?C=M%3BO%3DA" "Mozilla/5.0 (Linux; Android 7.0;) AppleWebKit/537.36 (KHTML, like Gecko) Mobile Safari/537.36 (compatible; PetalBot;+https://webmaster.petalsearch.com/site/petalbot)" "www.mantech8.com"
157.55.39.103 - - [13/Sep/2022:18:13:17 -0700] "GET /index.php/sitemap7655.xml HTTP/1.1" 200 250128 "-" "Mozilla/5.0 (compatible; bingbot/2.0; +http://www.bing.com/bingbot.htm)" "mantech8.com"
20.214.190.84 - - [13/Sep/2022:18:13:57 -0700] "GET / HTTP/1.1" 500 - "-" "Mozilla/5.0 (Windows NT 10.0; Win64; x64) AppleWebKit/537.36 (KHTML, like Gecko) Chrome/88.0.4240.193 Safari/537.36" "mantech8.com"
20.214.190.84 - - [13/Sep/2022:18:13:58 -0700] "GET / HTTP/1.1" 500 - "-" "Mozilla/5.0 (Windows NT 10.0; Win64; x64) AppleWebKit/537.36 (KHTML, like Gecko) Chrome/88.0.4240.193 Safari/537.36" "mantech8.com"
20.214.190.84 - - [13/Sep/2022:18:13:58 -0700] "GET /wp-includes/wlwmanifest.xml HTTP/1.1" 404 73 "-" "Mozilla/5.0 (Windows NT 10.0; Win64; x64) AppleWebKit/537.36 (KHTML, like Gecko) Chrome/88.0.4240.193 Safari/537.36" "mantech8.com"
20.214.190.84 - - [13/Sep/2022:18:13:59 -0700] "GET /xmlrpc.php?rsd HTTP/1.1" 500 5619 "-" "Mozilla/5.0 (Windows NT 10.0; Win64; x64) AppleWebKit/537.36 (KHTML, like Gecko) Chrome/88.0.4240.193 Safari/537.36" "mantech8.com"
20.214.190.84 - - [13/Sep/2022:18:13:59 -0700] "GET / HTTP/1.1" 500 - "-" "Mozilla/5.0 (Windows NT 10.0; Win64; x64) AppleWebKit/537.36 (KHTML, like Gecko) Chrome/88.0.4240.193 Safari/537.36" "mantech8.com"
20.214.190.84 - - [13/Sep/2022:18:14:00 -0700] "GET /blog/wp-includes/wlwmanifest.xml HTTP/1.1" 404 73 "-" "Mozilla/5.0 (Windows NT 10.0; Win64; x64) AppleWebKit/537.36 (KHTML, like Gecko) Chrome/88.0.4240.193 Safari/537.36" "mantech8.com"
20.214.190.84 - - [13/Sep/2022:18:14:00 -0700] "GET /web/wp-includes/wlwmanifest.xml HTTP/1.1" 404 73 "-" "Mozilla/5.0 (Windows NT 10.0; Win64; x64) AppleWebKit/537.36 (KHTML, like Gecko) Chrome/88.0.4240.193 Safari/537.36" "mantech8.com"
20.214.190.84 - - [13/Sep/2022:18:14:01 -0700] "GET /wordpress/wp-includes/wlwmanifest.xml HTTP/1.1" 404 73 "-" "Mozilla/5.0 (Windows NT 10.0; Win64; x64) AppleWebKit/537.36 (KHTML, like Gecko) Chrome/88.0.4240.193 Safari/537.36" "mantech8.com"
20.214.190.84 - - [13/Sep/2022:18:14:01 -0700] "GET /website/wp-includes/wlwmanifest.xml HTTP/1.1" 404 73 "-" "Mozilla/5.0 (Windows NT 10.0; Win64; x64) AppleWebKit/537.36 (KHTML, like Gecko) Chrome/88.0.4240.193 Safari/537.36" "mantech8.com"
20.214.190.84 - - [13/Sep/2022:18:14:01 -0700] "GET /wp/wp-includes/wlwmanifest.xml HTTP/1.1" 404 73 "-" "Mozilla/5.0 (Windows NT 10.0; Win64; x64) AppleWebKit/537.36 (KHTML, like Gecko) Chrome/88.0.4240.193 Safari/537.36" "mantech8.com"
20.214.190.84 - - [13/Sep/2022:18:14:02 -0700] "GET /news/wp-includes/wlwmanifest.xml HTTP/1.1" 404 73 "-" "Mozilla/5.0 (Windows NT 10.0; Win64; x64) AppleWebKit/537.36 (KHTML, like Gecko) Chrome/88.0.4240.193 Safari/537.36" "mantech8.com"
20.214.190.84 - - [13/Sep/2022:18:14:02 -0700] "GET /2020/wp-includes/wlwmanifest.xml HTTP/1.1" 404 73 "-" "Mozilla/5.0 (Windows NT 10.0; Win64; x64) AppleWebKit/537.36 (KHTML, like Gecko) Chrome/88.0.4240.193 Safari/537.36" "mantech8.com"
20.214.190.84 - - [13/Sep/2022:18:14:03 -0700] "GET /shop/wp-includes/wlwmanifest.xml HTTP/1.1" 404 73 "-" "Mozilla/5.0 (Windows NT 10.0; Win64; x64) AppleWebKit/537.36 (KHTML, like Gecko) Chrome/88.0.4240.193 Safari/537.36" "mantech8.com"
20.214.190.84 - - [13/Sep/2022:18:14:05 -0700] "GET /wp1/wp-includes/wlwmanifest.xml HTTP/1.1" 404 73 "-" "Mozilla/5.0 (Windows NT 10.0; Win64; x64) AppleWebKit/537.36 (KHTML, like Gecko) Chrome/88.0.4240.193 Safari/537.36" "mantech8.com"
20.214.190.84 - - [13/Sep/2022:18:14:07 -0700] "GET /test/wp-includes/wlwmanifest.xml HTTP/1.1" 404 73 "-" "Mozilla/5.0 (Windows NT 10.0; Win64; x64) AppleWebKit/537.36 (KHTML, like Gecko) Chrome/88.0.4240.193 Safari/537.36" "mantech8.com"
20.214.190.84 - - [13/Sep/2022:18:14:08 -0700] "GET /wp2/wp-includes/wlwmanifest.xml HTTP/1.1" 404 73 "-" "Mozilla/5.0 (Windows NT 10.0; Win64; x64) AppleWebKit/537.36 (KHTML, like Gecko) Chrome/88.0.4240.193 Safari/537.36" "mantech8.com"
20.214.190.84 - - [13/Sep/2022:18:14:08 -0700] "GET /site/wp-includes/wlwmanifest.xml HTTP/1.1" 404 73 "-" "Mozilla/5.0 (Windows NT 10.0; Win64; x64) AppleWebKit/537.36 (KHTML, like Gecko) Chrome/88.0.4240.193 Safari/537.36" "mantech8.com"
20.214.190.84 - - [13/Sep/2022:18:14:09 -0700] "GET /sito/wp-includes/wlwmanifest.xml HTTP/1.1" 404 73 "-" "Mozilla/5.0 (Windows NT 10.0; Win64; x64) AppleWebKit/537.36 (KHTML, like Gecko) Chrome/88.0.4240.193 Safari/537.36" "mantech8.com"
40.77.167.54 - - [13/Sep/2022:18:15:22 -0700] "GET /index.php?sitemap2854.xml HTTP/1.1" 200 318437 "-" "Mozilla/5.0 (compatible; bingbot/2.0; +http://www.bing.com/bingbot.htm)" "mantech8.com"
157.55.39.86 - - [13/Sep/2022:18:16:05 -0700] "GET /index.php/sitemap9196.xml HTTP/1.1" 200 265598 "-" "Mozilla/5.0 (compatible; bingbot/2.0; +http://www.bing.com/bingbot.htm)" "mantech8.com"
157.55.39.86 - - [13/Sep/2022:18:16:06 -0700] "GET /index.php?clathrose.xml HTTP/1.1" 200 255468 "-" "Mozilla/5.0 (compatible; bingbot/2.0; +http://www.bing.com/bingbot.htm)" "mantech8.com"
157.55.39.86 - - [13/Sep/2022:18:17:05 -0700] "GET /index.php?sitemap12658.xml HTTP/1.1" 200 304606 "-" "Mozilla/5.0 (compatible; bingbot/2.0; +http://www.bing.com/bingbot.htm)" "mantech8.com"
157.55.39.86 - - [13/Sep/2022:18:17:07 -0700] "GET /index.php/sitemap1425.xml HTTP/1.1" 200 323380 "-" "Mozilla/5.0 (compatible; bingbot/2.0; +http://www.bing.com/bingbot.htm)" "mantech8.com"
114.119.133.158 - - [13/Sep/2022:18:17:39 -0700] "GET /bimages/ele/themes.php HTTP/1.1" 200 32 "http://mantech8.com/bimages/ele/?C=S%3BO%3DA" "Mozilla/5.0 (Linux; Android 7.0;) AppleWebKit/537.36 (KHTML, like Gecko) Mobile Safari/537.36 (compatible; PetalBot;+https://webmaster.petalsearch.com/site/petalbot)" "mantech8.com"
207.46.13.106 - - [13/Sep/2022:18:18:20 -0700] "GET /index.php/sitemap1225.xml HTTP/1.1" 200 293005 "-" "Mozilla/5.0 (compatible; bingbot/2.0; +http://www.bing.com/bingbot.htm)" "mantech8.com"
157.55.39.103 - - [13/Sep/2022:18:19:47 -0700] "GET /index.php?sitemap18.xml HTTP/1.1" 200 308011 "-" "Mozilla/5.0 (compatible; bingbot/2.0; +http://www.bing.com/bingbot.htm)" "mantech8.com"
40.77.167.27 - - [13/Sep/2022:18:20:21 -0700] "GET /index.php?sitemap725.xml HTTP/1.1" 200 243942 "-" "Mozilla/5.0 (compatible; bingbot/2.0; +http://www.bing.com/bingbot.htm)" "mantech8.com"
207.46.13.23 - - [13/Sep/2022:18:20:26 -0700] "GET /index.php?sitemap441.xml HTTP/1.1" 200 240065 "-" "Mozilla/5.0 (compatible; bingbot/2.0; +http://www.bing.com/bingbot.htm)" "mantech8.com"
150.158.151.252 - - [13/Sep/2022:18:21:11 -0700] "GET /contact.php HTTP/1.1" 200 29238 "http://mantech8.com/contact.php" "Mozilla/5.0 (Windows NT 10.0) AppleWebKit/537.36 (KHTML, like Gecko) Chrome/90.0.4430.93 Safari/537.36" "mantech8.com"
157.55.39.86 - - [13/Sep/2022:18:21:46 -0700] "GET /index.php?sitemap17012.xml HTTP/1.1" 200 271486 "-" "Mozilla/5.0 (compatible; bingbot/2.0; +http://www.bing.com/bingbot.htm)" "mantech8.com"
162.243.140.82 - - [13/Sep/2022:18:21:54 -0700] "GET /contact.php HTTP/1.1" 200 29238 "http://mantech8.com/contact.php" "Mozilla/5.0 (Windows NT 10.0) AppleWebKit/537.36 (KHTML, like Gecko) Chrome/90.0.4430.93 Safari/537.36" "mantech8.com"
157.55.39.103 - - [13/Sep/2022:18:23:07 -0700] "GET /index.php?sitemap360.xml HTTP/1.1" 200 283784 "-" "Mozilla/5.0 (compatible; bingbot/2.0; +http://www.bing.com/bingbot.htm)" "mantech8.com"
207.46.13.23 - - [13/Sep/2022:18:23:32 -0700] "GET /index.php/sitemap772.xml HTTP/1.1" 200 294103 "-" "Mozilla/5.0 (compatible; bingbot/2.0; +http://www.bing.com/bingbot.htm)" "mantech8.com"
77.75.79.31 - - [13/Sep/2022:18:24:06 -0700] "GET /sitemap-index-2.xml HTTP/1.1" 404 88 "-" "Mozilla/5.0 (compatible; SeznamBot/4.0-RC1; +http://napoveda.seznam.cz/seznambot-intro/)" "mantech8.com"
40.77.167.54 - - [13/Sep/2022:18:24:23 -0700] "GET /index.php?sitemap181.xml HTTP/1.1" 200 271633 "-" "Mozilla/5.0 (compatible; bingbot/2.0; +http://www.bing.com/bingbot.htm)" "mantech8.com"
124.223.10.184 - - [13/Sep/2022:18:24:48 -0700] "GET /contact.php HTTP/1.1" 200 29238 "http://mantech8.com/contact.php" "Mozilla/5.0 (Windows NT 6.3; Win64; x64) AppleWebKit/537.36 (KHTML, like Gecko) Chrome/90.0.4430.72 Safari/537.36" "mantech8.com"
122.118.104.137 - - [13/Sep/2022:18:25:09 -0700] "GET /contact.php HTTP/1.1" 200 29238 "http://mantech8.com/contact.php" "Mozilla/5.0 (Windows NT 6.3; Win64; x64) AppleWebKit/537.36 (KHTML, like Gecko) Chrome/90.0.4430.72 Safari/537.36" "mantech8.com"
122.118.104.137 - - [13/Sep/2022:18:25:11 -0700] "POST /mailer.php HTTP/1.1" 500 - "http://mantech8.com/contact.php" "Mozilla/5.0 (Windows NT 6.3; Win64; x64) AppleWebKit/537.36 (KHTML, like Gecko) Chrome/90.0.4430.72 Safari/537.36" "mantech8.com"
40.77.167.27 - - [13/Sep/2022:18:25:22 -0700] "GET /index.php?sitemap2.xml HTTP/1.1" 200 244259 "-" "Mozilla/5.0 (compatible; bingbot/2.0; +http://www.bing.com/bingbot.htm)" "mantech8.com"
207.46.13.106 - - [13/Sep/2022:18:25:51 -0700] "GET /index.php?sitemap892.xml HTTP/1.1" 200 254240 "-" "Mozilla/5.0 (compatible; bingbot/2.0; +http://www.bing.com/bingbot.htm)" "mantech8.com"
40.77.167.27 - - [13/Sep/2022:18:26:22 -0700] "GET /index.php?sitemap404.xml HTTP/1.1" 200 323672 "-" "Mozilla/5.0 (compatible; bingbot/2.0; +http://www.bing.com/bingbot.htm)" "mantech8.com"
40.77.167.54 - - [13/Sep/2022:18:26:34 -0700] "GET /category/gamesystem HTTP/1.1" 404 88 "-" "Mozilla/5.0 (compatible; bingbot/2.0; +http://www.bing.com/bingbot.htm)" "www.mantech8.com"
207.46.13.106 - - [13/Sep/2022:18:27:01 -0700] "GET /index.php/sitemap6438.xml HTTP/1.1" 200 334782 "-" "Mozilla/5.0 (compatible; bingbot/2.0; +http://www.bing.com/bingbot.htm)" "mantech8.com"
207.46.13.23 - - [13/Sep/2022:18:27:06 -0700] "GET /index.php/fine-tune.xml HTTP/1.1" 200 288927 "-" "Mozilla/5.0 (compatible; bingbot/2.0; +http://www.bing.com/bingbot.htm)" "mantech8.com"
207.46.13.23 - - [13/Sep/2022:18:27:07 -0700] "GET /index.php?sitemap6761.xml HTTP/1.1" 200 305710 "-" "Mozilla/5.0 (compatible; bingbot/2.0; +http://www.bing.com/bingbot.htm)" "mantech8.com"
20.222.39.129 - - [13/Sep/2022:18:27:23 -0700] "GET /index.php?/post-edit.g=%27nvOpzp;%20AND%201=1%20OR%20(%3C%27%22%3EiKO)), HTTP/1.1" 500 - "-" "-" "www.mantech8.com"
114.119.133.182 - - [13/Sep/2022:18:28:22 -0700] "GET /index.php?sitemap481.xml HTTP/1.1" 200 254226 "-" "Mozilla/5.0 (compatible;PetalBot;+https://webmaster.petalsearch.com/site/petalbot)" "mantech8.com"
157.55.39.86 - - [13/Sep/2022:18:28:57 -0700] "GET /index.php?sitemap7598.xml HTTP/1.1" 200 342142 "-" "Mozilla/5.0 (compatible; bingbot/2.0; +http://www.bing.com/bingbot.htm)" "mantech8.com"
207.46.13.106 - - [13/Sep/2022:18:29:42 -0700] "GET /?sitemap15155.xml HTTP/1.1" 200 242816 "-" "Mozilla/5.0 (compatible; bingbot/2.0; +http://www.bing.com/bingbot.htm)" "mantech8.com"
40.77.167.27 - - [13/Sep/2022:18:30:53 -0700] "GET /?sitemap9119.xml HTTP/1.1" 200 245774 "-" "Mozilla/5.0 (compatible; bingbot/2.0; +http://www.bing.com/bingbot.htm)" "mantech8.com"
207.46.13.106 - - [13/Sep/2022:18:31:02 -0700] "GET /index.php/dejerator.xml HTTP/1.1" 200 255100 "-" "Mozilla/5.0 (compatible; bingbot/2.0; +http://www.bing.com/bingbot.htm)" "mantech8.com"
40.77.167.54 - - [13/Sep/2022:18:31:07 -0700] "GET /index.php/gelsemic.xml HTTP/1.1" 200 339973 "-" "Mozilla/5.0 AppleWebKit/537.36 (KHTML, like Gecko; compatible; bingbot/2.0; +http://www.bing.com/bingbot.htm) Chrome/103.0.5060.134 Safari/537.36" "mantech8.com"
207.46.13.23 - - [13/Sep/2022:18:31:44 -0700] "GET /index.php?sitemap18728.xml HTTP/1.1" 200 307550 "-" "Mozilla/5.0 (compatible; bingbot/2.0; +http://www.bing.com/bingbot.htm)" "mantech8.com"
207.46.13.106 - - [13/Sep/2022:18:32:22 -0700] "GET /?sitemap40698.xml HTTP/1.1" 200 324913 "-" "Mozilla/5.0 (compatible; bingbot/2.0; +http://www.bing.com/bingbot.htm)" "mantech8.com"
40.77.167.27 - - [13/Sep/2022:18:32:43 -0700] "GET /index.php?sitemap257.xml HTTP/1.1" 200 324562 "-" "Mozilla/5.0 (compatible; bingbot/2.0; +http://www.bing.com/bingbot.htm)" "mantech8.com"
40.77.167.54 - - [13/Sep/2022:18:33:44 -0700] "GET /index.php?sitemap676.xml HTTP/1.1" 200 296310 "-" "Mozilla/5.0 AppleWebKit/537.36 (KHTML, like Gecko; compatible; bingbot/2.0; +http://www.bing.com/bingbot.htm) Chrome/103.0.5060.134 Safari/537.36" "mantech8.com"
114.119.133.166 - - [13/Sep/2022:18:33:47 -0700] "GET /index.php/ascensor.xml HTTP/1.1" 200 321600 "-" "Mozilla/5.0 (compatible;PetalBot;+https://webmaster.petalsearch.com/site/petalbot)" "mantech8.com"
157.55.39.86 - - [13/Sep/2022:18:33:49 -0700] "GET /index.php/sitemap18.xml HTTP/1.1" 200 292766 "-" "Mozilla/5.0 (compatible; bingbot/2.0; +http://www.bing.com/bingbot.htm)" "mantech8.com"
66.249.66.11 - - [13/Sep/2022:18:34:05 -0700] "GET /camp-fire/87448123.html HTTP/1.1" 404 88 "-" "Mozilla/5.0 (Linux; Android 6.0.1; Nexus 5X Build/MMB29P) AppleWebKit/537.36 (KHTML, like Gecko) Chrome/105.0.5195.102 Mobile Safari/537.36 (compatible; Googlebot/2.1; +http://www.google.com/bot.html)" "www.mantech8.com"
216.244.66.241 - - [13/Sep/2022:18:34:18 -0700] "GET /robots.txt HTTP/1.1" 200 26464 "-" "Mozilla/5.0 (compatible; DotBot/1.2; +https://opensiteexplorer.org/dotbot; help@moz.com)" "www.mantech8.com"
216.244.66.241 - - [13/Sep/2022:18:34:18 -0700] "GET /robots.txt HTTP/1.1" 200 26464 "-" "Mozilla/5.0 (compatible; DotBot/1.2; +https://opensiteexplorer.org/dotbot; help@moz.com)" "mantech8.com"
40.77.167.54 - - [13/Sep/2022:18:34:24 -0700] "GET /index.php?sitemap5758.xml HTTP/1.1" 200 262528 "-" "Mozilla/5.0 (compatible; bingbot/2.0; +http://www.bing.com/bingbot.htm)" "mantech8.com"
66.249.66.9 - - [13/Sep/2022:18:34:25 -0700] "GET /camp-fire/97676500.html HTTP/1.1" 404 88 "-" "Mozilla/5.0 (Linux; Android 6.0.1; Nexus 5X Build/MMB29P) AppleWebKit/537.36 (KHTML, like Gecko) Chrome/105.0.5195.102 Mobile Safari/537.36 (compatible; Googlebot/2.1; +http://www.google.com/bot.html)" "www.mantech8.com"
157.55.39.86 - - [13/Sep/2022:18:35:40 -0700] "GET /camp-fire/74468102.html HTTP/1.1" 404 88 "-" "Mozilla/5.0 (compatible; bingbot/2.0; +http://www.bing.com/bingbot.htm)" "mantech8.com"
207.46.13.106 - - [13/Sep/2022:18:36:42 -0700] "GET /index.php/ching-kuo.xml HTTP/1.1" 200 325117 "-" "Mozilla/5.0 (compatible; bingbot/2.0; +http://www.bing.com/bingbot.htm)" "mantech8.com"
40.77.167.27 - - [13/Sep/2022:18:37:23 -0700] "GET /index.php/sitemap1457.xml HTTP/1.1" 200 288046 "-" "Mozilla/5.0 (compatible; bingbot/2.0; +http://www.bing.com/bingbot.htm)" "mantech8.com"
157.55.39.103 - - [13/Sep/2022:18:37:28 -0700] "GET /index.php/sitemap5482.xml HTTP/1.1" 200 272271 "-" "Mozilla/5.0 (compatible; bingbot/2.0; +http://www.bing.com/bingbot.htm)" "mantech8.com"
207.46.13.23 - - [13/Sep/2022:18:37:43 -0700] "GET /index.php?limunu.xml HTTP/1.1" 200 331168 "-" "Mozilla/5.0 (compatible; bingbot/2.0; +http://www.bing.com/bingbot.htm)" "mantech8.com"
117.93.96.214 - - [13/Sep/2022:18:38:22 -0700] "GET /contact.php HTTP/1.1" 200 29238 "http://mantech8.com/contact.php" "Mozilla/5.0 (Windows NT 6.1; ) AppleWebKit/537.36 (KHTML, like Gecko) Chrome/90.0.4430.85 Safari/537.36" "mantech8.com"
117.93.96.214 - - [13/Sep/2022:18:38:57 -0700] "GET / HTTP/1.1" 500 - "http://mantech8.com/" "Mozilla/5.0 (Windows NT 6.1; ) AppleWebKit/537.36 (KHTML, like Gecko) Chrome/90.0.4430.85 Safari/537.36" "mantech8.com"
114.119.133.158 - - [13/Sep/2022:18:39:10 -0700] "GET /venatically.xml HTTP/1.1" 404 88 "-" "Mozilla/5.0 (compatible;PetalBot;+https://webmaster.petalsearch.com/site/petalbot)" "mantech8.com"
207.46.13.106 - - [13/Sep/2022:18:39:13 -0700] "GET /?furnacite.xml HTTP/1.1" 200 296123 "-" "Mozilla/5.0 AppleWebKit/537.36 (KHTML, like Gecko; compatible; bingbot/2.0; +http://www.bing.com/bingbot.htm) Chrome/103.0.5060.134 Safari/537.36" "mantech8.com"
139.180.207.206 - - [13/Sep/2022:18:39:30 -0700] "GET /contact.php HTTP/1.1" 200 29237 "http://mantech8.com/contact.php" "Mozilla/5.0 (Windows NT 6.1; ) AppleWebKit/537.36 (KHTML, like Gecko) Chrome/90.0.4430.85 Safari/537.36" "mantech8.com"
139.180.207.206 - - [13/Sep/2022:18:39:32 -0700] "POST /mailer.php HTTP/1.1" 500 - "http://mantech8.com/contact.php" "Mozilla/5.0 (Windows NT 6.1; ) AppleWebKit/537.36 (KHTML, like Gecko) Chrome/90.0.4430.85 Safari/537.36" "mantech8.com"
207.46.13.23 - - [13/Sep/2022:18:40:03 -0700] "GET /index.php/sitemap289.xml HTTP/1.1" 200 243364 "-" "Mozilla/5.0 (compatible; bingbot/2.0; +http://www.bing.com/bingbot.htm)" "mantech8.com"
157.55.39.103 - - [13/Sep/2022:18:41:08 -0700] "GET /index.php?sitemap337.xml HTTP/1.1" 200 279375 "-" "Mozilla/5.0 (compatible; bingbot/2.0; +http://www.bing.com/bingbot.htm)" "mantech8.com"
207.46.13.23 - - [13/Sep/2022:18:41:15 -0700] "GET / HTTP/1.1" 200 47032 "-" "Mozilla/5.0 AppleWebKit/537.36 (KHTML, like Gecko; compatible; bingbot/2.0; +http://www.bing.com/bingbot.htm) Chrome/103.0.5060.134 Safari/537.36" "mantech8.com"
40.77.167.54 - - [13/Sep/2022:18:41:45 -0700] "GET /index.php?sitemap2534.xml HTTP/1.1" 200 298028 "-" "Mozilla/5.0 AppleWebKit/537.36 (KHTML, like Gecko; compatible; bingbot/2.0; +http://www.bing.com/bingbot.htm) Chrome/103.0.5060.134 Safari/537.36" "mantech8.com"
40.77.167.54 - - [13/Sep/2022:18:42:05 -0700] "GET /index.php?sitemap53708.xml HTTP/1.1" 200 338837 "-" "Mozilla/5.0 (compatible; bingbot/2.0; +http://www.bing.com/bingbot.htm)" "mantech8.com"
157.55.39.86 - - [13/Sep/2022:18:42:30 -0700] "GET /index.php?sitemap334.xml HTTP/1.1" 200 274596 "-" "Mozilla/5.0 (compatible; bingbot/2.0; +http://www.bing.com/bingbot.htm)" "mantech8.com"
157.55.39.103 - - [13/Sep/2022:18:42:39 -0700] "GET /index.php?sitemap667.xml HTTP/1.1" 200 256062 "-" "Mozilla/5.0 AppleWebKit/537.36 (KHTML, like Gecko; compatible; bingbot/2.0; +http://www.bing.com/bingbot.htm) Chrome/103.0.5060.134 Safari/537.36" "mantech8.com"
147.182.203.142 - - [13/Sep/2022:18:43:18 -0700] "GET /contact.php HTTP/1.1" 200 29237 "http://mantech8.com/contact.php" "Mozilla/5.0 (Windows NT 6.3; Win64; x64) AppleWebKit/537.36 (KHTML, like Gecko) Chrome/90.0.4430.72 Safari/537.36 Edg/90.0.818.42" "mantech8.com"
147.182.203.142 - - [13/Sep/2022:18:43:20 -0700] "POST /mailer.php HTTP/1.1" 500 - "http://mantech8.com/contact.php" "Mozilla/5.0 (Windows NT 6.3; Win64; x64) AppleWebKit/537.36 (KHTML, like Gecko) Chrome/90.0.4430.72 Safari/537.36 Edg/90.0.818.42" "mantech8.com"
157.55.39.86 - - [13/Sep/2022:18:43:30 -0700] "GET /index.php?sitemap115.xml HTTP/1.1" 200 297716 "-" "Mozilla/5.0 (compatible; bingbot/2.0; +http://www.bing.com/bingbot.htm)" "mantech8.com"
40.77.167.54 - - [13/Sep/2022:18:43:45 -0700] "GET /index.php/sitemap1566.xml HTTP/1.1" 200 329457 "-" "Mozilla/5.0 (compatible; bingbot/2.0; +http://www.bing.com/bingbot.htm)" "mantech8.com"
207.46.13.23 - - [13/Sep/2022:18:44:24 -0700] "GET /index.php/sitemap5047.xml HTTP/1.1" 200 344498 "-" "Mozilla/5.0 (compatible; bingbot/2.0; +http://www.bing.com/bingbot.htm)" "mantech8.com"
114.119.133.182 - - [13/Sep/2022:18:44:41 -0700] "GET /bimages/paintg/?C=M%3BO%3DA HTTP/1.1" 200 497 "http://www.mantech8.com/bimages/paintg/" "Mozilla/5.0 (Linux; Android 7.0;) AppleWebKit/537.36 (KHTML, like Gecko) Mobile Safari/537.36 (compatible; PetalBot;+https://webmaster.petalsearch.com/site/petalbot)" "www.mantech8.com"
157.55.39.103 - - [13/Sep/2022:18:44:49 -0700] "GET /index.php/sitemap1788.xml HTTP/1.1" 200 239355 "-" "Mozilla/5.0 (compatible; bingbot/2.0; +http://www.bing.com/bingbot.htm)" "mantech8.com"
207.46.13.106 - - [13/Sep/2022:18:45:03 -0700] "GET /index.php?sitemap8413.xml HTTP/1.1" 200 274982 "-" "Mozilla/5.0 (compatible; bingbot/2.0; +http://www.bing.com/bingbot.htm)" "mantech8.com"
40.77.167.54 - - [13/Sep/2022:18:45:25 -0700] "GET /index.php/sitemap9.xml HTTP/1.1" 200 264648 "-" "Mozilla/5.0 (compatible; bingbot/2.0; +http://www.bing.com/bingbot.htm)" "mantech8.com"
