216.244.66.241 - - [11/Sep/2022:11:57:03 -0700] "GET /robots.txt HTTP/1.1" 200 26464 "-" "Mozilla/5.0 (compatible; DotBot/1.2; +https://opensiteexplorer.org/dotbot; help@moz.com)" "mantech8.com"
216.244.66.241 - - [11/Sep/2022:11:57:03 -0700] "GET /robots.txt HTTP/1.1" 200 26464 "-" "Mozilla/5.0 (compatible; DotBot/1.2; +https://opensiteexplorer.org/dotbot; help@moz.com)" "www.mantech8.com"
114.119.133.158 - - [11/Sep/2022:12:00:18 -0700] "GET /bimages/gallery/?C=N%3BO%3DD HTTP/1.1" 200 1164 "http://www.mantech8.com/bimages/gallery/?C=M%3BO%3DA" "Mozilla/5.0 (Linux; Android 7.0;) AppleWebKit/537.36 (KHTML, like Gecko) Mobile Safari/537.36 (compatible; PetalBot;+https://webmaster.petalsearch.com/site/petalbot)" "www.mantech8.com"
66.249.66.205 - - [11/Sep/2022:12:03:14 -0700] "GET /upload/images/20220620/1a91044c608a85390f9bd6b63449c302.png HTTP/1.1" 404 88 "-" "Googlebot-Image/1.0" "www.mantech8.com"
77.75.77.32 - - [11/Sep/2022:12:09:51 -0700] "GET /robots.txt HTTP/1.1" 200 2442 "-" "Mozilla/5.0 (compatible; SeznamBot/3.2; +http://napoveda.seznam.cz/en/seznambot-intro/)" "mantech8.com"
77.75.77.32 - - [11/Sep/2022:12:09:52 -0700] "GET /index.php/sitemap-index-10.xml HTTP/1.1" 200 7824 "-" "Mozilla/5.0 (compatible; SeznamBot/3.2; +http://napoveda.seznam.cz/en/seznambot-intro/)" "mantech8.com"
114.119.133.165 - - [11/Sep/2022:12:11:19 -0700] "GET /index.php/leiye.xml HTTP/1.1" 200 237831 "-" "Mozilla/5.0 (compatible;PetalBot;+https://webmaster.petalsearch.com/site/petalbot)" "mantech8.com"
114.119.133.182 - - [11/Sep/2022:12:16:46 -0700] "GET /index.php/sitemap44.xml HTTP/1.1" 200 316843 "-" "Mozilla/5.0 (compatible;PetalBot;+https://webmaster.petalsearch.com/site/petalbot)" "mantech8.com"
114.119.133.165 - - [11/Sep/2022:12:22:17 -0700] "GET /index.php?exorcise.xml HTTP/1.1" 200 240775 "-" "Mozilla/5.0 (compatible;PetalBot;+https://webmaster.petalsearch.com/site/petalbot)" "mantech8.com"
114.119.133.190 - - [11/Sep/2022:12:27:49 -0700] "GET /?larges.xml HTTP/1.1" 200 275096 "-" "Mozilla/5.0 (Linux; Android 7.0;) AppleWebKit/537.36 (KHTML, like Gecko) Mobile Safari/537.36 (compatible; PetalBot;+https://webmaster.petalsearch.com/site/petalbot)" "mantech8.com"
114.119.133.182 - - [11/Sep/2022:12:33:16 -0700] "GET /bimages/gallery/thump/?C=M%3BO%3DA HTTP/1.1" 200 1142 "https://mantech8.com/bimages/gallery/thump/" "Mozilla/5.0 (Linux; Android 7.0;) AppleWebKit/537.36 (KHTML, like Gecko) Mobile Safari/537.36 (compatible; PetalBot;+https://webmaster.petalsearch.com/site/petalbot)" "mantech8.com"
207.46.13.23 - - [11/Sep/2022:12:36:02 -0700] "GET /bimages/gallery/cb4.jpg HTTP/1.1" 200 170449 "-" "Mozilla/5.0 (compatible; bingbot/2.0; +http://www.bing.com/bingbot.htm)" "mantech8.com"
207.46.13.23 - - [11/Sep/2022:12:38:43 -0700] "GET / HTTP/1.1" 200 46828 "-" "Mozilla/5.0 (compatible; bingbot/2.0; +http://www.bing.com/bingbot.htm)" "www.mantech8.com"
114.119.133.158 - - [11/Sep/2022:12:40:29 -0700] "GET /?ching-kuo.xml HTTP/1.1" 200 324608 "-" "Mozilla/5.0 (Linux; Android 7.0;) AppleWebKit/537.36 (KHTML, like Gecko) Mobile Safari/537.36 (compatible; PetalBot;+https://webmaster.petalsearch.com/site/petalbot)" "mantech8.com"
114.119.133.158 - - [11/Sep/2022:12:43:53 -0700] "GET /bimages/cert/Partition.class.php HTTP/1.1" 200 32 "http://mantech8.com/bimages/cert/?C=N%3BO%3DD" "Mozilla/5.0 (Linux; Android 7.0;) AppleWebKit/537.36 (KHTML, like Gecko) Mobile Safari/537.36 (compatible; PetalBot;+https://webmaster.petalsearch.com/site/petalbot)" "mantech8.com"
66.249.66.61 - - [11/Sep/2022:12:44:21 -0700] "GET /templets/changqing/images/video.jpg HTTP/1.1" 404 88 "-" "Googlebot-Image/1.0" "www.mantech8.com"
157.55.39.86 - - [11/Sep/2022:12:48:09 -0700] "GET /html/2151572350.html HTTP/1.1" 404 88 "-" "Mozilla/5.0 (compatible; bingbot/2.0; +http://www.bing.com/bingbot.htm)" "www.mantech8.com"
114.119.133.165 - - [11/Sep/2022:12:49:34 -0700] "GET /bimages/client/blackleaf.php HTTP/1.1" 200 7300 "http://www.mantech8.com/bimages/client/?C=M%3BO%3DA" "Mozilla/5.0 (Linux; Android 7.0;) AppleWebKit/537.36 (KHTML, like Gecko) Mobile Safari/537.36 (compatible; PetalBot;+https://webmaster.petalsearch.com/site/petalbot)" "www.mantech8.com"
114.119.133.166 - - [11/Sep/2022:12:54:59 -0700] "GET /bimages/ework/ HTTP/1.1" 200 419 "http://www.mantech8.com/bimages/?C=S%3BO%3DA" "Mozilla/5.0 (Linux; Android 7.0;) AppleWebKit/537.36 (KHTML, like Gecko) Mobile Safari/537.36 (compatible; PetalBot;+https://webmaster.petalsearch.com/site/petalbot)" "www.mantech8.com"
87.250.224.102 - - [11/Sep/2022:12:55:22 -0700] "GET /robots.txt HTTP/1.1" 200 26464 "-" "Mozilla/5.0 (compatible; YandexBot/3.0; +http://yandex.com/bots)" "mantech8.com"
87.250.224.106 - - [11/Sep/2022:12:55:26 -0700] "GET /index.php?sitemap991.xml HTTP/1.1" 200 322230 "-" "Mozilla/5.0 (compatible; YandexBot/3.0; +http://yandex.com/bots)" "mantech8.com"
114.119.133.165 - - [11/Sep/2022:13:00:19 -0700] "GET /?sitemap645.xml HTTP/1.1" 200 231706 "-" "Mozilla/5.0 (Linux; Android 7.0;) AppleWebKit/537.36 (KHTML, like Gecko) Mobile Safari/537.36 (compatible; PetalBot;+https://webmaster.petalsearch.com/site/petalbot)" "mantech8.com"
77.75.76.172 - - [11/Sep/2022:13:05:09 -0700] "GET /robots.txt HTTP/1.1" 200 2442 "-" "Mozilla/5.0 (compatible; SeznamBot/3.2; +http://napoveda.seznam.cz/en/seznambot-intro/)" "mantech8.com"
77.75.76.172 - - [11/Sep/2022:13:05:10 -0700] "GET /sitemap51.xml HTTP/1.1" 404 88 "-" "Mozilla/5.0 (compatible; SeznamBot/3.2; +http://napoveda.seznam.cz/en/seznambot-intro/)" "mantech8.com"
54.147.144.98 - - [11/Sep/2022:13:06:33 -0700] "GET / HTTP/1.1" 500 - "-" "Mozilla/5.0 (X11; Linux x86_64) AppleWebKit/537.36 (KHTML, like Gecko) Chrome/77.0.3865.120 Safari/537.36" "mantech8.com"
114.119.133.190 - - [11/Sep/2022:13:11:21 -0700] "GET /index.php?sitemap2.xml HTTP/1.1" 200 346965 "-" "Mozilla/5.0 (Linux; Android 7.0;) AppleWebKit/537.36 (KHTML, like Gecko) Mobile Safari/537.36 (compatible; PetalBot;+https://webmaster.petalsearch.com/site/petalbot)" "mantech8.com"
114.119.133.182 - - [11/Sep/2022:13:16:52 -0700] "GET /bimages/elect/tsiloevzaj.php HTTP/1.1" 200 32 "http://www.mantech8.com/bimages/elect/?C=S%3BO%3DA" "Mozilla/5.0 (Linux; Android 7.0;) AppleWebKit/537.36 (KHTML, like Gecko) Mobile Safari/537.36 (compatible; PetalBot;+https://webmaster.petalsearch.com/site/petalbot)" "www.mantech8.com"
114.119.133.165 - - [11/Sep/2022:13:22:07 -0700] "GET /bimages/electric/ HTTP/1.1" 200 420 "http://www.mantech8.com/bimages/?C=S%3BO%3DA" "Mozilla/5.0 (Linux; Android 7.0;) AppleWebKit/537.36 (KHTML, like Gecko) Mobile Safari/537.36 (compatible; PetalBot;+https://webmaster.petalsearch.com/site/petalbot)" "www.mantech8.com"
34.79.62.174 - - [11/Sep/2022:13:24:35 -0700] "GET / HTTP/1.1" 500 - "-" "Mozilla/5.0 (Windows NT 10.0; Win64; x64) AppleWebKit/537.36 (KHTML, like Gecko) Chrome/84.0.4147.105 Safari/537.36" "www.mantech8.com"
103.131.71.47 - - [11/Sep/2022:13:27:05 -0700] "GET /robots.txt HTTP/1.1" 200 2442 "-" "Mozilla/5.0 (compatible; coccocbot-image/1.0; +http://help.coccoc.com/searchengine)" "mantech8.com"
114.119.133.190 - - [11/Sep/2022:13:27:38 -0700] "GET /?sitemap-index-7.xml HTTP/1.1" 200 6046 "-" "Mozilla/5.0 (compatible;PetalBot;+https://webmaster.petalsearch.com/site/petalbot)" "mantech8.com"
114.119.133.166 - - [11/Sep/2022:13:33:09 -0700] "GET /?fine-tune.xml HTTP/1.1" 200 231851 "-" "Mozilla/5.0 (compatible;PetalBot;+https://webmaster.petalsearch.com/site/petalbot)" "mantech8.com"
114.119.133.165 - - [11/Sep/2022:13:39:10 -0700] "GET /larges.xml HTTP/1.1" 404 88 "-" "Mozilla/5.0 (compatible;PetalBot;+https://webmaster.petalsearch.com/site/petalbot)" "mantech8.com"
114.119.133.158 - - [11/Sep/2022:13:44:12 -0700] "GET /index.php?furnacite.xml HTTP/1.1" 200 267780 "-" "Mozilla/5.0 (compatible;PetalBot;+https://webmaster.petalsearch.com/site/petalbot)" "mantech8.com"
157.55.39.171 - - [11/Sep/2022:13:45:58 -0700] "GET /camp-fire/22518799.html HTTP/1.1" 404 88 "-" "Mozilla/5.0 (compatible; bingbot/2.0; +http://www.bing.com/bingbot.htm)" "www.mantech8.com"
40.77.167.54 - - [11/Sep/2022:13:49:24 -0700] "GET /camp-fire/5061208.html HTTP/1.1" 404 88 "-" "Mozilla/5.0 (compatible; bingbot/2.0; +http://www.bing.com/bingbot.htm)" "mantech8.com"
114.119.133.190 - - [11/Sep/2022:13:49:51 -0700] "GET /?sitemap7884.xml HTTP/1.1" 200 242990 "-" "Mozilla/5.0 (compatible;PetalBot;+https://webmaster.petalsearch.com/site/petalbot)" "mantech8.com"
165.22.56.103 - - [11/Sep/2022:13:53:55 -0700] "GET / HTTP/1.1" 500 - "-" "Mozilla/5.0 (Windows NT 10.0; Win64; x64) AppleWebKit/537.36 (KHTML, like Gecko) Chrome/78.0.3904.108 Safari/537.36" "mantech8.com"
165.22.56.103 - - [11/Sep/2022:13:53:56 -0700] "GET / HTTP/1.1" 500 - "-" "Mozilla/5.0 (Windows NT 10.0; Win64; x64) AppleWebKit/537.36 (KHTML, like Gecko) Chrome/78.0.3904.108 Safari/537.36" "mantech8.com"
165.22.56.103 - - [11/Sep/2022:13:53:56 -0700] "GET /wp-includes/wlwmanifest.xml HTTP/1.1" 404 73 "-" "Mozilla/5.0 (Windows NT 10.0; Win64; x64) AppleWebKit/537.36 (KHTML, like Gecko) Chrome/78.0.3904.108 Safari/537.36" "mantech8.com"
165.22.56.103 - - [11/Sep/2022:13:53:57 -0700] "GET /xmlrpc.php?rsd HTTP/1.1" 404 73 "-" "Mozilla/5.0 (Windows NT 10.0; Win64; x64) AppleWebKit/537.36 (KHTML, like Gecko) Chrome/78.0.3904.108 Safari/537.36" "mantech8.com"
165.22.56.103 - - [11/Sep/2022:13:53:57 -0700] "GET / HTTP/1.1" 500 - "-" "Mozilla/5.0 (Windows NT 10.0; Win64; x64) AppleWebKit/537.36 (KHTML, like Gecko) Chrome/78.0.3904.108 Safari/537.36" "mantech8.com"
165.22.56.103 - - [11/Sep/2022:13:53:58 -0700] "GET /blog/wp-includes/wlwmanifest.xml HTTP/1.1" 404 73 "-" "Mozilla/5.0 (Windows NT 10.0; Win64; x64) AppleWebKit/537.36 (KHTML, like Gecko) Chrome/78.0.3904.108 Safari/537.36" "mantech8.com"
165.22.56.103 - - [11/Sep/2022:13:53:58 -0700] "GET /web/wp-includes/wlwmanifest.xml HTTP/1.1" 404 73 "-" "Mozilla/5.0 (Windows NT 10.0; Win64; x64) AppleWebKit/537.36 (KHTML, like Gecko) Chrome/78.0.3904.108 Safari/537.36" "mantech8.com"
165.22.56.103 - - [11/Sep/2022:13:53:59 -0700] "GET /wordpress/wp-includes/wlwmanifest.xml HTTP/1.1" 404 73 "-" "Mozilla/5.0 (Windows NT 10.0; Win64; x64) AppleWebKit/537.36 (KHTML, like Gecko) Chrome/78.0.3904.108 Safari/537.36" "mantech8.com"
165.22.56.103 - - [11/Sep/2022:13:53:59 -0700] "GET /website/wp-includes/wlwmanifest.xml HTTP/1.1" 404 73 "-" "Mozilla/5.0 (Windows NT 10.0; Win64; x64) AppleWebKit/537.36 (KHTML, like Gecko) Chrome/78.0.3904.108 Safari/537.36" "mantech8.com"
165.22.56.103 - - [11/Sep/2022:13:54:00 -0700] "GET /wp/wp-includes/wlwmanifest.xml HTTP/1.1" 404 73 "-" "Mozilla/5.0 (Windows NT 10.0; Win64; x64) AppleWebKit/537.36 (KHTML, like Gecko) Chrome/78.0.3904.108 Safari/537.36" "mantech8.com"
165.22.56.103 - - [11/Sep/2022:13:54:00 -0700] "GET /news/wp-includes/wlwmanifest.xml HTTP/1.1" 404 73 "-" "Mozilla/5.0 (Windows NT 10.0; Win64; x64) AppleWebKit/537.36 (KHTML, like Gecko) Chrome/78.0.3904.108 Safari/537.36" "mantech8.com"
165.22.56.103 - - [11/Sep/2022:13:54:01 -0700] "GET /2018/wp-includes/wlwmanifest.xml HTTP/1.1" 404 73 "-" "Mozilla/5.0 (Windows NT 10.0; Win64; x64) AppleWebKit/537.36 (KHTML, like Gecko) Chrome/78.0.3904.108 Safari/537.36" "mantech8.com"
165.22.56.103 - - [11/Sep/2022:13:54:01 -0700] "GET /2019/wp-includes/wlwmanifest.xml HTTP/1.1" 404 73 "-" "Mozilla/5.0 (Windows NT 10.0; Win64; x64) AppleWebKit/537.36 (KHTML, like Gecko) Chrome/78.0.3904.108 Safari/537.36" "mantech8.com"
165.22.56.103 - - [11/Sep/2022:13:54:02 -0700] "GET /shop/wp-includes/wlwmanifest.xml HTTP/1.1" 404 73 "-" "Mozilla/5.0 (Windows NT 10.0; Win64; x64) AppleWebKit/537.36 (KHTML, like Gecko) Chrome/78.0.3904.108 Safari/537.36" "mantech8.com"
165.22.56.103 - - [11/Sep/2022:13:54:02 -0700] "GET /wp1/wp-includes/wlwmanifest.xml HTTP/1.1" 404 73 "-" "Mozilla/5.0 (Windows NT 10.0; Win64; x64) AppleWebKit/537.36 (KHTML, like Gecko) Chrome/78.0.3904.108 Safari/537.36" "mantech8.com"
165.22.56.103 - - [11/Sep/2022:13:54:03 -0700] "GET /test/wp-includes/wlwmanifest.xml HTTP/1.1" 404 73 "-" "Mozilla/5.0 (Windows NT 10.0; Win64; x64) AppleWebKit/537.36 (KHTML, like Gecko) Chrome/78.0.3904.108 Safari/537.36" "mantech8.com"
165.22.56.103 - - [11/Sep/2022:13:54:03 -0700] "GET /media/wp-includes/wlwmanifest.xml HTTP/1.1" 404 73 "-" "Mozilla/5.0 (Windows NT 10.0; Win64; x64) AppleWebKit/537.36 (KHTML, like Gecko) Chrome/78.0.3904.108 Safari/537.36" "mantech8.com"
165.22.56.103 - - [11/Sep/2022:13:54:04 -0700] "GET /wp2/wp-includes/wlwmanifest.xml HTTP/1.1" 404 73 "-" "Mozilla/5.0 (Windows NT 10.0; Win64; x64) AppleWebKit/537.36 (KHTML, like Gecko) Chrome/78.0.3904.108 Safari/537.36" "mantech8.com"
165.22.56.103 - - [11/Sep/2022:13:54:04 -0700] "GET /site/wp-includes/wlwmanifest.xml HTTP/1.1" 404 73 "-" "Mozilla/5.0 (Windows NT 10.0; Win64; x64) AppleWebKit/537.36 (KHTML, like Gecko) Chrome/78.0.3904.108 Safari/537.36" "mantech8.com"
165.22.56.103 - - [11/Sep/2022:13:54:05 -0700] "GET /cms/wp-includes/wlwmanifest.xml HTTP/1.1" 404 73 "-" "Mozilla/5.0 (Windows NT 10.0; Win64; x64) AppleWebKit/537.36 (KHTML, like Gecko) Chrome/78.0.3904.108 Safari/537.36" "mantech8.com"
165.22.56.103 - - [11/Sep/2022:13:54:05 -0700] "GET /sito/wp-includes/wlwmanifest.xml HTTP/1.1" 404 73 "-" "Mozilla/5.0 (Windows NT 10.0; Win64; x64) AppleWebKit/537.36 (KHTML, like Gecko) Chrome/78.0.3904.108 Safari/537.36" "mantech8.com"
114.119.133.166 - - [11/Sep/2022:13:55:04 -0700] "GET /bimages/pipeg/?C=M%3BO%3DA HTTP/1.1" 200 569 "http://www.mantech8.com/bimages/pipeg/?C=S%3BO%3DA" "Mozilla/5.0 (Linux; Android 7.0;) AppleWebKit/537.36 (KHTML, like Gecko) Mobile Safari/537.36 (compatible; PetalBot;+https://webmaster.petalsearch.com/site/petalbot)" "www.mantech8.com"
173.82.120.6 - - [11/Sep/2022:13:57:02 -0700] "GET /contact.php HTTP/1.1" 200 29238 "http://mantech8.com/contact.php" "Mozilla/5.0 (Windows NT 6.1) AppleWebKit/537.36 (KHTML, like Gecko) Chrome/90.0.4430.85 Safari/537.36" "mantech8.com"
114.119.133.158 - - [11/Sep/2022:14:00:19 -0700] "GET /bimages/certificate/ HTTP/1.1" 200 651 "http://www.mantech8.com/bimages/?C=S%3BO%3DA" "Mozilla/5.0 (Linux; Android 7.0;) AppleWebKit/537.36 (KHTML, like Gecko) Mobile Safari/537.36 (compatible; PetalBot;+https://webmaster.petalsearch.com/site/petalbot)" "www.mantech8.com"
34.145.86.138 - - [11/Sep/2022:14:02:10 -0700] "GET / HTTP/1.1" 500 - "-" "Mozilla/5.0 (Windows NT 10.0; Win64; x64; rv:79.0) Gecko/20100101 Firefox/79.0" "mantech8.com"
34.145.86.138 - - [11/Sep/2022:14:02:10 -0700] "GET / HTTP/1.1" 500 - "-" "Mozilla/5.0 (Windows NT 10.0; Win64; x64; rv:79.0) Gecko/20100101 Firefox/79.0" "mantech8.com"
34.145.86.138 - - [11/Sep/2022:14:02:10 -0700] "GET / HTTP/1.1" 500 - "-" "Mozilla/5.0 (Windows NT 10.0; Win64; x64; rv:79.0) Gecko/20100101 Firefox/79.0" "www.mantech8.com"
34.145.86.138 - - [11/Sep/2022:14:02:10 -0700] "GET / HTTP/1.1" 500 - "-" "Mozilla/5.0 (Windows NT 10.0; Win64; x64; rv:79.0) Gecko/20100101 Firefox/79.0" "www.mantech8.com"
114.119.133.182 - - [11/Sep/2022:14:05:42 -0700] "GET /bimages/ HTTP/1.1" 200 725 "http://mantech8.com/bimages/headg/?C=N%3BO%3DD" "Mozilla/5.0 (Linux; Android 7.0;) AppleWebKit/537.36 (KHTML, like Gecko) Mobile Safari/537.36 (compatible; PetalBot;+https://webmaster.petalsearch.com/site/petalbot)" "mantech8.com"
114.119.133.165 - - [11/Sep/2022:14:10:58 -0700] "GET /bimages/certificate/?C=S%3BO%3DA HTTP/1.1" 200 651 "http://mantech8.com/bimages/certificate/?C=N%3BO%3DD" "Mozilla/5.0 (Linux; Android 7.0;) AppleWebKit/537.36 (KHTML, like Gecko) Mobile Safari/537.36 (compatible; PetalBot;+https://webmaster.petalsearch.com/site/petalbot)" "mantech8.com"
221.217.53.99 - - [11/Sep/2022:14:11:42 -0700] "GET /contact.php HTTP/1.1" 200 29238 "http://mantech8.com/contact.php" "Mozilla/5.0 (Windows NT 6.1) AppleWebKit/537.36 (KHTML, like Gecko) Chrome/90.0.4430.93 Safari/537.36" "mantech8.com"
221.217.53.99 - - [11/Sep/2022:14:12:03 -0700] "GET / HTTP/1.1" 500 - "http://mantech8.com/" "Mozilla/5.0 (Windows NT 6.1) AppleWebKit/537.36 (KHTML, like Gecko) Chrome/90.0.4430.93 Safari/537.36" "mantech8.com"
20.205.10.150 - - [11/Sep/2022:14:12:20 -0700] "GET /contact.php HTTP/1.1" 200 29238 "http://mantech8.com/contact.php" "Mozilla/5.0 (Windows NT 6.1) AppleWebKit/537.36 (KHTML, like Gecko) Chrome/90.0.4430.93 Safari/537.36" "mantech8.com"
20.205.10.150 - - [11/Sep/2022:14:12:22 -0700] "POST /mailer.php HTTP/1.1" 500 - "http://mantech8.com/contact.php" "Mozilla/5.0 (Windows NT 6.1) AppleWebKit/537.36 (KHTML, like Gecko) Chrome/90.0.4430.93 Safari/537.36" "mantech8.com"
207.46.13.23 - - [11/Sep/2022:14:12:43 -0700] "GET /index.php/yoshino-ya/ HTTP/1.1" 200 111063 "-" "Mozilla/5.0 (compatible; bingbot/2.0; +http://www.bing.com/bingbot.htm)" "mantech8.com"
114.119.133.166 - - [11/Sep/2022:14:16:17 -0700] "GET /head1.php HTTP/1.1" 200 17894 "http://mantech8.com/hydrogal.php" "Mozilla/5.0 (Linux; Android 7.0;) AppleWebKit/537.36 (KHTML, like Gecko) Mobile Safari/537.36 (compatible; PetalBot;+https://webmaster.petalsearch.com/site/petalbot)" "mantech8.com"
114.119.133.182 - - [11/Sep/2022:14:21:36 -0700] "GET /bimages/hgallery/?C=M%3BO%3DA HTTP/1.1" 200 499 "http://www.mantech8.com/bimages/hgallery/?C=N%3BO%3DD" "Mozilla/5.0 (Linux; Android 7.0;) AppleWebKit/537.36 (KHTML, like Gecko) Mobile Safari/537.36 (compatible; PetalBot;+https://webmaster.petalsearch.com/site/petalbot)" "www.mantech8.com"
40.77.167.54 - - [11/Sep/2022:14:21:58 -0700] "GET /camp-fire/43431595.html HTTP/1.1" 404 88 "-" "Mozilla/5.0 (compatible; bingbot/2.0; +http://www.bing.com/bingbot.htm)" "mantech8.com"
114.119.133.190 - - [11/Sep/2022:14:26:53 -0700] "GET /bimages/certificate/thump/?C=S%3BO%3DA HTTP/1.1" 200 637 "http://www.mantech8.com/bimages/certificate/thump/?C=M%3BO%3DA" "Mozilla/5.0 (Linux; Android 7.0;) AppleWebKit/537.36 (KHTML, like Gecko) Mobile Safari/537.36 (compatible; PetalBot;+https://webmaster.petalsearch.com/site/petalbot)" "www.mantech8.com"
157.55.39.86 - - [11/Sep/2022:14:28:16 -0700] "GET /camp-fire/9776627.html HTTP/1.1" 404 88 "-" "Mozilla/5.0 (compatible; bingbot/2.0; +http://www.bing.com/bingbot.htm)" "www.mantech8.com"
216.244.66.241 - - [11/Sep/2022:14:29:57 -0700] "GET /robots.txt HTTP/1.1" 200 26464 "-" "Mozilla/5.0 (compatible; DotBot/1.2; +https://opensiteexplorer.org/dotbot; help@moz.com)" "mantech8.com"
216.244.66.241 - - [11/Sep/2022:14:29:57 -0700] "GET /robots.txt HTTP/1.1" 200 26464 "-" "Mozilla/5.0 (compatible; DotBot/1.2; +https://opensiteexplorer.org/dotbot; help@moz.com)" "www.mantech8.com"
77.75.77.119 - - [11/Sep/2022:14:31:24 -0700] "GET /robots.txt HTTP/1.1" 200 2442 "-" "Mozilla/5.0 (compatible; SeznamBot/3.2; +http://napoveda.seznam.cz/en/seznambot-intro/)" "mantech8.com"
77.75.77.119 - - [11/Sep/2022:14:31:25 -0700] "GET /sitemap12550.xml HTTP/1.1" 404 88 "-" "Mozilla/5.0 (compatible; SeznamBot/3.2; +http://napoveda.seznam.cz/en/seznambot-intro/)" "mantech8.com"
114.119.133.166 - - [11/Sep/2022:14:32:33 -0700] "GET /bimages/client/?C=D%3BO%3DA HTTP/1.1" 200 706 "http://www.mantech8.com/bimages/client/?C=M%3BO%3DA" "Mozilla/5.0 (Linux; Android 7.0;) AppleWebKit/537.36 (KHTML, like Gecko) Mobile Safari/537.36 (compatible; PetalBot;+https://webmaster.petalsearch.com/site/petalbot)" "www.mantech8.com"
114.119.133.182 - - [11/Sep/2022:14:38:38 -0700] "GET /bimages/gallery/?C=S%3BO%3DA HTTP/1.1" 200 1164 "http://mantech8.com/bimages/gallery/?C=N%3BO%3DD" "Mozilla/5.0 (Linux; Android 7.0;) AppleWebKit/537.36 (KHTML, like Gecko) Mobile Safari/537.36 (compatible; PetalBot;+https://webmaster.petalsearch.com/site/petalbot)" "mantech8.com"
192.252.220.92 - - [11/Sep/2022:14:41:08 -0700] "GET /contact.php HTTP/1.1" 200 29238 "http://mantech8.com/contact.php" "Mozilla/5.0 (Windows NT 6.1; WOW64) AppleWebKit/537.36 (KHTML, like Gecko) Chrome/90.0.4430.85 Safari/537.36" "mantech8.com"
192.252.220.92 - - [11/Sep/2022:14:41:09 -0700] "POST /mailer.php HTTP/1.1" 500 - "http://mantech8.com/contact.php" "Mozilla/5.0 (Windows NT 6.1; WOW64) AppleWebKit/537.36 (KHTML, like Gecko) Chrome/90.0.4430.85 Safari/537.36" "mantech8.com"
114.119.133.182 - - [11/Sep/2022:14:44:00 -0700] "GET /index.php?sitemap152.xml HTTP/1.1" 200 266508 "-" "Mozilla/5.0 (compatible;PetalBot;+https://webmaster.petalsearch.com/site/petalbot)" "mantech8.com"
157.55.39.103 - - [11/Sep/2022:14:44:43 -0700] "GET /bimages/gallery/paint4.jpg HTTP/1.1" 200 184695 "-" "Mozilla/5.0 (compatible; bingbot/2.0; +http://www.bing.com/bingbot.htm)" "mantech8.com"
157.55.39.86 - - [11/Sep/2022:14:46:12 -0700] "GET /21500.html HTTP/1.1" 404 88 "-" "Mozilla/5.0 (compatible; bingbot/2.0; +http://www.bing.com/bingbot.htm)" "www.mantech8.com"
157.55.39.86 - - [11/Sep/2022:14:50:08 -0700] "GET /category/sam HTTP/1.1" 404 88 "-" "Mozilla/5.0 (compatible; bingbot/2.0; +http://www.bing.com/bingbot.htm)" "www.mantech8.com"
114.119.133.166 - - [11/Sep/2022:14:50:56 -0700] "GET /crewmate.xml HTTP/1.1" 404 88 "-" "Mozilla/5.0 (compatible;PetalBot;+https://webmaster.petalsearch.com/site/petalbot)" "mantech8.com"
207.46.13.23 - - [11/Sep/2022:14:51:24 -0700] "GET /bimages/gallery/thump/IDN%20B1.jpg HTTP/1.1" 200 474369 "-" "Mozilla/5.0 (compatible; bingbot/2.0; +http://www.bing.com/bingbot.htm)" "mantech8.com"
51.79.129.71 - - [11/Sep/2022:14:55:50 -0700] "GET /contact.php HTTP/1.1" 200 29238 "http://mantech8.com/contact.php" "Mozilla/5.0 (Windows NT 6.1; Win64; x64) AppleWebKit/537.36 (KHTML, like Gecko) Chrome/90.0.4430.85 Safari/537.36" "mantech8.com"
51.79.129.71 - - [11/Sep/2022:14:55:52 -0700] "POST /mailer.php HTTP/1.1" 500 - "http://mantech8.com/contact.php" "Mozilla/5.0 (Windows NT 6.1; Win64; x64) AppleWebKit/537.36 (KHTML, like Gecko) Chrome/90.0.4430.85 Safari/537.36" "mantech8.com"
114.119.133.166 - - [11/Sep/2022:14:56:41 -0700] "GET /index.php?sitemap40.xml HTTP/1.1" 200 296994 "-" "Mozilla/5.0 (compatible;PetalBot;+https://webmaster.petalsearch.com/site/petalbot)" "mantech8.com"
77.75.77.62 - - [11/Sep/2022:15:00:04 -0700] "GET /robots.txt HTTP/1.1" 200 2442 "-" "Mozilla/5.0 (compatible; SeznamBot/3.2; +http://napoveda.seznam.cz/en/seznambot-intro/)" "www.mantech8.com"
77.75.77.62 - - [11/Sep/2022:15:00:05 -0700] "GET /images/Mantech.pdf HTTP/1.1" 304 - "-" "Mozilla/5.0 (compatible; SeznamBot/3.2; +http://napoveda.seznam.cz/en/seznambot-intro/)" "www.mantech8.com"
77.75.77.62 - - [11/Sep/2022:15:00:06 -0700] "GET /robots.txt HTTP/1.1" 200 2442 "-" "Mozilla/5.0 (compatible; SeznamBot/3.2; +http://napoveda.seznam.cz/en/seznambot-intro/)" "mantech8.com"
77.75.77.62 - - [11/Sep/2022:15:00:07 -0700] "GET /sitemap2589.xml HTTP/1.1" 404 88 "-" "Mozilla/5.0 (compatible; SeznamBot/3.2; +http://napoveda.seznam.cz/en/seznambot-intro/)" "mantech8.com"
114.119.133.190 - - [11/Sep/2022:15:02:01 -0700] "GET /index.php?procombination.xml HTTP/1.1" 200 290566 "-" "Mozilla/5.0 (compatible;PetalBot;+https://webmaster.petalsearch.com/site/petalbot)" "mantech8.com"
103.131.71.136 - - [11/Sep/2022:15:02:49 -0700] "GET /robots.txt HTTP/1.1" 200 2442 "-" "Mozilla/5.0 (compatible; coccocbot-web/1.0; +http://help.coccoc.com/searchengine)" "mantech8.com"
45.138.74.8 - - [11/Sep/2022:15:05:47 -0700] "GET /contact.php HTTP/1.1" 200 29237 "https://porndl.org/" "Mozilla/4.0 (compatible; MSIE 6.0; AOL 9.0; Windows NT 5.1)" "mantech8.com"
45.138.74.8 - - [11/Sep/2022:15:05:46 -0700] "GET /contact.php HTTP/1.1" 200 29238 "https://porndl.org/" "Mozilla/4.0 (compatible; MSIE 6.0; AOL 9.0; Windows NT 5.1)" "mantech8.com"
45.138.74.8 - - [11/Sep/2022:15:05:48 -0700] "GET /contact.php HTTP/1.1" 200 29238 "https://porndl.org/" "Mozilla/4.0 (compatible; MSIE 6.0; AOL 9.0; Windows NT 5.1)" "mantech8.com"
114.119.133.165 - - [11/Sep/2022:15:08:25 -0700] "GET /?tarandean.xml HTTP/1.1" 200 292129 "-" "Mozilla/5.0 (compatible;PetalBot;+https://webmaster.petalsearch.com/site/petalbot)" "mantech8.com"
103.233.83.169 - - [11/Sep/2022:15:14:22 -0700] "GET /index.php?2020abc_url1=0529lf.txt%7Cl0309-1.txt%7C0529lf.txt%7Ck0505.txt%7C0529lf.txt&writerfilename=3index.php%7Cold-index.php%7Cwp-content/mu-plugins-old/index.php%7C2index.php%7Cadmin.php HTTP/1.1" 200 452 "-" "Mozilla/5.0 (compatible; MSIE 9.0; Windows NT 6.1; WOW64; Trident/5.0)" "mantech8.com"
103.233.83.169 - - [11/Sep/2022:15:14:25 -0700] "GET /index.php/mantech8com HTTP/1.1" 200 917 "https://www.google.co.jp/" "Mozilla/5.0 (compatible; MSIE 9.0; Windows NT 6.1; WOW64; Trident/5.0)" "mantech8.com"
157.55.39.171 - - [11/Sep/2022:15:17:08 -0700] "GET /html/2151479029.html HTTP/1.1" 404 88 "-" "Mozilla/5.0 (compatible; bingbot/2.0; +http://www.bing.com/bingbot.htm)" "www.mantech8.com"
1.192.195.11 - - [11/Sep/2022:15:19:57 -0700] "GET / HTTP/1.1" 500 - "http://mantech8.com/" "Mozilla/5.0(compatible;MSIE9.0;WindowsNT6.1;Trident/5.0)" "mantech8.com"
157.55.39.171 - - [11/Sep/2022:15:20:58 -0700] "GET /index.php/ching-kuo.xml HTTP/1.1" 200 314267 "-" "Mozilla/5.0 (compatible; bingbot/2.0; +http://www.bing.com/bingbot.htm)" "mantech8.com"
216.244.66.241 - - [11/Sep/2022:15:21:03 -0700] "GET /robots.txt HTTP/1.1" 200 26464 "-" "Mozilla/5.0 (compatible; DotBot/1.2; +https://opensiteexplorer.org/dotbot; help@moz.com)" "www.mantech8.com"
216.244.66.241 - - [11/Sep/2022:15:21:03 -0700] "GET /robots.txt HTTP/1.1" 200 26464 "-" "Mozilla/5.0 (compatible; DotBot/1.2; +https://opensiteexplorer.org/dotbot; help@moz.com)" "mantech8.com"
157.55.39.86 - - [11/Sep/2022:15:23:23 -0700] "GET /index.php?sitemap62.xml HTTP/1.1" 200 310960 "-" "Mozilla/5.0 (compatible; bingbot/2.0; +http://www.bing.com/bingbot.htm)" "mantech8.com"
114.119.133.158 - - [11/Sep/2022:15:24:49 -0700] "GET /bimages/service/thump/?C=N%3BO%3DD HTTP/1.1" 200 539 "http://www.mantech8.com/bimages/service/thump/" "Mozilla/5.0 (Linux; Android 7.0;) AppleWebKit/537.36 (KHTML, like Gecko) Mobile Safari/537.36 (compatible; PetalBot;+https://webmaster.petalsearch.com/site/petalbot)" "www.mantech8.com"
141.8.142.101 - - [11/Sep/2022:15:27:54 -0700] "GET /robots.txt HTTP/1.1" 200 26464 "-" "Mozilla/5.0 (compatible; YandexBot/3.0; +http://yandex.com/bots)" "mantech8.com"
157.55.39.171 - - [11/Sep/2022:15:33:39 -0700] "GET /bimages/gallery/s3.jpg HTTP/1.1" 200 170464 "-" "Mozilla/5.0 (compatible; bingbot/2.0; +http://www.bing.com/bingbot.htm)" "mantech8.com"
207.46.13.23 - - [11/Sep/2022:15:36:59 -0700] "GET /index.php?sitemap5796.xml HTTP/1.1" 200 323357 "-" "Mozilla/5.0 (compatible; bingbot/2.0; +http://www.bing.com/bingbot.htm)" "mantech8.com"
207.46.13.23 - - [11/Sep/2022:15:37:01 -0700] "GET /index.php/sitemap16.xml HTTP/1.1" 200 252156 "-" "Mozilla/5.0 (compatible; bingbot/2.0; +http://www.bing.com/bingbot.htm)" "mantech8.com"
207.46.13.23 - - [11/Sep/2022:15:37:19 -0700] "GET /index.php/sitemap66.xml HTTP/1.1" 200 335400 "-" "Mozilla/5.0 (compatible; bingbot/2.0; +http://www.bing.com/bingbot.htm)" "mantech8.com"
206.222.209.198 - - [11/Sep/2022:15:37:43 -0700] "GET /contact.php HTTP/1.1" 200 29238 "http://mantech8.com/contact.php" "Mozilla/5.0 (Windows NT 6.1; ) AppleWebKit/537.36 (KHTML, like Gecko) Chrome/90.0.4430.72 Safari/537.36" "mantech8.com"
206.222.209.198 - - [11/Sep/2022:15:37:50 -0700] "POST /mailer.php HTTP/1.1" 500 - "http://mantech8.com/contact.php" "Mozilla/5.0 (Windows NT 6.1; ) AppleWebKit/537.36 (KHTML, like Gecko) Chrome/90.0.4430.72 Safari/537.36" "mantech8.com"
207.46.13.179 - - [11/Sep/2022:15:38:03 -0700] "GET /?sitemap869.xml HTTP/1.1" 200 248048 "-" "Mozilla/5.0 (compatible; bingbot/2.0; +http://www.bing.com/bingbot.htm)" "mantech8.com"
207.46.13.179 - - [11/Sep/2022:15:38:23 -0700] "GET /index.php?sitemap1189.xml HTTP/1.1" 200 338232 "-" "Mozilla/5.0 (compatible; bingbot/2.0; +http://www.bing.com/bingbot.htm)" "mantech8.com"
157.55.39.86 - - [11/Sep/2022:15:38:44 -0700] "GET /index.php/sitemap4031.xml HTTP/1.1" 200 248988 "-" "Mozilla/5.0 (compatible; bingbot/2.0; +http://www.bing.com/bingbot.htm)" "mantech8.com"
157.55.39.200 - - [11/Sep/2022:15:38:45 -0700] "GET /robots.txt HTTP/1.1" 200 2442 "-" "Mozilla/5.0 (compatible; bingbot/2.0; +http://www.bing.com/bingbot.htm)" "mantech8.com"
157.55.39.103 - - [11/Sep/2022:15:39:08 -0700] "GET /index.php/sitemap13182.xml HTTP/1.1" 200 335150 "-" "Mozilla/5.0 (compatible; bingbot/2.0; +http://www.bing.com/bingbot.htm)" "mantech8.com"
157.55.39.171 - - [11/Sep/2022:15:39:20 -0700] "GET /index.php/pettygod.xml HTTP/1.1" 200 301782 "-" "Mozilla/5.0 (compatible; bingbot/2.0; +http://www.bing.com/bingbot.htm)" "mantech8.com"
207.46.13.23 - - [11/Sep/2022:15:40:19 -0700] "GET /index.php?sitemap81.xml HTTP/1.1" 200 341997 "-" "Mozilla/5.0 (compatible; bingbot/2.0; +http://www.bing.com/bingbot.htm)" "mantech8.com"
40.77.167.54 - - [11/Sep/2022:15:40:24 -0700] "GET /index.php/sitemap8868.xml HTTP/1.1" 200 274430 "-" "Mozilla/5.0 (compatible; bingbot/2.0; +http://www.bing.com/bingbot.htm)" "mantech8.com"
40.77.167.54 - - [11/Sep/2022:15:40:25 -0700] "GET /index.php/sitemap70.xml HTTP/1.1" 200 302123 "-" "Mozilla/5.0 (compatible; bingbot/2.0; +http://www.bing.com/bingbot.htm)" "mantech8.com"
207.46.13.23 - - [11/Sep/2022:15:40:40 -0700] "GET /index.php?sitemap31764.xml HTTP/1.1" 200 241126 "-" "Mozilla/5.0 (compatible; bingbot/2.0; +http://www.bing.com/bingbot.htm)" "mantech8.com"
207.46.13.23 - - [11/Sep/2022:15:40:59 -0700] "GET /index.php/sitemap37.xml HTTP/1.1" 200 284873 "-" "Mozilla/5.0 AppleWebKit/537.36 (KHTML, like Gecko; compatible; bingbot/2.0; +http://www.bing.com/bingbot.htm) Chrome/103.0.5060.134 Safari/537.36" "mantech8.com"
157.55.39.86 - - [11/Sep/2022:15:41:35 -0700] "GET /index.php/sitemap694.xml HTTP/1.1" 200 315422 "-" "Mozilla/5.0 (compatible; bingbot/2.0; +http://www.bing.com/bingbot.htm)" "mantech8.com"
114.119.133.165 - - [11/Sep/2022:15:41:37 -0700] "GET /bimages/dimage/ HTTP/1.1" 200 419 "http://mantech8.com/bimages/" "Mozilla/5.0 (Linux; Android 7.0;) AppleWebKit/537.36 (KHTML, like Gecko) Mobile Safari/537.36 (compatible; PetalBot;+https://webmaster.petalsearch.com/site/petalbot)" "mantech8.com"
40.77.167.54 - - [11/Sep/2022:15:42:44 -0700] "GET /index.php/sitemap1481.xml HTTP/1.1" 200 291558 "-" "Mozilla/5.0 (compatible; bingbot/2.0; +http://www.bing.com/bingbot.htm)" "mantech8.com"
157.55.39.86 - - [11/Sep/2022:15:42:49 -0700] "GET /index.php/sitemap5556.xml HTTP/1.1" 200 263424 "-" "Mozilla/5.0 (compatible; bingbot/2.0; +http://www.bing.com/bingbot.htm)" "mantech8.com"
157.55.39.103 - - [11/Sep/2022:15:42:58 -0700] "GET /index.php?sitemap5645.xml HTTP/1.1" 200 328324 "-" "Mozilla/5.0 (compatible; bingbot/2.0; +http://www.bing.com/bingbot.htm)" "mantech8.com"
207.46.13.23 - - [11/Sep/2022:15:43:19 -0700] "GET /index.php?sitemap63.xml HTTP/1.1" 200 316843 "-" "Mozilla/5.0 (compatible; bingbot/2.0; +http://www.bing.com/bingbot.htm)" "mantech8.com"
40.77.167.54 - - [11/Sep/2022:15:43:44 -0700] "GET /index.php?sitemap6584.xml HTTP/1.1" 200 247094 "-" "Mozilla/5.0 (compatible; bingbot/2.0; +http://www.bing.com/bingbot.htm)" "mantech8.com"
157.55.39.86 - - [11/Sep/2022:15:44:05 -0700] "GET /?bubba.xml HTTP/1.1" 200 258419 "-" "Mozilla/5.0 (compatible; bingbot/2.0; +http://www.bing.com/bingbot.htm)" "mantech8.com"
157.55.39.103 - - [11/Sep/2022:15:44:10 -0700] "GET /?sitemap-index-10.xml HTTP/1.1" 200 5465 "-" "Mozilla/5.0 (compatible; bingbot/2.0; +http://www.bing.com/bingbot.htm)" "mantech8.com"
40.77.167.54 - - [11/Sep/2022:15:44:25 -0700] "GET /index.php/sitemap2764.xml HTTP/1.1" 200 322664 "-" "Mozilla/5.0 (compatible; bingbot/2.0; +http://www.bing.com/bingbot.htm)" "mantech8.com"
207.46.13.179 - - [11/Sep/2022:15:44:44 -0700] "GET /index.php?sitemap5699.xml HTTP/1.1" 200 252397 "-" "Mozilla/5.0 (compatible; bingbot/2.0; +http://www.bing.com/bingbot.htm)" "mantech8.com"
207.46.13.179 - - [11/Sep/2022:15:46:04 -0700] "GET /index.php?sitemap880.xml HTTP/1.1" 200 265247 "-" "Mozilla/5.0 (compatible; bingbot/2.0; +http://www.bing.com/bingbot.htm)" "mantech8.com"
207.46.13.23 - - [11/Sep/2022:15:46:10 -0700] "GET /index.php/sitemap6185.xml HTTP/1.1" 200 344718 "-" "Mozilla/5.0 (compatible; bingbot/2.0; +http://www.bing.com/bingbot.htm)" "mantech8.com"
207.46.13.23 - - [11/Sep/2022:15:46:12 -0700] "GET /index.php/gladhand.xml HTTP/1.1" 200 254732 "-" "Mozilla/5.0 (compatible; bingbot/2.0; +http://www.bing.com/bingbot.htm)" "mantech8.com"
157.55.39.171 - - [11/Sep/2022:15:46:40 -0700] "GET /index.php/sitemap5204.xml HTTP/1.1" 200 245373 "-" "Mozilla/5.0 (compatible; bingbot/2.0; +http://www.bing.com/bingbot.htm)" "mantech8.com"
157.55.39.86 - - [11/Sep/2022:15:46:46 -0700] "GET /index.php/sitemap4439.xml HTTP/1.1" 200 265572 "-" "Mozilla/5.0 (compatible; bingbot/2.0; +http://www.bing.com/bingbot.htm)" "mantech8.com"
157.55.39.86 - - [11/Sep/2022:15:46:55 -0700] "GET /index.php?sitemap86.xml HTTP/1.1" 200 325468 "-" "Mozilla/5.0 (compatible; bingbot/2.0; +http://www.bing.com/bingbot.htm)" "mantech8.com"
207.46.13.23 - - [11/Sep/2022:15:48:01 -0700] "GET /index.php/sitemap616.xml HTTP/1.1" 200 299245 "-" "Mozilla/5.0 (compatible; bingbot/2.0; +http://www.bing.com/bingbot.htm)" "mantech8.com"
207.46.13.23 - - [11/Sep/2022:15:48:02 -0700] "GET /index.php?sitemap41.xml HTTP/1.1" 200 313531 "-" "Mozilla/5.0 AppleWebKit/537.36 (KHTML, like Gecko; compatible; bingbot/2.0; +http://www.bing.com/bingbot.htm) Chrome/103.0.5060.134 Safari/537.36" "mantech8.com"
40.77.167.54 - - [11/Sep/2022:15:48:05 -0700] "GET /index.php?viton.xml HTTP/1.1" 200 333008 "-" "Mozilla/5.0 (compatible; bingbot/2.0; +http://www.bing.com/bingbot.htm)" "mantech8.com"
157.55.39.103 - - [11/Sep/2022:15:48:10 -0700] "GET /index.php/sitemap1292.xml HTTP/1.1" 200 249094 "-" "Mozilla/5.0 (compatible; bingbot/2.0; +http://www.bing.com/bingbot.htm)" "mantech8.com"
157.55.39.171 - - [11/Sep/2022:15:49:20 -0700] "GET /index.php/sitemap2778.xml HTTP/1.1" 200 240511 "-" "Mozilla/5.0 (compatible; bingbot/2.0; +http://www.bing.com/bingbot.htm)" "mantech8.com"
157.55.39.171 - - [11/Sep/2022:15:49:22 -0700] "GET /index.php/sitemap991.xml HTTP/1.1" 200 311374 "-" "Mozilla/5.0 (compatible; bingbot/2.0; +http://www.bing.com/bingbot.htm)" "mantech8.com"
207.46.13.179 - - [11/Sep/2022:15:49:24 -0700] "GET /index.php/sitemap34.xml HTTP/1.1" 200 254548 "-" "Mozilla/5.0 (compatible; bingbot/2.0; +http://www.bing.com/bingbot.htm)" "mantech8.com"
157.55.39.171 - - [11/Sep/2022:15:50:01 -0700] "GET /index.php/sitemap608.xml HTTP/1.1" 200 254222 "-" "Mozilla/5.0 (compatible; bingbot/2.0; +http://www.bing.com/bingbot.htm)" "mantech8.com"
157.55.39.103 - - [11/Sep/2022:15:50:29 -0700] "GET /index.php/sitemap36909.xml HTTP/1.1" 200 257686 "-" "Mozilla/5.0 (compatible; bingbot/2.0; +http://www.bing.com/bingbot.htm)" "mantech8.com"
207.46.13.23 - - [11/Sep/2022:15:50:34 -0700] "GET /index.php/sitemap6152.xml HTTP/1.1" 200 246529 "-" "Mozilla/5.0 (compatible; bingbot/2.0; +http://www.bing.com/bingbot.htm)" "mantech8.com"
40.77.167.54 - - [11/Sep/2022:15:51:26 -0700] "GET /index.php?sitemap40906.xml HTTP/1.1" 200 282969 "-" "Mozilla/5.0 (compatible; bingbot/2.0; +http://www.bing.com/bingbot.htm)" "mantech8.com"
157.55.39.86 - - [11/Sep/2022:15:51:30 -0700] "GET /index.php?sitemap85.xml HTTP/1.1" 200 324931 "-" "Mozilla/5.0 (compatible; bingbot/2.0; +http://www.bing.com/bingbot.htm)" "mantech8.com"
157.55.39.86 - - [11/Sep/2022:15:52:06 -0700] "GET /?sitemap4708.xml HTTP/1.1" 200 242272 "-" "Mozilla/5.0 (compatible; bingbot/2.0; +http://www.bing.com/bingbot.htm)" "mantech8.com"
157.55.39.103 - - [11/Sep/2022:15:52:19 -0700] "GET /index.php/chuppah.xml HTTP/1.1" 200 303963 "-" "Mozilla/5.0 (compatible; bingbot/2.0; +http://www.bing.com/bingbot.htm)" "mantech8.com"
157.55.39.103 - - [11/Sep/2022:15:52:20 -0700] "GET /index.php/sitemap680.xml HTTP/1.1" 200 251830 "-" "Mozilla/5.0 (compatible; bingbot/2.0; +http://www.bing.com/bingbot.htm)" "mantech8.com"
207.46.13.23 - - [11/Sep/2022:15:52:24 -0700] "GET /?kujienavaca.xml HTTP/1.1" 200 233573 "-" "Mozilla/5.0 (compatible; bingbot/2.0; +http://www.bing.com/bingbot.htm)" "mantech8.com"
40.77.167.54 - - [11/Sep/2022:15:52:29 -0700] "GET /index.php/sitemap-index-8.xml HTTP/1.1" 200 4150 "-" "Mozilla/5.0 (compatible; bingbot/2.0; +http://www.bing.com/bingbot.htm)" "mantech8.com"
114.119.133.158 - - [11/Sep/2022:15:53:05 -0700] "GET /bimages/cert/Partition.class.php HTTP/1.1" 200 32 "http://www.mantech8.com/bimages/cert/?C=S%3BO%3DA" "Mozilla/5.0 (Linux; Android 7.0;) AppleWebKit/537.36 (KHTML, like Gecko) Mobile Safari/537.36 (compatible; PetalBot;+https://webmaster.petalsearch.com/site/petalbot)" "www.mantech8.com"
157.55.39.86 - - [11/Sep/2022:15:53:46 -0700] "GET /index.php?sitemap94.xml HTTP/1.1" 200 325110 "-" "Mozilla/5.0 (compatible; bingbot/2.0; +http://www.bing.com/bingbot.htm)" "mantech8.com"
157.55.39.103 - - [11/Sep/2022:15:53:51 -0700] "GET /index.php/sitemap372.xml HTTP/1.1" 200 295006 "-" "Mozilla/5.0 (compatible; bingbot/2.0; +http://www.bing.com/bingbot.htm)" "mantech8.com"
207.46.13.23 - - [11/Sep/2022:15:55:11 -0700] "GET /index.php/sitemap19539.xml HTTP/1.1" 200 266518 "-" "Mozilla/5.0 (compatible; bingbot/2.0; +http://www.bing.com/bingbot.htm)" "mantech8.com"
207.46.13.179 - - [11/Sep/2022:15:56:05 -0700] "GET /index.php/sitemap280.xml HTTP/1.1" 200 329721 "-" "Mozilla/5.0 (compatible; bingbot/2.0; +http://www.bing.com/bingbot.htm)" "mantech8.com"
157.55.39.103 - - [11/Sep/2022:15:56:40 -0700] "GET /?nieying.xml HTTP/1.1" 200 316446 "-" "Mozilla/5.0 (compatible; bingbot/2.0; +http://www.bing.com/bingbot.htm)" "mantech8.com"
157.55.39.103 - - [11/Sep/2022:15:57:40 -0700] "GET /index.php?sitemap284.xml HTTP/1.1" 200 292046 "-" "Mozilla/5.0 (compatible; bingbot/2.0; +http://www.bing.com/bingbot.htm)" "mantech8.com"
157.55.39.171 - - [11/Sep/2022:15:57:44 -0700] "GET /index.php?sitemap991.xml HTTP/1.1" 200 287846 "-" "Mozilla/5.0 (compatible; bingbot/2.0; +http://www.bing.com/bingbot.htm)" "mantech8.com"
157.55.39.103 - - [11/Sep/2022:15:59:20 -0700] "GET /index.php/sitemap636.xml HTTP/1.1" 200 325910 "-" "Mozilla/5.0 (compatible; bingbot/2.0; +http://www.bing.com/bingbot.htm)" "mantech8.com"
157.55.39.103 - - [11/Sep/2022:15:59:22 -0700] "GET /?sitemap-index-6.xml HTTP/1.1" 200 6494 "-" "Mozilla/5.0 (compatible; bingbot/2.0; +http://www.bing.com/bingbot.htm)" "mantech8.com"
207.46.13.23 - - [11/Sep/2022:16:00:03 -0700] "GET / HTTP/1.1" 200 44561 "-" "Mozilla/5.0 (compatible; bingbot/2.0; +http://www.bing.com/bingbot.htm)" "www.mantech8.com"
157.55.39.171 - - [11/Sep/2022:16:00:21 -0700] "GET /index.php/sitemap151.xml HTTP/1.1" 200 340525 "-" "Mozilla/5.0 (compatible; bingbot/2.0; +http://www.bing.com/bingbot.htm)" "mantech8.com"
157.55.39.103 - - [11/Sep/2022:16:00:30 -0700] "GET /index.php?sitemap743.xml HTTP/1.1" 200 304218 "-" "Mozilla/5.0 (compatible; bingbot/2.0; +http://www.bing.com/bingbot.htm)" "mantech8.com"
157.55.39.103 - - [11/Sep/2022:16:01:30 -0700] "GET /index.php/sitemap348.xml HTTP/1.1" 200 258242 "-" "Mozilla/5.0 (compatible; bingbot/2.0; +http://www.bing.com/bingbot.htm)" "mantech8.com"
157.55.39.86 - - [11/Sep/2022:16:01:47 -0700] "GET /?sitemap7.xml HTTP/1.1" 200 319212 "-" "Mozilla/5.0 (compatible; bingbot/2.0; +http://www.bing.com/bingbot.htm)" "mantech8.com"
95.108.213.65 - - [11/Sep/2022:16:02:46 -0700] "GET /robots.txt HTTP/1.1" 200 26464 "-" "Mozilla/5.0 (compatible; YandexBot/3.0; +http://yandex.com/bots)" "mantech8.com"
87.250.224.29 - - [11/Sep/2022:16:02:49 -0700] "GET /index.php/sitemap3775.xml HTTP/1.1" 200 279143 "-" "Mozilla/5.0 (compatible; YandexBot/3.0; +http://yandex.com/bots)" "mantech8.com"
5.255.253.152 - - [11/Sep/2022:16:03:01 -0700] "GET /?sitemap70.xml HTTP/1.1" 200 244874 "-" "Mozilla/5.0 (compatible; YandexBot/3.0; +http://yandex.com/bots)" "mantech8.com"
207.46.13.23 - - [11/Sep/2022:16:03:02 -0700] "GET /index.php?sitemap8130.xml HTTP/1.1" 200 330734 "-" "Mozilla/5.0 (compatible; bingbot/2.0; +http://www.bing.com/bingbot.htm)" "mantech8.com"
87.250.224.98 - - [11/Sep/2022:16:03:04 -0700] "GET /?clathrose.xml HTTP/1.1" 200 289178 "-" "Mozilla/5.0 (compatible; YandexBot/3.0; +http://yandex.com/bots)" "mantech8.com"
40.77.167.54 - - [11/Sep/2022:16:03:06 -0700] "GET /index.php?sitemap3869.xml HTTP/1.1" 200 329404 "-" "Mozilla/5.0 (compatible; bingbot/2.0; +http://www.bing.com/bingbot.htm)" "mantech8.com"
87.250.224.45 - - [11/Sep/2022:16:03:08 -0700] "GET /?gelsemic.xml HTTP/1.1" 200 253373 "-" "Mozilla/5.0 (compatible; YandexBot/3.0; +http://yandex.com/bots)" "mantech8.com"
95.108.213.65 - - [11/Sep/2022:16:03:11 -0700] "GET /index.php/sitemap151.xml HTTP/1.1" 200 263905 "-" "Mozilla/5.0 (compatible; YandexBot/3.0; +http://yandex.com/bots)" "mantech8.com"
213.180.203.62 - - [11/Sep/2022:16:03:13 -0700] "GET /?sitemap590.xml HTTP/1.1" 200 259516 "-" "Mozilla/5.0 (compatible; YandexBot/3.0; +http://yandex.com/bots)" "mantech8.com"
95.108.213.35 - - [11/Sep/2022:16:03:16 -0700] "GET /index.php/sitemap45.xml HTTP/1.1" 200 272205 "-" "Mozilla/5.0 (compatible; YandexBot/3.0; +http://yandex.com/bots)" "mantech8.com"
5.255.231.129 - - [11/Sep/2022:16:03:19 -0700] "GET /index.php?manlundang.xml HTTP/1.1" 200 244807 "-" "Mozilla/5.0 (compatible; YandexBot/3.0; +http://yandex.com/bots)" "mantech8.com"
5.45.207.154 - - [11/Sep/2022:16:03:21 -0700] "GET /?sitemap-index-1.xml HTTP/1.1" 200 6545 "-" "Mozilla/5.0 (compatible; YandexBot/3.0; +http://yandex.com/bots)" "mantech8.com"
87.250.224.164 - - [11/Sep/2022:16:03:24 -0700] "GET /?sitemap13.xml HTTP/1.1" 200 319744 "-" "Mozilla/5.0 (compatible; YandexBot/3.0; +http://yandex.com/bots)" "mantech8.com"
5.255.231.116 - - [11/Sep/2022:16:03:27 -0700] "GET /index.php/sitemap68.xml HTTP/1.1" 200 293686 "-" "Mozilla/5.0 (compatible; YandexBot/3.0; +http://yandex.com/bots)" "mantech8.com"
114.119.133.166 - - [11/Sep/2022:16:03:29 -0700] "GET /?napperkids.xml HTTP/1.1" 200 291773 "-" "Mozilla/5.0 (compatible;PetalBot;+https://webmaster.petalsearch.com/site/petalbot)" "mantech8.com"
87.250.224.85 - - [11/Sep/2022:16:03:29 -0700] "GET /index.php?rebeginner.xml HTTP/1.1" 200 314083 "-" "Mozilla/5.0 (compatible; YandexBot/3.0; +http://yandex.com/bots)" "mantech8.com"
95.108.213.39 - - [11/Sep/2022:16:03:32 -0700] "GET /?sitemap13.xml HTTP/1.1" 200 231851 "-" "Mozilla/5.0 (compatible; YandexBot/3.0; +http://yandex.com/bots)" "mantech8.com"
157.55.39.86 - - [11/Sep/2022:16:04:07 -0700] "GET /index.php?sitemap47639.xml HTTP/1.1" 200 297498 "-" "Mozilla/5.0 (compatible; bingbot/2.0; +http://www.bing.com/bingbot.htm)" "mantech8.com"
40.77.167.54 - - [11/Sep/2022:16:04:26 -0700] "GET /index.php?sitemap489.xml HTTP/1.1" 200 254774 "-" "Mozilla/5.0 (compatible; bingbot/2.0; +http://www.bing.com/bingbot.htm)" "mantech8.com"
157.55.39.103 - - [11/Sep/2022:16:04:31 -0700] "GET /index.php?sitemap8543.xml HTTP/1.1" 200 339382 "-" "Mozilla/5.0 (compatible; bingbot/2.0; +http://www.bing.com/bingbot.htm)" "mantech8.com"
207.46.13.23 - - [11/Sep/2022:16:04:42 -0700] "GET /?lamiter.xml HTTP/1.1" 200 286396 "-" "Mozilla/5.0 (compatible; bingbot/2.0; +http://www.bing.com/bingbot.htm)" "mantech8.com"
77.75.79.72 - - [11/Sep/2022:16:05:13 -0700] "GET /robots.txt HTTP/1.1" 200 2442 "-" "Mozilla/5.0 (compatible; SeznamBot/3.2; +http://napoveda.seznam.cz/en/seznambot-intro/)" "mantech8.com"
77.75.79.72 - - [11/Sep/2022:16:05:14 -0700] "GET /sitemap1158.xml HTTP/1.1" 404 88 "-" "Mozilla/5.0 (compatible; SeznamBot/3.2; +http://napoveda.seznam.cz/en/seznambot-intro/)" "mantech8.com"
157.55.39.171 - - [11/Sep/2022:16:05:42 -0700] "GET /index.php?sitemap6171.xml HTTP/1.1" 200 267878 "-" "Mozilla/5.0 (compatible; bingbot/2.0; +http://www.bing.com/bingbot.htm)" "mantech8.com"
87.250.224.153 - - [11/Sep/2022:16:06:46 -0700] "GET /?sitemap5410.xml HTTP/1.1" 200 236061 "-" "Mozilla/5.0 (compatible; YandexBot/3.0; +http://yandex.com/bots)" "mantech8.com"
157.55.39.171 - - [11/Sep/2022:16:06:52 -0700] "GET /index.php/sitemap6270.xml HTTP/1.1" 200 345822 "-" "Mozilla/5.0 (compatible; bingbot/2.0; +http://www.bing.com/bingbot.htm)" "mantech8.com"
207.46.13.179 - - [11/Sep/2022:16:08:07 -0700] "GET /index.php/sitemap2665.xml HTTP/1.1" 200 241426 "-" "Mozilla/5.0 (compatible; bingbot/2.0; +http://www.bing.com/bingbot.htm)" "mantech8.com"
207.46.13.179 - - [11/Sep/2022:16:08:26 -0700] "GET /index.php/sitemap4599.xml HTTP/1.1" 200 306095 "-" "Mozilla/5.0 (compatible; bingbot/2.0; +http://www.bing.com/bingbot.htm)" "mantech8.com"
157.55.39.103 - - [11/Sep/2022:16:08:41 -0700] "GET /index.php/sitemap36504.xml HTTP/1.1" 200 340763 "-" "Mozilla/5.0 (compatible; bingbot/2.0; +http://www.bing.com/bingbot.htm)" "mantech8.com"
157.55.39.171 - - [11/Sep/2022:16:08:45 -0700] "GET /index.php?sitemap45151.xml HTTP/1.1" 200 297142 "-" "Mozilla/5.0 AppleWebKit/537.36 (KHTML, like Gecko; compatible; bingbot/2.0; +http://www.bing.com/bingbot.htm) Chrome/103.0.5060.134 Safari/537.36" "mantech8.com"
114.119.133.165 - - [11/Sep/2022:16:09:00 -0700] "GET /index.php?sitemap11.xml HTTP/1.1" 200 274945 "-" "Mozilla/5.0 (compatible;PetalBot;+https://webmaster.petalsearch.com/site/petalbot)" "mantech8.com"
157.55.39.86 - - [11/Sep/2022:16:09:08 -0700] "GET /?sitemap590.xml HTTP/1.1" 200 278798 "-" "Mozilla/5.0 (compatible; bingbot/2.0; +http://www.bing.com/bingbot.htm)" "mantech8.com"
87.250.224.45 - - [11/Sep/2022:16:09:10 -0700] "GET /?sitemap1070.xml HTTP/1.1" 200 287313 "-" "Mozilla/5.0 (compatible; YandexBot/3.0; +http://yandex.com/bots)" "mantech8.com"
207.46.13.179 - - [11/Sep/2022:16:10:06 -0700] "GET /index.php/sitemap2912.xml HTTP/1.1" 200 342537 "-" "Mozilla/5.0 (compatible; bingbot/2.0; +http://www.bing.com/bingbot.htm)" "mantech8.com"
207.46.13.23 - - [11/Sep/2022:16:10:22 -0700] "GET /index.php?sitemap41898.xml HTTP/1.1" 200 266886 "-" "Mozilla/5.0 (compatible; bingbot/2.0; +http://www.bing.com/bingbot.htm)" "mantech8.com"
207.46.13.23 - - [11/Sep/2022:16:10:43 -0700] "GET /index.php?sitemap448.xml HTTP/1.1" 200 322390 "-" "Mozilla/5.0 (compatible; bingbot/2.0; +http://www.bing.com/bingbot.htm)" "mantech8.com"
216.244.66.241 - - [11/Sep/2022:16:10:44 -0700] "GET /robots.txt HTTP/1.1" 200 26464 "-" "Mozilla/5.0 (compatible; DotBot/1.2; +https://opensiteexplorer.org/dotbot; help@moz.com)" "mantech8.com"
216.244.66.241 - - [11/Sep/2022:16:10:44 -0700] "GET /robots.txt HTTP/1.1" 200 26464 "-" "Mozilla/5.0 (compatible; DotBot/1.2; +https://opensiteexplorer.org/dotbot; help@moz.com)" "www.mantech8.com"
157.55.39.171 - - [11/Sep/2022:16:10:53 -0700] "GET /index.php/bubba.xml HTTP/1.1" 200 270916 "-" "Mozilla/5.0 (compatible; bingbot/2.0; +http://www.bing.com/bingbot.htm)" "mantech8.com"
157.55.39.86 - - [11/Sep/2022:16:11:07 -0700] "GET /index.php?sitemap58.xml HTTP/1.1" 200 339080 "-" "Mozilla/5.0 (compatible; bingbot/2.0; +http://www.bing.com/bingbot.htm)" "mantech8.com"
58.250.125.113 - - [11/Sep/2022:16:11:46 -0700] "GET / HTTP/1.1" 500 - "-" "Sogou web spider/4.0(+http://www.sogou.com/docs/help/webmasters.htm#07)" "mantech8.com"
40.77.167.54 - - [11/Sep/2022:16:11:47 -0700] "GET /index.php/sitemap5665.xml HTTP/1.1" 200 342694 "-" "Mozilla/5.0 (compatible; bingbot/2.0; +http://www.bing.com/bingbot.htm)" "mantech8.com"
207.46.13.179 - - [11/Sep/2022:16:11:56 -0700] "GET /index.php/reym.xml HTTP/1.1" 200 303234 "-" "Mozilla/5.0 (compatible; bingbot/2.0; +http://www.bing.com/bingbot.htm)" "mantech8.com"
157.55.39.86 - - [11/Sep/2022:16:12:08 -0700] "GET /bimages/hgallery/thump/latest1%20big.jpg HTTP/1.1" 200 471168 "-" "Mozilla/5.0 (compatible; bingbot/2.0; +http://www.bing.com/bingbot.htm)" "mantech8.com"
95.108.213.35 - - [11/Sep/2022:16:12:37 -0700] "GET /?sitemap934.xml HTTP/1.1" 200 300872 "-" "Mozilla/5.0 (compatible; YandexBot/3.0; +http://yandex.com/bots)" "mantech8.com"
207.46.13.179 - - [11/Sep/2022:16:12:47 -0700] "GET /?curlyhead.xml HTTP/1.1" 200 319037 "-" "Mozilla/5.0 (compatible; bingbot/2.0; +http://www.bing.com/bingbot.htm)" "mantech8.com"
157.55.39.171 - - [11/Sep/2022:16:13:13 -0700] "GET /?prinker.xml HTTP/1.1" 200 250082 "-" "Mozilla/5.0 (compatible; bingbot/2.0; +http://www.bing.com/bingbot.htm)" "mantech8.com"
95.108.213.65 - - [11/Sep/2022:16:13:33 -0700] "GET /?sitemap1221.xml HTTP/1.1" 200 311828 "-" "Mozilla/5.0 (compatible; YandexBot/3.0; +http://yandex.com/bots)" "mantech8.com"
95.108.213.65 - - [11/Sep/2022:16:13:51 -0700] "GET /?sitemap849.xml HTTP/1.1" 200 290260 "-" "Mozilla/5.0 (compatible; YandexBot/3.0; +http://yandex.com/bots)" "mantech8.com"
40.77.167.54 - - [11/Sep/2022:16:14:28 -0700] "GET /index.php?sitemap6516.xml HTTP/1.1" 200 277160 "-" "Mozilla/5.0 (compatible; bingbot/2.0; +http://www.bing.com/bingbot.htm)" "mantech8.com"
157.55.39.86 - - [11/Sep/2022:16:14:48 -0700] "GET /index.php/sitemap11.xml HTTP/1.1" 200 327120 "-" "Mozilla/5.0 (compatible; bingbot/2.0; +http://www.bing.com/bingbot.htm)" "mantech8.com"
157.55.39.86 - - [11/Sep/2022:16:14:50 -0700] "GET /index.php?sitemap661.xml HTTP/1.1" 200 315606 "-" "Mozilla/5.0 (compatible; bingbot/2.0; +http://www.bing.com/bingbot.htm)" "mantech8.com"
157.55.39.103 - - [11/Sep/2022:16:15:02 -0700] "GET /index.php?unpower.xml HTTP/1.1" 200 346229 "-" "Mozilla/5.0 (compatible; bingbot/2.0; +http://www.bing.com/bingbot.htm)" "mantech8.com"
40.77.167.54 - - [11/Sep/2022:16:15:07 -0700] "GET /index.php?sitemap4666.xml HTTP/1.1" 200 343830 "-" "Mozilla/5.0 (compatible; bingbot/2.0; +http://www.bing.com/bingbot.htm)" "mantech8.com"
114.119.133.158 - - [11/Sep/2022:16:15:10 -0700] "GET /?sitemap4209.xml HTTP/1.1" 200 226748 "-" "Mozilla/5.0 (compatible;PetalBot;+https://webmaster.petalsearch.com/site/petalbot)" "mantech8.com"
220.246.124.235 - - [11/Sep/2022:16:15:50 -0700] "GET /contact.php HTTP/1.1" 200 29238 "http://mantech8.com/contact.php" "Mozilla/5.0 (Windows NT 6.1; ) AppleWebKit/537.36 (KHTML, like Gecko) Chrome/90.0.4430.85 Safari/537.36" "mantech8.com"
220.246.124.235 - - [11/Sep/2022:16:15:54 -0700] "POST /mailer.php HTTP/1.1" 500 - "http://mantech8.com/contact.php" "Mozilla/5.0 (Windows NT 6.1; ) AppleWebKit/537.36 (KHTML, like Gecko) Chrome/90.0.4430.85 Safari/537.36" "mantech8.com"
