207.46.13.179 - - [11/Sep/2022:07:00:39 -0700] "GET /index.php/steaded.xml HTTP/1.1" 200 247757 "-" "Mozilla/5.0 (compatible; bingbot/2.0; +http://www.bing.com/bingbot.htm)" "mantech8.com"
157.55.39.103 - - [11/Sep/2022:07:01:29 -0700] "GET /?gladhand.xml HTTP/1.1" 200 262247 "-" "Mozilla/5.0 (compatible; bingbot/2.0; +http://www.bing.com/bingbot.htm)" "mantech8.com"
114.119.133.182 - - [11/Sep/2022:07:01:56 -0700] "GET /index.php/gladhand.xml HTTP/1.1" 200 344757 "-" "Mozilla/5.0 (Linux; Android 7.0;) AppleWebKit/537.36 (KHTML, like Gecko) Mobile Safari/537.36 (compatible; PetalBot;+https://webmaster.petalsearch.com/site/petalbot)" "mantech8.com"
157.55.39.103 - - [11/Sep/2022:07:02:49 -0700] "GET /index.php?megatheroid.xml HTTP/1.1" 200 334480 "-" "Mozilla/5.0 (compatible; bingbot/2.0; +http://www.bing.com/bingbot.htm)" "mantech8.com"
207.46.13.179 - - [11/Sep/2022:07:06:14 -0700] "GET /index.php/sitemap854.xml HTTP/1.1" 200 240997 "-" "Mozilla/5.0 (compatible; bingbot/2.0; +http://www.bing.com/bingbot.htm)" "mantech8.com"
114.119.133.182 - - [11/Sep/2022:07:07:10 -0700] "GET /bimages/hgallery/thump/?C=M%3BO%3DA HTTP/1.1" 200 506 "http://mantech8.com/bimages/hgallery/thump/?C=N%3BO%3DD" "Mozilla/5.0 (Linux; Android 7.0;) AppleWebKit/537.36 (KHTML, like Gecko) Mobile Safari/537.36 (compatible; PetalBot;+https://webmaster.petalsearch.com/site/petalbot)" "mantech8.com"
157.55.39.103 - - [11/Sep/2022:07:07:59 -0700] "GET /index.php/sitemap3209.xml HTTP/1.1" 200 319391 "-" "Mozilla/5.0 (compatible; bingbot/2.0; +http://www.bing.com/bingbot.htm)" "mantech8.com"
207.46.13.179 - - [11/Sep/2022:07:08:55 -0700] "GET /?sitemap-index-4.xml HTTP/1.1" 200 4585 "-" "Mozilla/5.0 (compatible; bingbot/2.0; +http://www.bing.com/bingbot.htm)" "mantech8.com"
157.55.39.171 - - [11/Sep/2022:07:09:40 -0700] "GET /?sitemap9579.xml HTTP/1.1" 200 233768 "-" "Mozilla/5.0 (compatible; bingbot/2.0; +http://www.bing.com/bingbot.htm)" "mantech8.com"
40.77.167.54 - - [11/Sep/2022:07:10:36 -0700] "GET /index.php?exorcise.xml HTTP/1.1" 200 246099 "-" "Mozilla/5.0 (compatible; bingbot/2.0; +http://www.bing.com/bingbot.htm)" "mantech8.com"
40.77.167.54 - - [11/Sep/2022:07:10:46 -0700] "GET /index.php/exorcise.xml HTTP/1.1" 200 315371 "-" "Mozilla/5.0 (compatible; bingbot/2.0; +http://www.bing.com/bingbot.htm)" "mantech8.com"
114.119.133.158 - - [11/Sep/2022:07:12:23 -0700] "GET /?sitemap8.xml HTTP/1.1" 200 295082 "-" "Mozilla/5.0 (compatible;PetalBot;+https://webmaster.petalsearch.com/site/petalbot)" "mantech8.com"
157.55.39.103 - - [11/Sep/2022:07:13:20 -0700] "GET /index.php/sitemap7655.xml HTTP/1.1" 200 244412 "-" "Mozilla/5.0 (compatible; bingbot/2.0; +http://www.bing.com/bingbot.htm)" "mantech8.com"
157.55.39.86 - - [11/Sep/2022:07:16:14 -0700] "GET /index.php?clathrose.xml HTTP/1.1" 200 253820 "-" "Mozilla/5.0 (compatible; bingbot/2.0; +http://www.bing.com/bingbot.htm)" "mantech8.com"
157.55.39.86 - - [11/Sep/2022:07:16:32 -0700] "GET /index.php?sitemap12658.xml HTTP/1.1" 200 342694 "-" "Mozilla/5.0 (compatible; bingbot/2.0; +http://www.bing.com/bingbot.htm)" "mantech8.com"
35.207.200.137 - - [11/Sep/2022:07:17:36 -0700] "GET / HTTP/1.1" 500 - "-" "Mozilla/5.0 (Windows NT 10.0; Win64; x64) AppleWebKit/537.36 (KHTML, like Gecko; compatible; BW/1.1; bit.ly/2W6Px8S; 8a637ed95d) Chrome/84.0.4147.105 Safari/537.36" "mantech8.com"
35.207.200.137 - - [11/Sep/2022:07:17:37 -0700] "GET / HTTP/1.1" 500 - "-" "Mozilla/5.0 (Windows NT 10.0; Win64; x64) AppleWebKit/537.36 (KHTML, like Gecko; compatible; BW/1.1; bit.ly/2W6Px8S; 8a637ed95d) Chrome/84.0.4147.105 Safari/537.36" "www.mantech8.com"
114.119.133.182 - - [11/Sep/2022:07:17:37 -0700] "GET /index.php?sitemap-index-9.xml HTTP/1.1" 200 6196 "-" "Mozilla/5.0 (compatible;PetalBot;+https://webmaster.petalsearch.com/site/petalbot)" "mantech8.com"
157.55.39.86 - - [11/Sep/2022:07:19:33 -0700] "GET /index.php/psammo.xml HTTP/1.1" 200 243167 "-" "Mozilla/5.0 (compatible; bingbot/2.0; +http://www.bing.com/bingbot.htm)" "mantech8.com"
157.55.39.103 - - [11/Sep/2022:07:19:50 -0700] "GET /index.php?sitemap18.xml HTTP/1.1" 200 308579 "-" "Mozilla/5.0 (compatible; bingbot/2.0; +http://www.bing.com/bingbot.htm)" "mantech8.com"
114.119.133.182 - - [11/Sep/2022:07:22:54 -0700] "GET /?sitemap-index-10.xml HTTP/1.1" 200 3840 "-" "Mozilla/5.0 (compatible;PetalBot;+https://webmaster.petalsearch.com/site/petalbot)" "mantech8.com"
207.46.13.23 - - [11/Sep/2022:07:23:31 -0700] "GET /index.php?sitemap41663.xml HTTP/1.1" 200 297670 "-" "Mozilla/5.0 (compatible; bingbot/2.0; +http://www.bing.com/bingbot.htm)" "mantech8.com"
207.46.13.179 - - [11/Sep/2022:07:25:16 -0700] "GET /index.php?sitemap2.xml HTTP/1.1" 200 254916 "-" "Mozilla/5.0 (compatible; bingbot/2.0; +http://www.bing.com/bingbot.htm)" "mantech8.com"
207.46.13.23 - - [11/Sep/2022:07:25:41 -0700] "GET /bimages/gallery/thump/bn3.jpg HTTP/1.1" 200 390367 "-" "Mozilla/5.0 (compatible; bingbot/2.0; +http://www.bing.com/bingbot.htm)" "mantech8.com"
157.55.39.171 - - [11/Sep/2022:07:25:45 -0700] "GET /index.php?sitemap892.xml HTTP/1.1" 200 246328 "-" "Mozilla/5.0 (compatible; bingbot/2.0; +http://www.bing.com/bingbot.htm)" "mantech8.com"
207.46.13.179 - - [11/Sep/2022:07:26:17 -0700] "GET /index.php?sitemap404.xml HTTP/1.1" 200 243731 "-" "Mozilla/5.0 (compatible; bingbot/2.0; +http://www.bing.com/bingbot.htm)" "mantech8.com"
207.46.13.23 - - [11/Sep/2022:07:26:51 -0700] "GET /index.php/fine-tune.xml HTTP/1.1" 200 310587 "-" "Mozilla/5.0 (compatible; bingbot/2.0; +http://www.bing.com/bingbot.htm)" "mantech8.com"
141.8.142.101 - - [11/Sep/2022:07:28:01 -0700] "GET /robots.txt HTTP/1.1" 200 26464 "-" "Mozilla/5.0 (compatible; YandexBot/3.0; +http://yandex.com/bots)" "mantech8.com"
114.119.133.165 - - [11/Sep/2022:07:28:07 -0700] "GET /index.php?sitemap-index-2.xml HTTP/1.1" 200 5093 "-" "Mozilla/5.0 (compatible;PetalBot;+https://webmaster.petalsearch.com/site/petalbot)" "mantech8.com"
157.55.39.171 - - [11/Sep/2022:07:29:33 -0700] "GET /?sitemap15155.xml HTTP/1.1" 200 247862 "-" "Mozilla/5.0 (compatible; bingbot/2.0; +http://www.bing.com/bingbot.htm)" "mantech8.com"
207.46.13.179 - - [11/Sep/2022:07:30:37 -0700] "GET /?sitemap9119.xml HTTP/1.1" 200 293624 "-" "Mozilla/5.0 (compatible; bingbot/2.0; +http://www.bing.com/bingbot.htm)" "mantech8.com"
40.77.167.54 - - [11/Sep/2022:07:30:48 -0700] "GET /index.php/gelsemic.xml HTTP/1.1" 200 269977 "-" "Mozilla/5.0 (compatible; bingbot/2.0; +http://www.bing.com/bingbot.htm)" "mantech8.com"
157.55.39.171 - - [11/Sep/2022:07:31:13 -0700] "GET /bimages/gallery/thump/sb10.jpg HTTP/1.1" 200 119391 "-" "Mozilla/5.0 (compatible; bingbot/2.0; +http://www.bing.com/bingbot.htm)" "mantech8.com"
157.55.39.171 - - [11/Sep/2022:07:31:13 -0700] "GET /index.php/dejerator.xml HTTP/1.1" 200 267612 "-" "Mozilla/5.0 (compatible; bingbot/2.0; +http://www.bing.com/bingbot.htm)" "mantech8.com"
157.55.39.171 - - [11/Sep/2022:07:32:13 -0700] "GET /?sitemap40698.xml HTTP/1.1" 200 290567 "-" "Mozilla/5.0 (compatible; bingbot/2.0; +http://www.bing.com/bingbot.htm)" "mantech8.com"
157.55.39.86 - - [11/Sep/2022:07:33:34 -0700] "GET /index.php/sitemap18.xml HTTP/1.1" 200 241511 "-" "Mozilla/5.0 (compatible; bingbot/2.0; +http://www.bing.com/bingbot.htm)" "mantech8.com"
157.55.39.171 - - [11/Sep/2022:07:36:14 -0700] "GET /index.php/paindeparis/ HTTP/1.1" 200 47491 "-" "Mozilla/5.0 (compatible; bingbot/2.0; +http://www.bing.com/bingbot.htm)" "mantech8.com"
157.55.39.171 - - [11/Sep/2022:07:36:33 -0700] "GET /index.php/ching-kuo.xml HTTP/1.1" 200 282121 "-" "Mozilla/5.0 (compatible; bingbot/2.0; +http://www.bing.com/bingbot.htm)" "mantech8.com"
207.46.13.179 - - [11/Sep/2022:07:37:08 -0700] "GET /index.php/sitemap1457.xml HTTP/1.1" 200 262884 "-" "Mozilla/5.0 (compatible; bingbot/2.0; +http://www.bing.com/bingbot.htm)" "mantech8.com"
207.46.13.23 - - [11/Sep/2022:07:37:32 -0700] "GET /index.php?limunu.xml HTTP/1.1" 200 285247 "-" "Mozilla/5.0 AppleWebKit/537.36 (KHTML, like Gecko; compatible; bingbot/2.0; +http://www.bing.com/bingbot.htm) Chrome/103.0.5060.134 Safari/537.36" "mantech8.com"
114.119.133.182 - - [11/Sep/2022:07:38:38 -0700] "GET /bimages/headg/thump/?C=S%3BO%3DA HTTP/1.1" 200 484 "http://mantech8.com/bimages/headg/thump/?C=N%3BO%3DD" "Mozilla/5.0 (Linux; Android 7.0;) AppleWebKit/537.36 (KHTML, like Gecko) Mobile Safari/537.36 (compatible; PetalBot;+https://webmaster.petalsearch.com/site/petalbot)" "mantech8.com"
157.55.39.171 - - [11/Sep/2022:07:38:53 -0700] "GET /?furnacite.xml HTTP/1.1" 200 232547 "-" "Mozilla/5.0 (compatible; bingbot/2.0; +http://www.bing.com/bingbot.htm)" "mantech8.com"
216.244.66.241 - - [11/Sep/2022:07:42:20 -0700] "GET /robots.txt HTTP/1.1" 200 26464 "-" "Mozilla/5.0 (compatible; DotBot/1.2; +https://opensiteexplorer.org/dotbot; help@moz.com)" "www.mantech8.com"
216.244.66.241 - - [11/Sep/2022:07:42:20 -0700] "GET /robots.txt HTTP/1.1" 200 26464 "-" "Mozilla/5.0 (compatible; DotBot/1.2; +https://opensiteexplorer.org/dotbot; help@moz.com)" "mantech8.com"
40.77.167.54 - - [11/Sep/2022:07:43:38 -0700] "GET /index.php/sitemap9.xml HTTP/1.1" 200 290926 "-" "Mozilla/5.0 (compatible; bingbot/2.0; +http://www.bing.com/bingbot.htm)" "mantech8.com"
207.46.13.179 - - [11/Sep/2022:07:49:28 -0700] "GET /index.php?sitemap16.xml HTTP/1.1" 200 268873 "-" "Mozilla/5.0 (compatible; bingbot/2.0; +http://www.bing.com/bingbot.htm)" "mantech8.com"
157.55.39.86 - - [11/Sep/2022:07:51:17 -0700] "GET /index.php?sitemap62.xml HTTP/1.1" 200 301230 "-" "Mozilla/5.0 (compatible; bingbot/2.0; +http://www.bing.com/bingbot.htm)" "mantech8.com"
157.55.39.171 - - [11/Sep/2022:07:55:25 -0700] "GET /?sitemap7905.xml HTTP/1.1" 200 300236 "-" "Mozilla/5.0 (compatible; bingbot/2.0; +http://www.bing.com/bingbot.htm)" "mantech8.com"
77.75.79.109 - - [11/Sep/2022:07:56:34 -0700] "GET /robots.txt HTTP/1.1" 200 2442 "-" "Mozilla/5.0 (compatible; SeznamBot/3.2; +http://napoveda.seznam.cz/en/seznambot-intro/)" "mantech8.com"
77.75.79.109 - - [11/Sep/2022:07:56:35 -0700] "GET /index.php/sitemap-index-9.xml HTTP/1.1" 200 4943 "-" "Mozilla/5.0 (compatible; SeznamBot/3.2; +http://napoveda.seznam.cz/en/seznambot-intro/)" "mantech8.com"
207.46.13.23 - - [11/Sep/2022:07:58:14 -0700] "GET /?napperkids.xml HTTP/1.1" 200 290922 "-" "Mozilla/5.0 (compatible; bingbot/2.0; +http://www.bing.com/bingbot.htm)" "mantech8.com"
103.131.71.56 - - [11/Sep/2022:07:58:21 -0700] "GET /robots.txt HTTP/1.1" 200 2442 "-" "Mozilla/5.0 (compatible; coccocbot-web/1.0; +http://help.coccoc.com/searchengine)" "www.mantech8.com"
103.131.71.104 - - [11/Sep/2022:07:58:30 -0700] "GET /scaffolding.php HTTP/1.1" 200 13407 "-" "Mozilla/5.0 (compatible; coccocbot-web/1.0; +http://help.coccoc.com/searchengine)" "www.mantech8.com"
114.119.133.182 - - [11/Sep/2022:07:59:40 -0700] "GET /bimages/gallery/alfacgiapi/perl.alfa HTTP/1.1" 200 542 "http://mantech8.com/bimages/gallery/alfacgiapi/?C=M%3BO%3DA" "Mozilla/5.0 (Linux; Android 7.0;) AppleWebKit/537.36 (KHTML, like Gecko) Mobile Safari/537.36 (compatible; PetalBot;+https://webmaster.petalsearch.com/site/petalbot)" "mantech8.com"
157.55.39.86 - - [11/Sep/2022:07:59:57 -0700] "GET /index.php/sitemap241.xml HTTP/1.1" 200 305452 "-" "Mozilla/5.0 (compatible; bingbot/2.0; +http://www.bing.com/bingbot.htm)" "mantech8.com"
40.77.167.54 - - [11/Sep/2022:08:01:50 -0700] "GET /index.php/sitemap33.xml HTTP/1.1" 200 245919 "-" "Mozilla/5.0 (compatible; bingbot/2.0; +http://www.bing.com/bingbot.htm)" "mantech8.com"
207.46.13.179 - - [11/Sep/2022:08:03:30 -0700] "GET /?rebeginner.xml HTTP/1.1" 200 276488 "-" "Mozilla/5.0 (compatible; bingbot/2.0; +http://www.bing.com/bingbot.htm)" "mantech8.com"
157.55.39.86 - - [11/Sep/2022:08:03:37 -0700] "GET /index.php?sitemap5.xml HTTP/1.1" 200 262816 "-" "Mozilla/5.0 (compatible; bingbot/2.0; +http://www.bing.com/bingbot.htm)" "mantech8.com"
157.55.39.171 - - [11/Sep/2022:08:04:16 -0700] "GET /index.php/kiger.xml HTTP/1.1" 200 265196 "-" "Mozilla/5.0 (compatible; bingbot/2.0; +http://www.bing.com/bingbot.htm)" "mantech8.com"
207.46.13.23 - - [11/Sep/2022:08:05:15 -0700] "GET /index.php/sitemap23.xml HTTP/1.1" 200 264300 "-" "Mozilla/5.0 (compatible; bingbot/2.0; +http://www.bing.com/bingbot.htm)" "mantech8.com"
87.250.224.102 - - [11/Sep/2022:08:07:10 -0700] "GET /robots.txt HTTP/1.1" 200 26464 "-" "Mozilla/5.0 (compatible; YandexBot/3.0; +http://yandex.com/bots)" "mantech8.com"
213.180.203.62 - - [11/Sep/2022:08:07:14 -0700] "GET /index.php?sitemap6958.xml HTTP/1.1" 200 337358 "-" "Mozilla/5.0 (compatible; YandexBot/3.0; +http://yandex.com/bots)" "mantech8.com"
157.55.39.103 - - [11/Sep/2022:08:07:15 -0700] "GET /index.php/sitemap80.xml HTTP/1.1" 200 329703 "-" "Mozilla/5.0 (compatible; bingbot/2.0; +http://www.bing.com/bingbot.htm)" "mantech8.com"
40.77.167.54 - - [11/Sep/2022:08:10:52 -0700] "GET /?sitemap95.xml HTTP/1.1" 200 226975 "-" "Mozilla/5.0 (compatible; bingbot/2.0; +http://www.bing.com/bingbot.htm)" "mantech8.com"
157.55.39.171 - - [11/Sep/2022:08:11:26 -0700] "GET /index.php/sitemap95.xml HTTP/1.1" 200 298830 "-" "Mozilla/5.0 (compatible; bingbot/2.0; +http://www.bing.com/bingbot.htm)" "mantech8.com"
207.46.13.23 - - [11/Sep/2022:08:12:45 -0700] "GET /index.php?sitemap87.xml HTTP/1.1" 200 250707 "-" "Mozilla/5.0 (compatible; bingbot/2.0; +http://www.bing.com/bingbot.htm)" "mantech8.com"
157.55.39.171 - - [11/Sep/2022:08:14:27 -0700] "GET /?sitemap348.xml HTTP/1.1" 200 299115 "-" "Mozilla/5.0 (compatible; bingbot/2.0; +http://www.bing.com/bingbot.htm)" "mantech8.com"
35.90.176.245 - - [11/Sep/2022:08:17:29 -0700] "GET / HTTP/1.1" 500 - "-" "Mozilla/5.0 (X11; Linux x86_64) AppleWebKit/537.36 (KHTML, like Gecko) Chrome/83.0.4103.97 Safari/537.36" "mantech8.com"
207.46.13.179 - - [11/Sep/2022:08:18:33 -0700] "GET /index.php?sitemap37.xml HTTP/1.1" 200 346413 "-" "Mozilla/5.0 (compatible; bingbot/2.0; +http://www.bing.com/bingbot.htm)" "mantech8.com"
207.46.13.23 - - [11/Sep/2022:08:18:46 -0700] "GET /index.php?sitemap55.xml HTTP/1.1" 200 280281 "-" "Mozilla/5.0 (compatible; bingbot/2.0; +http://www.bing.com/bingbot.htm)" "mantech8.com"
207.46.13.23 - - [11/Sep/2022:08:20:46 -0700] "GET /index.php/unistrand.xml HTTP/1.1" 200 249580 "-" "Mozilla/5.0 (compatible; bingbot/2.0; +http://www.bing.com/bingbot.htm)" "mantech8.com"
157.55.39.103 - - [11/Sep/2022:08:20:50 -0700] "GET /?ambrilidine.xml HTTP/1.1" 200 327579 "-" "Mozilla/5.0 (compatible; bingbot/2.0; +http://www.bing.com/bingbot.htm)" "mantech8.com"
157.55.39.86 - - [11/Sep/2022:08:21:09 -0700] "GET /?pettygod.xml HTTP/1.1" 200 306710 "-" "Mozilla/5.0 (compatible; bingbot/2.0; +http://www.bing.com/bingbot.htm)" "mantech8.com"
157.55.39.103 - - [11/Sep/2022:08:21:57 -0700] "GET /index.php?reym.xml HTTP/1.1" 200 290753 "-" "Mozilla/5.0 (compatible; bingbot/2.0; +http://www.bing.com/bingbot.htm)" "mantech8.com"
114.119.133.182 - - [11/Sep/2022:08:23:56 -0700] "GET /contact.php HTTP/1.1" 200 29238 "-" "Mozilla/5.0 (Linux; Android 7.0;) AppleWebKit/537.36 (KHTML, like Gecko) Mobile Safari/537.36 (compatible; PetalBot;+https://webmaster.petalsearch.com/site/petalbot)" "www.mantech8.com"
114.119.133.182 - - [11/Sep/2022:08:23:56 -0700] "GET /engine1/style.css HTTP/1.1" 200 2450 "http://www.mantech8.com/contact.php" "Mozilla/5.0 (Linux; Android 7.0;) AppleWebKit/537.36 (KHTML, like Gecko) Mobile Safari/537.36 (compatible; PetalBot;+https://webmaster.petalsearch.com/site/petalbot)" "www.mantech8.com"
114.119.133.182 - - [11/Sep/2022:08:23:57 -0700] "GET /css/grid.css HTTP/1.1" 200 1400 "http://www.mantech8.com/contact.php" "Mozilla/5.0 (Linux; Android 7.0;) AppleWebKit/537.36 (KHTML, like Gecko) Mobile Safari/537.36 (compatible; PetalBot;+https://webmaster.petalsearch.com/site/petalbot)" "www.mantech8.com"
114.119.133.182 - - [11/Sep/2022:08:23:57 -0700] "GET /css/contact-form.css HTTP/1.1" 200 1554 "http://www.mantech8.com/contact.php" "Mozilla/5.0 (Linux; Android 7.0;) AppleWebKit/537.36 (KHTML, like Gecko) Mobile Safari/537.36 (compatible; PetalBot;+https://webmaster.petalsearch.com/site/petalbot)" "www.mantech8.com"
114.119.133.182 - - [11/Sep/2022:08:23:57 -0700] "GET /revolution/css/settings.css HTTP/1.1" 200 7703 "http://www.mantech8.com/contact.php" "Mozilla/5.0 (Linux; Android 7.0;) AppleWebKit/537.36 (KHTML, like Gecko) Mobile Safari/537.36 (compatible; PetalBot;+https://webmaster.petalsearch.com/site/petalbot)" "www.mantech8.com"
114.119.133.182 - - [11/Sep/2022:08:23:57 -0700] "GET /css/contactstyle.css HTTP/1.1" 200 2844 "http://www.mantech8.com/contact.php" "Mozilla/5.0 (Linux; Android 7.0;) AppleWebKit/537.36 (KHTML, like Gecko) Mobile Safari/537.36 (compatible; PetalBot;+https://webmaster.petalsearch.com/site/petalbot)" "www.mantech8.com"
114.119.133.182 - - [11/Sep/2022:08:23:57 -0700] "GET /revolution/css/layers.css HTTP/1.1" 200 7418 "http://www.mantech8.com/contact.php" "Mozilla/5.0 (Linux; Android 7.0;) AppleWebKit/537.36 (KHTML, like Gecko) Mobile Safari/537.36 (compatible; PetalBot;+https://webmaster.petalsearch.com/site/petalbot)" "www.mantech8.com"
114.119.133.182 - - [11/Sep/2022:08:23:57 -0700] "GET /revolution/css/navigation.css HTTP/1.1" 200 8028 "http://www.mantech8.com/contact.php" "Mozilla/5.0 (Linux; Android 7.0;) AppleWebKit/537.36 (KHTML, like Gecko) Mobile Safari/537.36 (compatible; PetalBot;+https://webmaster.petalsearch.com/site/petalbot)" "www.mantech8.com"
114.119.133.182 - - [11/Sep/2022:08:23:57 -0700] "GET /css/style2.css HTTP/1.1" 200 8414 "http://www.mantech8.com/contact.php" "Mozilla/5.0 (Linux; Android 7.0;) AppleWebKit/537.36 (KHTML, like Gecko) Mobile Safari/537.36 (compatible; PetalBot;+https://webmaster.petalsearch.com/site/petalbot)" "www.mantech8.com"
114.119.133.182 - - [11/Sep/2022:08:23:57 -0700] "GET /css/responsive1.css HTTP/1.1" 200 1710 "http://www.mantech8.com/contact.php" "Mozilla/5.0 (Linux; Android 7.0;) AppleWebKit/537.36 (KHTML, like Gecko) Mobile Safari/537.36 (compatible; PetalBot;+https://webmaster.petalsearch.com/site/petalbot)" "www.mantech8.com"
114.119.133.182 - - [11/Sep/2022:08:23:57 -0700] "GET /css/animate.css HTTP/1.1" 200 4264 "http://www.mantech8.com/contact.php" "Mozilla/5.0 (Linux; Android 7.0;) AppleWebKit/537.36 (KHTML, like Gecko) Mobile Safari/537.36 (compatible; PetalBot;+https://webmaster.petalsearch.com/site/petalbot)" "www.mantech8.com"
114.119.133.182 - - [11/Sep/2022:08:23:57 -0700] "GET /css/style.css HTTP/1.1" 200 126990 "http://www.mantech8.com/contact.php" "Mozilla/5.0 (Linux; Android 7.0;) AppleWebKit/537.36 (KHTML, like Gecko) Mobile Safari/537.36 (compatible; PetalBot;+https://webmaster.petalsearch.com/site/petalbot)" "www.mantech8.com"
114.119.133.182 - - [11/Sep/2022:08:23:57 -0700] "GET /css/flaticon.css HTTP/1.1" 200 321 "http://www.mantech8.com/css/style2.css" "Mozilla/5.0 (Linux; Android 7.0;) AppleWebKit/537.36 (KHTML, like Gecko) Mobile Safari/537.36 (compatible; PetalBot;+https://webmaster.petalsearch.com/site/petalbot)" "www.mantech8.com"
114.119.133.182 - - [11/Sep/2022:08:23:58 -0700] "GET /css/font-awesome.css HTTP/1.1" 200 5793 "http://www.mantech8.com/css/style2.css" "Mozilla/5.0 (Linux; Android 7.0;) AppleWebKit/537.36 (KHTML, like Gecko) Mobile Safari/537.36 (compatible; PetalBot;+https://webmaster.petalsearch.com/site/petalbot)" "www.mantech8.com"
114.119.133.182 - - [11/Sep/2022:08:23:58 -0700] "GET /css/hover.css HTTP/1.1" 200 8530 "http://www.mantech8.com/css/style2.css" "Mozilla/5.0 (Linux; Android 7.0;) AppleWebKit/537.36 (KHTML, like Gecko) Mobile Safari/537.36 (compatible; PetalBot;+https://webmaster.petalsearch.com/site/petalbot)" "www.mantech8.com"
114.119.133.182 - - [11/Sep/2022:08:24:00 -0700] "GET /js/jquery.marquee.js?v=3 HTTP/1.1" 404 88 "http://www.mantech8.com/contact.php" "Mozilla/5.0 (Linux; Android 7.0;) AppleWebKit/537.36 (KHTML, like Gecko) Mobile Safari/537.36 (compatible; PetalBot;+https://webmaster.petalsearch.com/site/petalbot)" "www.mantech8.com"
114.119.133.182 - - [11/Sep/2022:08:24:02 -0700] "GET /js/jquery-1.11.3.min.js HTTP/1.1" 200 33279 "http://www.mantech8.com/contact.php" "Mozilla/5.0 (Linux; Android 7.0;) AppleWebKit/537.36 (KHTML, like Gecko) Mobile Safari/537.36 (compatible; PetalBot;+https://webmaster.petalsearch.com/site/petalbot)" "www.mantech8.com"
114.119.133.182 - - [11/Sep/2022:08:24:02 -0700] "GET /revolution/js/jquery.themepunch.tools.min.js HTTP/1.1" 200 36033 "http://www.mantech8.com/contact.php" "Mozilla/5.0 (Linux; Android 7.0;) AppleWebKit/537.36 (KHTML, like Gecko) Mobile Safari/537.36 (compatible; PetalBot;+https://webmaster.petalsearch.com/site/petalbot)" "www.mantech8.com"
114.119.133.182 - - [11/Sep/2022:08:24:02 -0700] "GET /revolution/js/jquery.themepunch.revolution.min.js HTTP/1.1" 200 14034 "http://www.mantech8.com/contact.php" "Mozilla/5.0 (Linux; Android 7.0;) AppleWebKit/537.36 (KHTML, like Gecko) Mobile Safari/537.36 (compatible; PetalBot;+https://webmaster.petalsearch.com/site/petalbot)" "www.mantech8.com"
114.119.133.182 - - [11/Sep/2022:08:24:02 -0700] "GET /js/bootstrap.min.js HTTP/1.1" 200 9765 "http://www.mantech8.com/contact.php" "Mozilla/5.0 (Linux; Android 7.0;) AppleWebKit/537.36 (KHTML, like Gecko) Mobile Safari/537.36 (compatible; PetalBot;+https://webmaster.petalsearch.com/site/petalbot)" "www.mantech8.com"
114.119.133.182 - - [11/Sep/2022:08:24:02 -0700] "GET /js/custom.js HTTP/1.1" 200 1648 "http://www.mantech8.com/contact.php" "Mozilla/5.0 (Linux; Android 7.0;) AppleWebKit/537.36 (KHTML, like Gecko) Mobile Safari/537.36 (compatible; PetalBot;+https://webmaster.petalsearch.com/site/petalbot)" "www.mantech8.com"
114.119.133.182 - - [11/Sep/2022:08:24:02 -0700] "GET /js/plugins.js HTTP/1.1" 200 67071 "http://www.mantech8.com/contact.php" "Mozilla/5.0 (Linux; Android 7.0;) AppleWebKit/537.36 (KHTML, like Gecko) Mobile Safari/537.36 (compatible; PetalBot;+https://webmaster.petalsearch.com/site/petalbot)" "www.mantech8.com"
114.119.133.182 - - [11/Sep/2022:08:24:02 -0700] "GET /js/jquery-migrate-1.2.1.min.js HTTP/1.1" 200 3063 "http://www.mantech8.com/contact.php" "Mozilla/5.0 (Linux; Android 7.0;) AppleWebKit/537.36 (KHTML, like Gecko) Mobile Safari/537.36 (compatible; PetalBot;+https://webmaster.petalsearch.com/site/petalbot)" "www.mantech8.com"
114.119.133.182 - - [11/Sep/2022:08:24:02 -0700] "GET /js/core.min1.js HTTP/1.1" 200 5104 "http://www.mantech8.com/contact.php" "Mozilla/5.0 (Linux; Android 7.0;) AppleWebKit/537.36 (KHTML, like Gecko) Mobile Safari/537.36 (compatible; PetalBot;+https://webmaster.petalsearch.com/site/petalbot)" "www.mantech8.com"
114.119.133.182 - - [11/Sep/2022:08:24:02 -0700] "GET /js/rd-smoothscroll.min1.js HTTP/1.1" 200 1124 "http://www.mantech8.com/contact.php" "Mozilla/5.0 (Linux; Android 7.0;) AppleWebKit/537.36 (KHTML, like Gecko) Mobile Safari/537.36 (compatible; PetalBot;+https://webmaster.petalsearch.com/site/petalbot)" "www.mantech8.com"
114.119.133.182 - - [11/Sep/2022:08:24:02 -0700] "GET /js/jquery.marquee.js?v=3 HTTP/1.1" 404 88 "http://www.mantech8.com/contact.php" "Mozilla/5.0 (Linux; Android 7.0;) AppleWebKit/537.36 (KHTML, like Gecko) Mobile Safari/537.36 (compatible; PetalBot;+https://webmaster.petalsearch.com/site/petalbot)" "www.mantech8.com"
114.119.133.182 - - [11/Sep/2022:08:24:02 -0700] "GET /js/script.js HTTP/1.1" 200 7687 "http://www.mantech8.com/contact.php" "Mozilla/5.0 (Linux; Android 7.0;) AppleWebKit/537.36 (KHTML, like Gecko) Mobile Safari/537.36 (compatible; PetalBot;+https://webmaster.petalsearch.com/site/petalbot)" "www.mantech8.com"
114.119.133.182 - - [11/Sep/2022:08:24:02 -0700] "GET /js/jquery.rd-parallax.js HTTP/1.1" 200 2021 "http://www.mantech8.com/contact.php" "Mozilla/5.0 (Linux; Android 7.0;) AppleWebKit/537.36 (KHTML, like Gecko) Mobile Safari/537.36 (compatible; PetalBot;+https://webmaster.petalsearch.com/site/petalbot)" "www.mantech8.com"
114.119.133.182 - - [11/Sep/2022:08:24:02 -0700] "GET /revolution/js/revolution.extension.carousel.min.js HTTP/1.1" 200 2465 "http://www.mantech8.com/contact.php" "Mozilla/5.0 (Linux; Android 7.0;) AppleWebKit/537.36 (KHTML, like Gecko) Mobile Safari/537.36 (compatible; PetalBot;+https://webmaster.petalsearch.com/site/petalbot)" "www.mantech8.com"
114.119.133.182 - - [11/Sep/2022:08:24:02 -0700] "GET /revolution/js/revolution.extension.actions.min.js HTTP/1.1" 200 2110 "http://www.mantech8.com/contact.php" "Mozilla/5.0 (Linux; Android 7.0;) AppleWebKit/537.36 (KHTML, like Gecko) Mobile Safari/537.36 (compatible; PetalBot;+https://webmaster.petalsearch.com/site/petalbot)" "www.mantech8.com"
114.119.133.182 - - [11/Sep/2022:08:24:02 -0700] "GET /revolution/js/revolution.extension.kenburn.min.js HTTP/1.1" 200 1285 "http://www.mantech8.com/contact.php" "Mozilla/5.0 (Linux; Android 7.0;) AppleWebKit/537.36 (KHTML, like Gecko) Mobile Safari/537.36 (compatible; PetalBot;+https://webmaster.petalsearch.com/site/petalbot)" "www.mantech8.com"
114.119.133.182 - - [11/Sep/2022:08:24:02 -0700] "GET /revolution/js/revolution.extension.layeranimation.min.js HTTP/1.1" 200 8295 "http://www.mantech8.com/contact.php" "Mozilla/5.0 (Linux; Android 7.0;) AppleWebKit/537.36 (KHTML, like Gecko) Mobile Safari/537.36 (compatible; PetalBot;+https://webmaster.petalsearch.com/site/petalbot)" "www.mantech8.com"
114.119.133.182 - - [11/Sep/2022:08:24:03 -0700] "GET /revolution/js/revolution.extension.slideanims.min.js HTTP/1.1" 200 6622 "http://www.mantech8.com/contact.php" "Mozilla/5.0 (Linux; Android 7.0;) AppleWebKit/537.36 (KHTML, like Gecko) Mobile Safari/537.36 (compatible; PetalBot;+https://webmaster.petalsearch.com/site/petalbot)" "www.mantech8.com"
114.119.133.182 - - [11/Sep/2022:08:24:03 -0700] "GET /revolution/js/revolution.extension.navigation.min.js HTTP/1.1" 200 6533 "http://www.mantech8.com/contact.php" "Mozilla/5.0 (Linux; Android 7.0;) AppleWebKit/537.36 (KHTML, like Gecko) Mobile Safari/537.36 (compatible; PetalBot;+https://webmaster.petalsearch.com/site/petalbot)" "www.mantech8.com"
114.119.133.182 - - [11/Sep/2022:08:24:03 -0700] "GET /revolution/js/revolution.extension.parallax.min.js HTTP/1.1" 200 2490 "http://www.mantech8.com/contact.php" "Mozilla/5.0 (Linux; Android 7.0;) AppleWebKit/537.36 (KHTML, like Gecko) Mobile Safari/537.36 (compatible; PetalBot;+https://webmaster.petalsearch.com/site/petalbot)" "www.mantech8.com"
114.119.133.182 - - [11/Sep/2022:08:24:03 -0700] "GET /revolution/js/revolution.extension.migration.min.js HTTP/1.1" 200 1739 "http://www.mantech8.com/contact.php" "Mozilla/5.0 (Linux; Android 7.0;) AppleWebKit/537.36 (KHTML, like Gecko) Mobile Safari/537.36 (compatible; PetalBot;+https://webmaster.petalsearch.com/site/petalbot)" "www.mantech8.com"
114.119.133.182 - - [11/Sep/2022:08:24:03 -0700] "GET /revolution/js/revolution.extension.video.min.js HTTP/1.1" 200 5233 "http://www.mantech8.com/contact.php" "Mozilla/5.0 (Linux; Android 7.0;) AppleWebKit/537.36 (KHTML, like Gecko) Mobile Safari/537.36 (compatible; PetalBot;+https://webmaster.petalsearch.com/site/petalbot)" "www.mantech8.com"
207.46.13.179 - - [11/Sep/2022:08:25:12 -0700] "GET /index.php/angse.xml HTTP/1.1" 200 246479 "-" "Mozilla/5.0 (compatible; bingbot/2.0; +http://www.bing.com/bingbot.htm)" "mantech8.com"
207.46.13.23 - - [11/Sep/2022:08:25:18 -0700] "GET /index-2.html HTTP/1.1" 404 88 "-" "Mozilla/5.0 (compatible; bingbot/2.0; +http://www.bing.com/bingbot.htm)" "www.mantech8.com"
207.46.13.23 - - [11/Sep/2022:08:25:47 -0700] "GET /bimages/gallery/thump/paint%20b4.jpg HTTP/1.1" 200 142441 "-" "Mozilla/5.0 (compatible; bingbot/2.0; +http://www.bing.com/bingbot.htm)" "mantech8.com"
114.119.133.182 - - [11/Sep/2022:08:26:03 -0700] "GET /?sitemap7905.xml HTTP/1.1" 200 319376 "-" "Mozilla/5.0 (compatible;PetalBot;+https://webmaster.petalsearch.com/site/petalbot)" "mantech8.com"
157.55.39.103 - - [11/Sep/2022:08:30:57 -0700] "GET /index.php?rebeginner.xml HTTP/1.1" 200 328408 "-" "Mozilla/5.0 AppleWebKit/537.36 (KHTML, like Gecko; compatible; bingbot/2.0; +http://www.bing.com/bingbot.htm) Chrome/103.0.5060.134 Safari/537.36" "mantech8.com"
114.119.133.182 - - [11/Sep/2022:08:31:21 -0700] "GET /?sitemap-index-9.xml HTTP/1.1" 200 5891 "-" "Mozilla/5.0 (compatible;PetalBot;+https://webmaster.petalsearch.com/site/petalbot)" "mantech8.com"
66.249.66.16 - - [11/Sep/2022:08:31:43 -0700] "GET /verificationimage.php?4542 HTTP/1.1" 200 1377 "-" "Googlebot-Image/1.0" "www.mantech8.com"
185.191.171.20 - - [11/Sep/2022:08:32:41 -0700] "GET /robots.txt HTTP/1.1" 200 2442 "-" "Mozilla/5.0 (compatible; SemrushBot/7~bl; +http://www.semrush.com/bot.html)" "mantech8.com"
185.191.171.15 - - [11/Sep/2022:08:32:41 -0700] "GET /bimages/paintg/ HTTP/1.1" 200 497 "-" "Mozilla/5.0 (compatible; SemrushBot/7~bl; +http://www.semrush.com/bot.html)" "mantech8.com"
216.244.66.241 - - [11/Sep/2022:08:33:22 -0700] "GET /robots.txt HTTP/1.1" 200 26464 "-" "Mozilla/5.0 (compatible; DotBot/1.2; +https://opensiteexplorer.org/dotbot; help@moz.com)" "www.mantech8.com"
216.244.66.241 - - [11/Sep/2022:08:33:22 -0700] "GET /robots.txt HTTP/1.1" 200 26464 "-" "Mozilla/5.0 (compatible; DotBot/1.2; +https://opensiteexplorer.org/dotbot; help@moz.com)" "mantech8.com"
40.77.167.54 - - [11/Sep/2022:08:34:33 -0700] "GET /bimages/hgallery/thump/latest3%20big.jpg HTTP/1.1" 200 65629 "-" "Mozilla/5.0 (compatible; bingbot/2.0; +http://www.bing.com/bingbot.htm)" "mantech8.com"
40.77.167.54 - - [11/Sep/2022:08:35:14 -0700] "GET /bimages/gallery/thump/pb10.jpg HTTP/1.1" 200 461657 "-" "Mozilla/5.0 (compatible; bingbot/2.0; +http://www.bing.com/bingbot.htm)" "mantech8.com"
20.168.83.65 - - [11/Sep/2022:08:35:14 -0700] "GET / HTTP/1.1" 500 - "-" "Mozilla/5.0 (Windows NT 10.0; Win64; x64) AppleWebKit/537.36 (KHTML, like Gecko) Chrome/78.0.3904.108 Safari/537.36" "mantech8.com"
20.168.83.65 - - [11/Sep/2022:08:35:15 -0700] "GET / HTTP/1.1" 500 - "-" "Mozilla/5.0 (Windows NT 10.0; Win64; x64) AppleWebKit/537.36 (KHTML, like Gecko) Chrome/78.0.3904.108 Safari/537.36" "mantech8.com"
20.168.83.65 - - [11/Sep/2022:08:35:16 -0700] "GET /wp-includes/wlwmanifest.xml HTTP/1.1" 404 73 "-" "Mozilla/5.0 (Windows NT 10.0; Win64; x64) AppleWebKit/537.36 (KHTML, like Gecko) Chrome/78.0.3904.108 Safari/537.36" "mantech8.com"
20.168.83.65 - - [11/Sep/2022:08:35:16 -0700] "GET /xmlrpc.php?rsd HTTP/1.1" 404 73 "-" "Mozilla/5.0 (Windows NT 10.0; Win64; x64) AppleWebKit/537.36 (KHTML, like Gecko) Chrome/78.0.3904.108 Safari/537.36" "mantech8.com"
20.168.83.65 - - [11/Sep/2022:08:35:16 -0700] "GET /blog/wp-includes/wlwmanifest.xml HTTP/1.1" 404 73 "-" "Mozilla/5.0 (Windows NT 10.0; Win64; x64) AppleWebKit/537.36 (KHTML, like Gecko) Chrome/78.0.3904.108 Safari/537.36" "mantech8.com"
20.168.83.65 - - [11/Sep/2022:08:35:16 -0700] "GET /wordpress/wp-includes/wlwmanifest.xml HTTP/1.1" 404 73 "-" "Mozilla/5.0 (Windows NT 10.0; Win64; x64) AppleWebKit/537.36 (KHTML, like Gecko) Chrome/78.0.3904.108 Safari/537.36" "mantech8.com"
20.168.83.65 - - [11/Sep/2022:08:35:16 -0700] "GET /website/wp-includes/wlwmanifest.xml HTTP/1.1" 404 73 "-" "Mozilla/5.0 (Windows NT 10.0; Win64; x64) AppleWebKit/537.36 (KHTML, like Gecko) Chrome/78.0.3904.108 Safari/537.36" "mantech8.com"
20.168.83.65 - - [11/Sep/2022:08:35:17 -0700] "GET /news/wp-includes/wlwmanifest.xml HTTP/1.1" 404 73 "-" "Mozilla/5.0 (Windows NT 10.0; Win64; x64) AppleWebKit/537.36 (KHTML, like Gecko) Chrome/78.0.3904.108 Safari/537.36" "mantech8.com"
20.168.83.65 - - [11/Sep/2022:08:35:17 -0700] "GET /2018/wp-includes/wlwmanifest.xml HTTP/1.1" 404 73 "-" "Mozilla/5.0 (Windows NT 10.0; Win64; x64) AppleWebKit/537.36 (KHTML, like Gecko) Chrome/78.0.3904.108 Safari/537.36" "mantech8.com"
20.168.83.65 - - [11/Sep/2022:08:35:17 -0700] "GET /2019/wp-includes/wlwmanifest.xml HTTP/1.1" 404 73 "-" "Mozilla/5.0 (Windows NT 10.0; Win64; x64) AppleWebKit/537.36 (KHTML, like Gecko) Chrome/78.0.3904.108 Safari/537.36" "mantech8.com"
20.168.83.65 - - [11/Sep/2022:08:35:17 -0700] "GET /shop/wp-includes/wlwmanifest.xml HTTP/1.1" 404 73 "-" "Mozilla/5.0 (Windows NT 10.0; Win64; x64) AppleWebKit/537.36 (KHTML, like Gecko) Chrome/78.0.3904.108 Safari/537.36" "mantech8.com"
20.168.83.65 - - [11/Sep/2022:08:35:17 -0700] "GET /wp1/wp-includes/wlwmanifest.xml HTTP/1.1" 404 73 "-" "Mozilla/5.0 (Windows NT 10.0; Win64; x64) AppleWebKit/537.36 (KHTML, like Gecko) Chrome/78.0.3904.108 Safari/537.36" "mantech8.com"
20.168.83.65 - - [11/Sep/2022:08:35:17 -0700] "GET /media/wp-includes/wlwmanifest.xml HTTP/1.1" 404 73 "-" "Mozilla/5.0 (Windows NT 10.0; Win64; x64) AppleWebKit/537.36 (KHTML, like Gecko) Chrome/78.0.3904.108 Safari/537.36" "mantech8.com"
20.168.83.65 - - [11/Sep/2022:08:35:18 -0700] "GET /wp2/wp-includes/wlwmanifest.xml HTTP/1.1" 404 73 "-" "Mozilla/5.0 (Windows NT 10.0; Win64; x64) AppleWebKit/537.36 (KHTML, like Gecko) Chrome/78.0.3904.108 Safari/537.36" "mantech8.com"
20.168.83.65 - - [11/Sep/2022:08:35:18 -0700] "GET /site/wp-includes/wlwmanifest.xml HTTP/1.1" 404 73 "-" "Mozilla/5.0 (Windows NT 10.0; Win64; x64) AppleWebKit/537.36 (KHTML, like Gecko) Chrome/78.0.3904.108 Safari/537.36" "mantech8.com"
20.168.83.65 - - [11/Sep/2022:08:35:18 -0700] "GET /sito/wp-includes/wlwmanifest.xml HTTP/1.1" 404 73 "-" "Mozilla/5.0 (Windows NT 10.0; Win64; x64) AppleWebKit/537.36 (KHTML, like Gecko) Chrome/78.0.3904.108 Safari/537.36" "mantech8.com"
114.119.133.182 - - [11/Sep/2022:08:36:38 -0700] "GET /bimages/scafg/?C=M%3BO%3DA HTTP/1.1" 200 555 "http://mantech8.com/bimages/scafg/?C=N%3BO%3DD" "Mozilla/5.0 (Linux; Android 7.0;) AppleWebKit/537.36 (KHTML, like Gecko) Mobile Safari/537.36 (compatible; PetalBot;+https://webmaster.petalsearch.com/site/petalbot)" "mantech8.com"
207.46.13.23 - - [11/Sep/2022:08:36:39 -0700] "GET / HTTP/1.1" 200 43842 "-" "Mozilla/5.0 (compatible; bingbot/2.0; +http://www.bing.com/bingbot.htm)" "mantech8.com"
194.38.20.161 - - [11/Sep/2022:08:37:02 -0700] "GET /wp-content/plugins/advanced_file_manager_5/php/connector.minimal.php HTTP/1.1" 404 73 "-" "ALittle Client" "mantech8.com"
114.119.133.165 - - [11/Sep/2022:08:41:57 -0700] "GET /bimages/SliderImage/ HTTP/1.1" 200 566 "http://www.mantech8.com/bimages/" "Mozilla/5.0 (Linux; Android 7.0;) AppleWebKit/537.36 (KHTML, like Gecko) Mobile Safari/537.36 (compatible; PetalBot;+https://webmaster.petalsearch.com/site/petalbot)" "www.mantech8.com"
157.55.39.86 - - [11/Sep/2022:08:42:01 -0700] "GET /index.php?c=product&a=type&tid=24 HTTP/1.1" 200 65099 "-" "Mozilla/5.0 (compatible; bingbot/2.0; +http://www.bing.com/bingbot.htm)" "mantech8.com"
157.55.39.103 - - [11/Sep/2022:08:51:21 -0700] "GET /bimages/gallery/p1.jpg HTTP/1.1" 200 59583 "-" "Mozilla/5.0 (compatible; bingbot/2.0; +http://www.bing.com/bingbot.htm)" "mantech8.com"
40.77.167.54 - - [11/Sep/2022:08:53:45 -0700] "GET /index.php?/profit-and-loss-statement/ HTTP/1.1" 200 54136 "-" "Mozilla/5.0 AppleWebKit/537.36 (KHTML, like Gecko; compatible; bingbot/2.0; +http://www.bing.com/bingbot.htm) Chrome/103.0.5060.134 Safari/537.36" "mantech8.com"
157.55.39.171 - - [11/Sep/2022:08:56:51 -0700] "GET /?reym.xml HTTP/1.1" 200 257027 "-" "Mozilla/5.0 (compatible; bingbot/2.0; +http://www.bing.com/bingbot.htm)" "mantech8.com"
77.75.79.95 - - [11/Sep/2022:08:59:03 -0700] "GET /robots.txt HTTP/1.1" 200 2442 "-" "Mozilla/5.0 (compatible; SeznamBot/3.2; +http://napoveda.seznam.cz/en/seznambot-intro/)" "mantech8.com"
77.75.79.95 - - [11/Sep/2022:08:59:04 -0700] "GET /sitemap996.xml HTTP/1.1" 404 88 "-" "Mozilla/5.0 (compatible; SeznamBot/3.2; +http://napoveda.seznam.cz/en/seznambot-intro/)" "mantech8.com"
207.46.13.23 - - [11/Sep/2022:09:00:01 -0700] "GET /tag/%E3%82%A6%E3%82%A7%E3%83%9D%E3%83%B3%E3%82%B9%E3%82%AD%E3%83%AB HTTP/1.1" 404 88 "-" "Mozilla/5.0 (compatible; bingbot/2.0; +http://www.bing.com/bingbot.htm)" "www.mantech8.com"
114.119.133.182 - - [11/Sep/2022:09:18:57 -0700] "GET /bimages/hydrog/thump/?C=S%3BO%3DA HTTP/1.1" 200 468 "http://mantech8.com/bimages/hydrog/thump/?C=D%3BO%3DA" "Mozilla/5.0 (Linux; Android 7.0;) AppleWebKit/537.36 (KHTML, like Gecko) Mobile Safari/537.36 (compatible; PetalBot;+https://webmaster.petalsearch.com/site/petalbot)" "mantech8.com"
114.119.133.182 - - [11/Sep/2022:09:24:16 -0700] "GET /bimages/himage/?C=S%3BO%3DA HTTP/1.1" 200 443 "http://www.mantech8.com/bimages/himage/?C=M%3BO%3DA" "Mozilla/5.0 (Linux; Android 7.0;) AppleWebKit/537.36 (KHTML, like Gecko) Mobile Safari/537.36 (compatible; PetalBot;+https://webmaster.petalsearch.com/site/petalbot)" "www.mantech8.com"
216.244.66.241 - - [11/Sep/2022:09:24:29 -0700] "GET /robots.txt HTTP/1.1" 200 26464 "-" "Mozilla/5.0 (compatible; DotBot/1.2; +https://opensiteexplorer.org/dotbot; help@moz.com)" "www.mantech8.com"
216.244.66.241 - - [11/Sep/2022:09:24:29 -0700] "GET /robots.txt HTTP/1.1" 200 26464 "-" "Mozilla/5.0 (compatible; DotBot/1.2; +https://opensiteexplorer.org/dotbot; help@moz.com)" "mantech8.com"
207.46.13.179 - - [11/Sep/2022:09:26:40 -0700] "GET /bimages/gallery/p13.jpg HTTP/1.1" 200 59002 "-" "Mozilla/5.0 AppleWebKit/537.36 (KHTML, like Gecko; compatible; bingbot/2.0; +http://www.bing.com/bingbot.htm) Chrome/103.0.5060.134 Safari/537.36" "mantech8.com"
185.191.171.18 - - [11/Sep/2022:09:32:49 -0700] "GET /robots.txt HTTP/1.1" 200 2442 "-" "Mozilla/5.0 (compatible; SemrushBot/7~bl; +http://www.semrush.com/bot.html)" "mantech8.com"
185.191.171.11 - - [11/Sep/2022:09:32:50 -0700] "GET /bimages/gallery/alfacgiapi/py.alfa HTTP/1.1" 200 463 "-" "Mozilla/5.0 (compatible; SemrushBot/7~bl; +http://www.semrush.com/bot.html)" "mantech8.com"
114.119.133.166 - - [11/Sep/2022:09:34:54 -0700] "GET /bimages/elect/?C=D%3BO%3DA HTTP/1.1" 200 417 "http://mantech8.com/bimages/elect/?C=N%3BO%3DD" "Mozilla/5.0 (Linux; Android 7.0;) AppleWebKit/537.36 (KHTML, like Gecko) Mobile Safari/537.36 (compatible; PetalBot;+https://webmaster.petalsearch.com/site/petalbot)" "mantech8.com"
114.119.133.182 - - [11/Sep/2022:09:40:11 -0700] "GET /ching-kuo.xml HTTP/1.1" 404 88 "-" "Mozilla/5.0 (compatible;PetalBot;+https://webmaster.petalsearch.com/site/petalbot)" "mantech8.com"
185.191.171.19 - - [11/Sep/2022:09:40:33 -0700] "GET /bimages/electric/ihosdgvred.php HTTP/1.1" 200 32 "-" "Mozilla/5.0 (compatible; SemrushBot/7~bl; +http://www.semrush.com/bot.html)" "mantech8.com"
114.119.133.182 - - [11/Sep/2022:09:45:32 -0700] "GET /index.php?biters.xml HTTP/1.1" 200 270916 "-" "Mozilla/5.0 (compatible;PetalBot;+https://webmaster.petalsearch.com/site/petalbot)" "mantech8.com"
114.119.133.165 - - [11/Sep/2022:09:50:53 -0700] "GET /sitemap81.xml HTTP/1.1" 404 88 "-" "Mozilla/5.0 (compatible;PetalBot;+https://webmaster.petalsearch.com/site/petalbot)" "mantech8.com"
114.119.133.182 - - [11/Sep/2022:09:56:17 -0700] "GET /?scillism.xml HTTP/1.1" 200 284144 "-" "Mozilla/5.0 (compatible;PetalBot;+https://webmaster.petalsearch.com/site/petalbot)" "mantech8.com"
77.75.77.109 - - [11/Sep/2022:09:59:39 -0700] "GET /robots.txt HTTP/1.1" 200 2442 "-" "Mozilla/5.0 (compatible; SeznamBot/3.2; +http://napoveda.seznam.cz/en/seznambot-intro/)" "mantech8.com"
77.75.77.109 - - [11/Sep/2022:09:59:40 -0700] "GET /sitemap28385.xml HTTP/1.1" 404 88 "-" "Mozilla/5.0 (compatible; SeznamBot/3.2; +http://napoveda.seznam.cz/en/seznambot-intro/)" "mantech8.com"
157.55.39.86 - - [11/Sep/2022:10:01:01 -0700] "GET /bimages/gallery/p14.jpg HTTP/1.1" 200 82978 "-" "Mozilla/5.0 (compatible; bingbot/2.0; +http://www.bing.com/bingbot.htm)" "mantech8.com"
114.119.133.182 - - [11/Sep/2022:10:01:38 -0700] "GET /index.php/housewifelinesses.xml HTTP/1.1" 200 334296 "-" "Mozilla/5.0 (compatible;PetalBot;+https://webmaster.petalsearch.com/site/petalbot)" "mantech8.com"
157.55.39.103 - - [11/Sep/2022:10:04:47 -0700] "GET /?tarandean.xml HTTP/1.1" 200 242786 "-" "Mozilla/5.0 (compatible; bingbot/2.0; +http://www.bing.com/bingbot.htm)" "mantech8.com"
207.46.13.179 - - [11/Sep/2022:10:06:13 -0700] "GET /index.php?sitemap8.xml HTTP/1.1" 200 317027 "-" "Mozilla/5.0 (compatible; bingbot/2.0; +http://www.bing.com/bingbot.htm)" "mantech8.com"
207.46.13.179 - - [11/Sep/2022:10:06:53 -0700] "GET /index.php/ravenings.xml HTTP/1.1" 200 292214 "-" "Mozilla/5.0 (compatible; bingbot/2.0; +http://www.bing.com/bingbot.htm)" "mantech8.com"
114.119.133.182 - - [11/Sep/2022:10:06:56 -0700] "GET /bimages/pipeg/ HTTP/1.1" 200 569 "http://www.mantech8.com/bimages/?C=S%3BO%3DA" "Mozilla/5.0 (Linux; Android 7.0;) AppleWebKit/537.36 (KHTML, like Gecko) Mobile Safari/537.36 (compatible; PetalBot;+https://webmaster.petalsearch.com/site/petalbot)" "www.mantech8.com"
66.249.66.16 - - [11/Sep/2022:10:11:04 -0700] "GET /favicon.ico HTTP/1.1" 404 88 "-" "Googlebot-Image/1.0" "mantech8.com"
114.119.133.165 - - [11/Sep/2022:10:12:15 -0700] "GET /sitemap41259.xml HTTP/1.1" 404 88 "-" "Mozilla/5.0 (Linux; Android 7.0;) AppleWebKit/537.36 (KHTML, like Gecko) Mobile Safari/537.36 (compatible; PetalBot;+https://webmaster.petalsearch.com/site/petalbot)" "mantech8.com"
216.244.66.241 - - [11/Sep/2022:10:15:04 -0700] "GET /robots.txt HTTP/1.1" 200 26464 "-" "Mozilla/5.0 (compatible; DotBot/1.2; +https://opensiteexplorer.org/dotbot; help@moz.com)" "www.mantech8.com"
216.244.66.241 - - [11/Sep/2022:10:15:04 -0700] "GET /robots.txt HTTP/1.1" 200 26464 "-" "Mozilla/5.0 (compatible; DotBot/1.2; +https://opensiteexplorer.org/dotbot; help@moz.com)" "mantech8.com"
114.119.133.182 - - [11/Sep/2022:10:17:46 -0700] "GET /bimages/himage/ HTTP/1.1" 200 443 "http://mantech8.com/bimages/?C=M%3BO%3DA" "Mozilla/5.0 (Linux; Android 7.0;) AppleWebKit/537.36 (KHTML, like Gecko) Mobile Safari/537.36 (compatible; PetalBot;+https://webmaster.petalsearch.com/site/petalbot)" "mantech8.com"
114.119.133.182 - - [11/Sep/2022:10:23:03 -0700] "GET /bimages/hydrog/uyimvonrfz.php HTTP/1.1" 200 32 "http://mantech8.com/bimages/hydrog/?C=S%3BO%3DA" "Mozilla/5.0 (Linux; Android 7.0;) AppleWebKit/537.36 (KHTML, like Gecko) Mobile Safari/537.36 (compatible; PetalBot;+https://webmaster.petalsearch.com/site/petalbot)" "mantech8.com"
207.46.13.23 - - [11/Sep/2022:10:28:10 -0700] "GET /bimages/hydrog/IDN%20S2.jpg HTTP/1.1" 200 204791 "-" "Mozilla/5.0 (compatible; bingbot/2.0; +http://www.bing.com/bingbot.htm)" "mantech8.com"
114.119.133.190 - - [11/Sep/2022:10:28:22 -0700] "GET /bimages/himage/?C=D%3BO%3DA HTTP/1.1" 200 443 "http://www.mantech8.com/bimages/himage/?C=N%3BO%3DD" "Mozilla/5.0 (Linux; Android 7.0;) AppleWebKit/537.36 (KHTML, like Gecko) Mobile Safari/537.36 (compatible; PetalBot;+https://webmaster.petalsearch.com/site/petalbot)" "www.mantech8.com"
185.191.171.1 - - [11/Sep/2022:10:29:21 -0700] "GET /bimages/door/ HTTP/1.1" 200 447 "-" "Mozilla/5.0 (compatible; SemrushBot/7~bl; +http://www.semrush.com/bot.html)" "mantech8.com"
114.119.133.182 - - [11/Sep/2022:10:39:06 -0700] "GET /bimages/certificate/thump/?C=D%3BO%3DA HTTP/1.1" 200 637 "http://www.mantech8.com/bimages/certificate/thump/?C=M%3BO%3DA" "Mozilla/5.0 (Linux; Android 7.0;) AppleWebKit/537.36 (KHTML, like Gecko) Mobile Safari/537.36 (compatible; PetalBot;+https://webmaster.petalsearch.com/site/petalbot)" "www.mantech8.com"
157.55.39.86 - - [11/Sep/2022:10:39:35 -0700] "GET /bimages/gallery/cb5.jpg HTTP/1.1" 200 179063 "-" "Mozilla/5.0 (compatible; bingbot/2.0; +http://www.bing.com/bingbot.htm)" "mantech8.com"
114.119.133.182 - - [11/Sep/2022:10:44:35 -0700] "GET /exorcise.xml HTTP/1.1" 404 88 "-" "Mozilla/5.0 (Linux; Android 7.0;) AppleWebKit/537.36 (KHTML, like Gecko) Mobile Safari/537.36 (compatible; PetalBot;+https://webmaster.petalsearch.com/site/petalbot)" "mantech8.com"
207.46.13.179 - - [11/Sep/2022:10:47:47 -0700] "GET /bimages/gallery/s6.jpg HTTP/1.1" 200 131268 "-" "Mozilla/5.0 (compatible; bingbot/2.0; +http://www.bing.com/bingbot.htm)" "mantech8.com"
66.249.66.89 - - [11/Sep/2022:10:50:15 -0700] "GET /ads.txt HTTP/1.1" 404 88 "-" "Mozilla/5.0 (compatible; Googlebot/2.1; +http://www.google.com/bot.html)" "www.mantech8.com"
77.75.78.166 - - [11/Sep/2022:10:54:27 -0700] "GET /robots.txt HTTP/1.1" 200 2442 "-" "Mozilla/5.0 (compatible; SeznamBot/3.2; +http://napoveda.seznam.cz/en/seznambot-intro/)" "mantech8.com"
77.75.78.166 - - [11/Sep/2022:10:54:29 -0700] "GET /sitemap9.xml HTTP/1.1" 404 88 "-" "Mozilla/5.0 (compatible; SeznamBot/3.2; +http://napoveda.seznam.cz/en/seznambot-intro/)" "mantech8.com"
114.119.133.158 - - [11/Sep/2022:10:55:12 -0700] "GET /index.php?sitemap732.xml HTTP/1.1" 200 293366 "-" "Mozilla/5.0 (compatible;PetalBot;+https://webmaster.petalsearch.com/site/petalbot)" "mantech8.com"
114.119.134.9 - - [11/Sep/2022:10:57:43 -0700] "GET /robots.txt HTTP/1.1" 200 2442 "-" "Mozilla/5.0 (compatible;PetalBot;+https://webmaster.petalsearch.com/site/petalbot)" "www.mantech8.com"
114.119.133.165 - - [11/Sep/2022:11:00:40 -0700] "GET /sitemap-index-4.xml HTTP/1.1" 404 88 "-" "Mozilla/5.0 (compatible;PetalBot;+https://webmaster.petalsearch.com/site/petalbot)" "mantech8.com"
40.77.167.54 - - [11/Sep/2022:11:01:38 -0700] "GET /bimages/gallery/s8.jpg HTTP/1.1" 200 131828 "-" "Mozilla/5.0 (compatible; bingbot/2.0; +http://www.bing.com/bingbot.htm)" "mantech8.com"
40.77.167.54 - - [11/Sep/2022:11:04:09 -0700] "GET /blog_default.html HTTP/1.1" 404 88 "-" "Mozilla/5.0 (compatible; bingbot/2.0; +http://www.bing.com/bingbot.htm)" "www.mantech8.com"
114.119.133.165 - - [11/Sep/2022:11:06:03 -0700] "GET /sitemap5787.xml HTTP/1.1" 404 88 "-" "Mozilla/5.0 (compatible;PetalBot;+https://webmaster.petalsearch.com/site/petalbot)" "mantech8.com"
216.244.66.241 - - [11/Sep/2022:11:06:04 -0700] "GET /robots.txt HTTP/1.1" 200 26464 "-" "Mozilla/5.0 (compatible; DotBot/1.2; +https://opensiteexplorer.org/dotbot; help@moz.com)" "www.mantech8.com"
216.244.66.241 - - [11/Sep/2022:11:06:04 -0700] "GET /robots.txt HTTP/1.1" 200 26464 "-" "Mozilla/5.0 (compatible; DotBot/1.2; +https://opensiteexplorer.org/dotbot; help@moz.com)" "mantech8.com"
114.119.133.166 - - [11/Sep/2022:11:11:57 -0700] "GET /bimages/gallery/thump/pnujbrwtfj.php HTTP/1.1" 200 32 "http://www.mantech8.com/bimages/gallery/thump/?C=N%3BO%3DD" "Mozilla/5.0 (Linux; Android 7.0;) AppleWebKit/537.36 (KHTML, like Gecko) Mobile Safari/537.36 (compatible; PetalBot;+https://webmaster.petalsearch.com/site/petalbot)" "www.mantech8.com"
114.119.133.182 - - [11/Sep/2022:11:16:54 -0700] "GET /bimages/?C=D%3BO%3DA HTTP/1.1" 200 725 "http://mantech8.com/bimages/?C=M%3BO%3DA" "Mozilla/5.0 (Linux; Android 7.0;) AppleWebKit/537.36 (KHTML, like Gecko) Mobile Safari/537.36 (compatible; PetalBot;+https://webmaster.petalsearch.com/site/petalbot)" "mantech8.com"
66.249.66.64 - - [11/Sep/2022:11:19:43 -0700] "GET /ads.txt HTTP/1.1" 404 88 "-" "Mozilla/5.0 (compatible; Googlebot/2.1; +http://www.google.com/bot.html)" "mantech8.com"
202.5.30.37 - - [11/Sep/2022:11:22:16 -0700] "GET /contact.php HTTP/1.1" 200 29238 "http://mantech8.com/contact.php" "Mozilla/5.0 (Windows NT 10.0; WOW64) AppleWebKit/537.36 (KHTML, like Gecko) Chrome/90.0.4430.72 Safari/537.36" "mantech8.com"
114.119.133.158 - - [11/Sep/2022:11:22:19 -0700] "GET /sitemap669.xml HTTP/1.1" 404 88 "-" "Mozilla/5.0 (Linux; Android 7.0;) AppleWebKit/537.36 (KHTML, like Gecko) Mobile Safari/537.36 (compatible; PetalBot;+https://webmaster.petalsearch.com/site/petalbot)" "mantech8.com"
202.5.30.37 - - [11/Sep/2022:11:22:27 -0700] "POST /mailer.php HTTP/1.1" 500 - "http://mantech8.com/contact.php" "Mozilla/5.0 (Windows NT 10.0; WOW64) AppleWebKit/537.36 (KHTML, like Gecko) Chrome/90.0.4430.72 Safari/537.36" "mantech8.com"
114.119.133.165 - - [11/Sep/2022:11:27:48 -0700] "GET /bimages/paintg/thump/?C=S%3BO%3DA HTTP/1.1" 200 483 "http://mantech8.com/bimages/paintg/thump/?C=D%3BO%3DA" "Mozilla/5.0 (Linux; Android 7.0;) AppleWebKit/537.36 (KHTML, like Gecko) Mobile Safari/537.36 (compatible; PetalBot;+https://webmaster.petalsearch.com/site/petalbot)" "mantech8.com"
141.8.142.101 - - [11/Sep/2022:11:27:59 -0700] "GET /robots.txt HTTP/1.1" 200 26464 "-" "Mozilla/5.0 (compatible; YandexBot/3.0; +http://yandex.com/bots)" "mantech8.com"
114.119.133.182 - - [11/Sep/2022:11:33:19 -0700] "GET /bimages/elect/?C=S%3BO%3DA HTTP/1.1" 200 417 "http://mantech8.com/bimages/elect/?C=N%3BO%3DD" "Mozilla/5.0 (Linux; Android 7.0;) AppleWebKit/537.36 (KHTML, like Gecko) Mobile Safari/537.36 (compatible; PetalBot;+https://webmaster.petalsearch.com/site/petalbot)" "mantech8.com"
114.119.133.190 - - [11/Sep/2022:11:38:44 -0700] "GET /index.php?ambrilidine.xml HTTP/1.1" 200 278245 "-" "Mozilla/5.0 (Linux; Android 7.0;) AppleWebKit/537.36 (KHTML, like Gecko) Mobile Safari/537.36 (compatible; PetalBot;+https://webmaster.petalsearch.com/site/petalbot)" "mantech8.com"
157.55.39.171 - - [11/Sep/2022:11:40:56 -0700] "GET /?sitemap21.xml HTTP/1.1" 200 272486 "-" "Mozilla/5.0 AppleWebKit/537.36 (KHTML, like Gecko; compatible; bingbot/2.0; +http://www.bing.com/bingbot.htm) Chrome/103.0.5060.134 Safari/537.36" "mantech8.com"
114.119.133.165 - - [11/Sep/2022:11:44:04 -0700] "GET /bimages/hydrog/thump/?C=N%3BO%3DD HTTP/1.1" 200 468 "http://www.mantech8.com/bimages/hydrog/thump/?C=D%3BO%3DA" "Mozilla/5.0 (Linux; Android 7.0;) AppleWebKit/537.36 (KHTML, like Gecko) Mobile Safari/537.36 (compatible; PetalBot;+https://webmaster.petalsearch.com/site/petalbot)" "www.mantech8.com"
51.222.253.1 - - [11/Sep/2022:11:44:22 -0700] "GET /robots.txt HTTP/1.1" 200 2442 "-" "Mozilla/5.0 (compatible; AhrefsBot/7.0; +http://ahrefs.com/robot/)" "mantech8.com"
157.55.39.103 - - [11/Sep/2022:11:44:36 -0700] "GET /index.php/biopoesis.xml HTTP/1.1" 200 333192 "-" "Mozilla/5.0 (compatible; bingbot/2.0; +http://www.bing.com/bingbot.htm)" "mantech8.com"
114.119.133.182 - - [11/Sep/2022:11:49:24 -0700] "GET /index.php/athermallize.xml HTTP/1.1" 200 319760 "-" "Mozilla/5.0 (Linux; Android 7.0;) AppleWebKit/537.36 (KHTML, like Gecko) Mobile Safari/537.36 (compatible; PetalBot;+https://webmaster.petalsearch.com/site/petalbot)" "mantech8.com"
114.119.133.182 - - [11/Sep/2022:11:54:49 -0700] "GET /bimages/himage/ HTTP/1.1" 200 443 "http://www.mantech8.com/bimages/?C=S%3BO%3DA" "Mozilla/5.0 (Linux; Android 7.0;) AppleWebKit/537.36 (KHTML, like Gecko) Mobile Safari/537.36 (compatible; PetalBot;+https://webmaster.petalsearch.com/site/petalbot)" "www.mantech8.com"
