114.119.133.165 - - [11/Sep/2022:04:29:28 -0700] "GET /bimages/hgallery/?C=N%3BO%3DD HTTP/1.1" 200 499 "http://mantech8.com/bimages/hgallery/?C=D%3BO%3DA" "Mozilla/5.0 (Linux; Android 7.0;) AppleWebKit/537.36 (KHTML, like Gecko) Mobile Safari/537.36 (compatible; PetalBot;+https://webmaster.petalsearch.com/site/petalbot)" "mantech8.com"
157.55.39.104 - - [11/Sep/2022:04:30:36 -0700] "GET /cleaning.php/js/html5shiv.min.js HTTP/1.1" 200 15035 "-" "Mozilla/5.0 (compatible; MSIE 9.0; Windows NT 6.1; Trident/5.0)" "mantech8.com"
157.55.39.104 - - [11/Sep/2022:04:33:16 -0700] "GET /bimages/gallery/p10.jpg HTTP/1.1" 200 60015 "-" "Mozilla/5.0 (compatible; bingbot/2.0; +http://www.bing.com/bingbot.htm)" "mantech8.com"
114.119.133.182 - - [11/Sep/2022:04:34:43 -0700] "GET /bimages/hydrog/?C=N%3BO%3DD HTTP/1.1" 200 486 "http://www.mantech8.com/bimages/hydrog/?C=M%3BO%3DA" "Mozilla/5.0 (Linux; Android 7.0;) AppleWebKit/537.36 (KHTML, like Gecko) Mobile Safari/537.36 (compatible; PetalBot;+https://webmaster.petalsearch.com/site/petalbot)" "www.mantech8.com"
157.55.39.86 - - [11/Sep/2022:04:36:07 -0700] "GET /?successional.xml HTTP/1.1" 200 298036 "-" "Mozilla/5.0 (compatible; bingbot/2.0; +http://www.bing.com/bingbot.htm)" "mantech8.com"
207.46.13.23 - - [11/Sep/2022:04:37:06 -0700] "GET /services.php/js/jquery-1.11.3.min.js HTTP/1.1" 200 39198 "-" "Mozilla/5.0 (compatible; MSIE 9.0; Windows NT 6.1; Trident/5.0)" "mantech8.com"
157.55.39.86 - - [11/Sep/2022:04:37:17 -0700] "GET /camp-fire/72332559.html HTTP/1.1" 404 88 "-" "Mozilla/5.0 (compatible; bingbot/2.0; +http://www.bing.com/bingbot.htm)" "www.mantech8.com"
157.55.39.103 - - [11/Sep/2022:04:37:35 -0700] "GET /?sitemap854.xml HTTP/1.1" 200 233977 "-" "Mozilla/5.0 (compatible; bingbot/2.0; +http://www.bing.com/bingbot.htm)" "mantech8.com"
114.119.133.182 - - [11/Sep/2022:04:39:58 -0700] "GET /index.php?sitemap7.xml HTTP/1.1" 200 298286 "-" "Mozilla/5.0 (Linux; Android 7.0;) AppleWebKit/537.36 (KHTML, like Gecko) Mobile Safari/537.36 (compatible; PetalBot;+https://webmaster.petalsearch.com/site/petalbot)" "mantech8.com"
40.77.167.54 - - [11/Sep/2022:04:40:12 -0700] "GET /index.php?ambrilidine.xml HTTP/1.1" 200 333744 "-" "Mozilla/5.0 (compatible; bingbot/2.0; +http://www.bing.com/bingbot.htm)" "mantech8.com"
157.55.39.103 - - [11/Sep/2022:04:40:17 -0700] "GET /?sitemap81.xml HTTP/1.1" 200 295601 "-" "Mozilla/5.0 (compatible; bingbot/2.0; +http://www.bing.com/bingbot.htm)" "mantech8.com"
157.55.39.104 - - [11/Sep/2022:04:40:35 -0700] "GET /bimages/certificate/C11.jpg HTTP/1.1" 200 408902 "-" "Mozilla/5.0 (compatible; bingbot/2.0; +http://www.bing.com/bingbot.htm)" "www.mantech8.com"
157.55.39.104 - - [11/Sep/2022:04:40:36 -0700] "GET /index.php/sitemap9346.xml HTTP/1.1" 200 267438 "-" "Mozilla/5.0 (compatible; bingbot/2.0; +http://www.bing.com/bingbot.htm)" "mantech8.com"
157.55.39.104 - - [11/Sep/2022:04:42:46 -0700] "GET /?sitemap53295.xml HTTP/1.1" 200 314303 "-" "Mozilla/5.0 (compatible; bingbot/2.0; +http://www.bing.com/bingbot.htm)" "mantech8.com"
216.244.66.241 - - [11/Sep/2022:04:44:01 -0700] "GET /images/paint%20b5.jpg HTTP/1.1" 200 91524 "-" "Mozilla/5.0 (compatible; DotBot/1.2; +https://opensiteexplorer.org/dotbot; help@moz.com)" "www.mantech8.com"
114.119.133.158 - - [11/Sep/2022:04:45:16 -0700] "GET /?sitemap53295.xml HTTP/1.1" 200 228795 "-" "Mozilla/5.0 (compatible;PetalBot;+https://webmaster.petalsearch.com/site/petalbot)" "mantech8.com"
157.55.39.86 - - [11/Sep/2022:04:46:28 -0700] "GET /?mekonium.xml HTTP/1.1" 200 317823 "-" "Mozilla/5.0 (compatible; bingbot/2.0; +http://www.bing.com/bingbot.htm)" "mantech8.com"
207.46.13.23 - - [11/Sep/2022:04:46:36 -0700] "GET /?murium.xml HTTP/1.1" 200 264497 "-" "Mozilla/5.0 (compatible; bingbot/2.0; +http://www.bing.com/bingbot.htm)" "mantech8.com"
114.119.133.158 - - [11/Sep/2022:04:50:29 -0700] "GET /index.php?sitemap3086.xml HTTP/1.1" 200 343490 "-" "Mozilla/5.0 (compatible;PetalBot;+https://webmaster.petalsearch.com/site/petalbot)" "mantech8.com"
207.46.13.23 - - [11/Sep/2022:04:51:16 -0700] "GET /index.php/megatheroid.xml HTTP/1.1" 200 326775 "-" "Mozilla/5.0 (compatible; bingbot/2.0; +http://www.bing.com/bingbot.htm)" "mantech8.com"
207.46.13.23 - - [11/Sep/2022:04:51:17 -0700] "GET /?infuriates.xml HTTP/1.1" 200 324458 "-" "Mozilla/5.0 (compatible; bingbot/2.0; +http://www.bing.com/bingbot.htm)" "mantech8.com"
207.46.13.23 - - [11/Sep/2022:04:53:57 -0700] "GET /index.php/sitemap4595.xml HTTP/1.1" 200 275707 "-" "Mozilla/5.0 (compatible; bingbot/2.0; +http://www.bing.com/bingbot.htm)" "mantech8.com"
114.119.133.190 - - [11/Sep/2022:04:55:44 -0700] "GET /index.php/sitemap-index-4.xml HTTP/1.1" 200 5556 "-" "Mozilla/5.0 (compatible;PetalBot;+https://webmaster.petalsearch.com/site/petalbot)" "mantech8.com"
185.191.171.40 - - [11/Sep/2022:04:58:32 -0700] "GET /robots.txt HTTP/1.1" 200 2442 "-" "Mozilla/5.0 (compatible; SemrushBot/7~bl; +http://www.semrush.com/bot.html)" "mantech8.com"
185.191.171.23 - - [11/Sep/2022:04:58:33 -0700] "GET /bimages/safety/ HTTP/1.1" 200 465 "-" "Mozilla/5.0 (compatible; SemrushBot/7~bl; +http://www.semrush.com/bot.html)" "mantech8.com"
207.46.13.179 - - [11/Sep/2022:05:00:08 -0700] "GET /index.php?prinker.xml HTTP/1.1" 200 273669 "-" "Mozilla/5.0 (compatible; bingbot/2.0; +http://www.bing.com/bingbot.htm)" "mantech8.com"
157.55.39.86 - - [11/Sep/2022:05:00:40 -0700] "GET /index.php?manlundang.xml HTTP/1.1" 200 345685 "-" "Mozilla/5.0 (compatible; bingbot/2.0; +http://www.bing.com/bingbot.htm)" "mantech8.com"
114.119.133.190 - - [11/Sep/2022:05:01:00 -0700] "GET /sitemap5050.xml HTTP/1.1" 404 88 "-" "Mozilla/5.0 (compatible;PetalBot;+https://webmaster.petalsearch.com/site/petalbot)" "mantech8.com"
185.191.171.11 - - [11/Sep/2022:05:01:17 -0700] "GET /bimages/paintg/sidebar.php HTTP/1.1" 200 32 "-" "Mozilla/5.0 (compatible; SemrushBot/7~bl; +http://www.semrush.com/bot.html)" "mantech8.com"
207.46.13.23 - - [11/Sep/2022:05:01:57 -0700] "GET /index.php/sitemap1421.xml HTTP/1.1" 200 309580 "-" "Mozilla/5.0 (compatible; bingbot/2.0; +http://www.bing.com/bingbot.htm)" "mantech8.com"
157.55.39.103 - - [11/Sep/2022:05:03:48 -0700] "GET /index.php/kleffens.xml HTTP/1.1" 200 309851 "-" "Mozilla/5.0 (compatible; bingbot/2.0; +http://www.bing.com/bingbot.htm)" "mantech8.com"
114.119.133.158 - - [11/Sep/2022:05:06:15 -0700] "GET /index.php/crystalgazer.xml HTTP/1.1" 200 288545 "-" "Mozilla/5.0 (compatible;PetalBot;+https://webmaster.petalsearch.com/site/petalbot)" "mantech8.com"
157.55.39.104 - - [11/Sep/2022:05:07:18 -0700] "GET /index.php?sitemap531.xml HTTP/1.1" 200 275910 "-" "Mozilla/5.0 (compatible; bingbot/2.0; +http://www.bing.com/bingbot.htm)" "mantech8.com"
207.46.13.179 - - [11/Sep/2022:05:07:47 -0700] "GET /index.php/leiye.xml HTTP/1.1" 200 279361 "-" "Mozilla/5.0 (compatible; bingbot/2.0; +http://www.bing.com/bingbot.htm)" "mantech8.com"
40.77.167.54 - - [11/Sep/2022:05:08:05 -0700] "GET /index.php?kongcunzhen.xml HTTP/1.1" 200 296998 "-" "Mozilla/5.0 (compatible; bingbot/2.0; +http://www.bing.com/bingbot.htm)" "mantech8.com"
207.46.13.179 - - [11/Sep/2022:05:08:17 -0700] "GET /?sitemap645.xml HTTP/1.1" 200 256226 "-" "Mozilla/5.0 (compatible; bingbot/2.0; +http://www.bing.com/bingbot.htm)" "mantech8.com"
20.77.49.95 - - [11/Sep/2022:05:08:40 -0700] "GET /wp-admin/css/ HTTP/1.1" 404 88 "binance.com" "Mozilla/5.0 (Windows NT 10.0; Win64; x64) AppleWebKit/537.36 (KHTML, like Gecko) Chrome/90.0.4430.85 Safari/537.36" "mantech8.com"
20.77.49.95 - - [11/Sep/2022:05:08:57 -0700] "GET /sites/default/files/ HTTP/1.1" 404 88 "binance.com" "Mozilla/5.0 (Windows NT 10.0; Win64; x64) AppleWebKit/537.36 (KHTML, like Gecko) Chrome/90.0.4430.85 Safari/537.36" "mantech8.com"
20.77.49.95 - - [11/Sep/2022:05:09:07 -0700] "GET /admin/controller/extension/extension/ HTTP/1.1" 404 88 "binance.com" "Mozilla/5.0 (Windows NT 10.0; Win64; x64) AppleWebKit/537.36 (KHTML, like Gecko) Chrome/90.0.4430.85 Safari/537.36" "mantech8.com"
216.244.66.241 - - [11/Sep/2022:05:09:16 -0700] "GET /robots.txt HTTP/1.1" 200 26464 "-" "Mozilla/5.0 (compatible; DotBot/1.2; +https://opensiteexplorer.org/dotbot; help@moz.com)" "mantech8.com"
216.244.66.241 - - [11/Sep/2022:05:09:16 -0700] "GET /robots.txt HTTP/1.1" 200 26464 "-" "Mozilla/5.0 (compatible; DotBot/1.2; +https://opensiteexplorer.org/dotbot; help@moz.com)" "www.mantech8.com"
20.77.49.95 - - [11/Sep/2022:05:09:17 -0700] "GET /uploads/ HTTP/1.1" 404 88 "binance.com" "Mozilla/5.0 (Windows NT 10.0; Win64; x64) AppleWebKit/537.36 (KHTML, like Gecko) Chrome/90.0.4430.85 Safari/537.36" "mantech8.com"
157.55.39.104 - - [11/Sep/2022:05:09:19 -0700] "GET /index.php/sitemap14278.xml HTTP/1.1" 200 251614 "-" "Mozilla/5.0 (compatible; bingbot/2.0; +http://www.bing.com/bingbot.htm)" "mantech8.com"
20.77.49.95 - - [11/Sep/2022:05:09:26 -0700] "GET /images/ HTTP/1.1" 200 6505 "binance.com" "Mozilla/5.0 (Windows NT 10.0; Win64; x64) AppleWebKit/537.36 (KHTML, like Gecko) Chrome/90.0.4430.85 Safari/537.36" "mantech8.com"
20.77.49.95 - - [11/Sep/2022:05:09:37 -0700] "GET /images/ HTTP/1.1" 200 6505 "binance.com" "Mozilla/5.0 (Windows NT 10.0; Win64; x64) AppleWebKit/537.36 (KHTML, like Gecko) Chrome/90.0.4430.85 Safari/537.36" "mantech8.com"
20.77.49.95 - - [11/Sep/2022:05:09:47 -0700] "GET /images/db_table_exists.lib.php HTTP/1.1" 200 32 "binance.com" "Mozilla/5.0 (Windows NT 10.0; Win64; x64) AppleWebKit/537.36 (KHTML, like Gecko) Chrome/90.0.4430.85 Safari/537.36" "mantech8.com"
20.77.49.95 - - [11/Sep/2022:05:10:03 -0700] "GET /files/ HTTP/1.1" 404 88 "binance.com" "Mozilla/5.0 (Windows NT 10.0; Win64; x64) AppleWebKit/537.36 (KHTML, like Gecko) Chrome/90.0.4430.85 Safari/537.36" "mantech8.com"
40.77.167.54 - - [11/Sep/2022:05:10:45 -0700] "GET /?ching-kuo.xml HTTP/1.1" 200 236375 "-" "Mozilla/5.0 (compatible; bingbot/2.0; +http://www.bing.com/bingbot.htm)" "mantech8.com"
114.119.133.158 - - [11/Sep/2022:05:11:31 -0700] "GET /?sitemap2998.xml HTTP/1.1" 200 285993 "-" "Mozilla/5.0 (compatible;PetalBot;+https://webmaster.petalsearch.com/site/petalbot)" "mantech8.com"
40.77.167.54 - - [11/Sep/2022:05:12:45 -0700] "GET /index.php?sitemap8996.xml HTTP/1.1" 200 250694 "-" "Mozilla/5.0 (compatible; bingbot/2.0; +http://www.bing.com/bingbot.htm)" "mantech8.com"
157.55.39.103 - - [11/Sep/2022:05:14:48 -0700] "GET /index.php?sitemap768.xml HTTP/1.1" 200 272782 "-" "Mozilla/5.0 (compatible; bingbot/2.0; +http://www.bing.com/bingbot.htm)" "mantech8.com"
114.119.133.182 - - [11/Sep/2022:05:16:47 -0700] "GET /?sitemap348.xml HTTP/1.1" 200 238798 "-" "Mozilla/5.0 (compatible;PetalBot;+https://webmaster.petalsearch.com/site/petalbot)" "mantech8.com"
207.46.13.179 - - [11/Sep/2022:05:17:07 -0700] "GET /?sitemap70.xml HTTP/1.1" 200 289180 "-" "Mozilla/5.0 AppleWebKit/537.36 (KHTML, like Gecko; compatible; bingbot/2.0; +http://www.bing.com/bingbot.htm) Chrome/103.0.5060.134 Safari/537.36" "mantech8.com"
77.75.78.161 - - [11/Sep/2022:05:18:00 -0700] "GET /robots.txt HTTP/1.1" 200 2442 "-" "Mozilla/5.0 (compatible; SeznamBot/3.2; +http://napoveda.seznam.cz/en/seznambot-intro/)" "mantech8.com"
77.75.78.161 - - [11/Sep/2022:05:18:01 -0700] "GET /sitemap7.xml HTTP/1.1" 404 88 "-" "Mozilla/5.0 (compatible; SeznamBot/3.2; +http://napoveda.seznam.cz/en/seznambot-intro/)" "mantech8.com"
104.244.79.187 - - [11/Sep/2022:05:18:28 -0700] "GET /contact.php HTTP/1.1" 200 29238 "http://mantech8.com/contact.php" "Mozilla/5.0 (Windows NT 6.1; Win64; x64) AppleWebKit/537.36 (KHTML, like Gecko) Chrome/90.0.4430.85 Safari/537.36" "mantech8.com"
104.244.79.187 - - [11/Sep/2022:05:18:29 -0700] "GET /verificationimage.php?1913 HTTP/1.1" 200 1355 "http://mantech8.com/contact.php" "Mozilla/5.0 (Windows NT 6.1; Win64; x64) AppleWebKit/537.36 (KHTML, like Gecko) Chrome/90.0.4430.85 Safari/537.36" "mantech8.com"
104.244.79.187 - - [11/Sep/2022:05:18:30 -0700] "POST /mailer.php HTTP/1.1" 500 - "http://mantech8.com/contact.php" "Mozilla/5.0 (Windows NT 6.1; Win64; x64) AppleWebKit/537.36 (KHTML, like Gecko) Chrome/90.0.4430.85 Safari/537.36" "mantech8.com"
104.244.79.187 - - [11/Sep/2022:05:18:31 -0700] "GET /contact.php HTTP/1.1" 200 29238 "http://mantech8.com/contact.php" "Mozilla/5.0 (Windows NT 6.1; Win64; x64) AppleWebKit/537.36 (KHTML, like Gecko) Chrome/90.0.4430.85 Safari/537.36" "mantech8.com"
157.55.39.104 - - [11/Sep/2022:05:18:39 -0700] "GET /index.php/tetrathionates.xml HTTP/1.1" 200 329333 "-" "Mozilla/5.0 (compatible; bingbot/2.0; +http://www.bing.com/bingbot.htm)" "mantech8.com"
207.46.13.23 - - [11/Sep/2022:05:19:29 -0700] "GET /index.php?venatically.xml HTTP/1.1" 200 317575 "-" "Mozilla/5.0 AppleWebKit/537.36 (KHTML, like Gecko; compatible; bingbot/2.0; +http://www.bing.com/bingbot.htm) Chrome/103.0.5060.134 Safari/537.36" "mantech8.com"
178.128.92.182 - - [11/Sep/2022:05:19:49 -0700] "GET / HTTP/1.1" 500 - "-" "Mozilla/5.0 (Windows NT 10.0; Win64; x64) AppleWebKit/537.36 (KHTML, like Gecko) Chrome/88.0.4240.193 Safari/537.36" "mantech8.com"
178.128.92.182 - - [11/Sep/2022:05:19:50 -0700] "GET / HTTP/1.1" 500 - "-" "Mozilla/5.0 (Windows NT 10.0; Win64; x64) AppleWebKit/537.36 (KHTML, like Gecko) Chrome/88.0.4240.193 Safari/537.36" "mantech8.com"
178.128.92.182 - - [11/Sep/2022:05:19:51 -0700] "GET /wp-includes/wlwmanifest.xml HTTP/1.1" 404 73 "-" "Mozilla/5.0 (Windows NT 10.0; Win64; x64) AppleWebKit/537.36 (KHTML, like Gecko) Chrome/88.0.4240.193 Safari/537.36" "mantech8.com"
178.128.92.182 - - [11/Sep/2022:05:19:51 -0700] "GET /xmlrpc.php?rsd HTTP/1.1" 500 4939 "-" "Mozilla/5.0 (Windows NT 10.0; Win64; x64) AppleWebKit/537.36 (KHTML, like Gecko) Chrome/88.0.4240.193 Safari/537.36" "mantech8.com"
178.128.92.182 - - [11/Sep/2022:05:19:52 -0700] "GET / HTTP/1.1" 500 - "-" "Mozilla/5.0 (Windows NT 10.0; Win64; x64) AppleWebKit/537.36 (KHTML, like Gecko) Chrome/88.0.4240.193 Safari/537.36" "mantech8.com"
178.128.92.182 - - [11/Sep/2022:05:19:52 -0700] "GET /blog/wp-includes/wlwmanifest.xml HTTP/1.1" 404 73 "-" "Mozilla/5.0 (Windows NT 10.0; Win64; x64) AppleWebKit/537.36 (KHTML, like Gecko) Chrome/88.0.4240.193 Safari/537.36" "mantech8.com"
178.128.92.182 - - [11/Sep/2022:05:19:53 -0700] "GET /web/wp-includes/wlwmanifest.xml HTTP/1.1" 404 73 "-" "Mozilla/5.0 (Windows NT 10.0; Win64; x64) AppleWebKit/537.36 (KHTML, like Gecko) Chrome/88.0.4240.193 Safari/537.36" "mantech8.com"
178.128.92.182 - - [11/Sep/2022:05:19:53 -0700] "GET /wordpress/wp-includes/wlwmanifest.xml HTTP/1.1" 404 73 "-" "Mozilla/5.0 (Windows NT 10.0; Win64; x64) AppleWebKit/537.36 (KHTML, like Gecko) Chrome/88.0.4240.193 Safari/537.36" "mantech8.com"
178.128.92.182 - - [11/Sep/2022:05:19:54 -0700] "GET /website/wp-includes/wlwmanifest.xml HTTP/1.1" 404 73 "-" "Mozilla/5.0 (Windows NT 10.0; Win64; x64) AppleWebKit/537.36 (KHTML, like Gecko) Chrome/88.0.4240.193 Safari/537.36" "mantech8.com"
178.128.92.182 - - [11/Sep/2022:05:19:54 -0700] "GET /wp/wp-includes/wlwmanifest.xml HTTP/1.1" 404 73 "-" "Mozilla/5.0 (Windows NT 10.0; Win64; x64) AppleWebKit/537.36 (KHTML, like Gecko) Chrome/88.0.4240.193 Safari/537.36" "mantech8.com"
178.128.92.182 - - [11/Sep/2022:05:19:55 -0700] "GET /news/wp-includes/wlwmanifest.xml HTTP/1.1" 404 73 "-" "Mozilla/5.0 (Windows NT 10.0; Win64; x64) AppleWebKit/537.36 (KHTML, like Gecko) Chrome/88.0.4240.193 Safari/537.36" "mantech8.com"
178.128.92.182 - - [11/Sep/2022:05:19:55 -0700] "GET /2020/wp-includes/wlwmanifest.xml HTTP/1.1" 404 73 "-" "Mozilla/5.0 (Windows NT 10.0; Win64; x64) AppleWebKit/537.36 (KHTML, like Gecko) Chrome/88.0.4240.193 Safari/537.36" "mantech8.com"
178.128.92.182 - - [11/Sep/2022:05:19:56 -0700] "GET /2019/wp-includes/wlwmanifest.xml HTTP/1.1" 404 73 "-" "Mozilla/5.0 (Windows NT 10.0; Win64; x64) AppleWebKit/537.36 (KHTML, like Gecko) Chrome/88.0.4240.193 Safari/537.36" "mantech8.com"
178.128.92.182 - - [11/Sep/2022:05:19:56 -0700] "GET /shop/wp-includes/wlwmanifest.xml HTTP/1.1" 404 73 "-" "Mozilla/5.0 (Windows NT 10.0; Win64; x64) AppleWebKit/537.36 (KHTML, like Gecko) Chrome/88.0.4240.193 Safari/537.36" "mantech8.com"
178.128.92.182 - - [11/Sep/2022:05:19:57 -0700] "GET /wp1/wp-includes/wlwmanifest.xml HTTP/1.1" 404 73 "-" "Mozilla/5.0 (Windows NT 10.0; Win64; x64) AppleWebKit/537.36 (KHTML, like Gecko) Chrome/88.0.4240.193 Safari/537.36" "mantech8.com"
178.128.92.182 - - [11/Sep/2022:05:19:57 -0700] "GET /test/wp-includes/wlwmanifest.xml HTTP/1.1" 404 73 "-" "Mozilla/5.0 (Windows NT 10.0; Win64; x64) AppleWebKit/537.36 (KHTML, like Gecko) Chrome/88.0.4240.193 Safari/537.36" "mantech8.com"
178.128.92.182 - - [11/Sep/2022:05:19:58 -0700] "GET /wp2/wp-includes/wlwmanifest.xml HTTP/1.1" 404 73 "-" "Mozilla/5.0 (Windows NT 10.0; Win64; x64) AppleWebKit/537.36 (KHTML, like Gecko) Chrome/88.0.4240.193 Safari/537.36" "mantech8.com"
178.128.92.182 - - [11/Sep/2022:05:19:58 -0700] "GET /site/wp-includes/wlwmanifest.xml HTTP/1.1" 404 73 "-" "Mozilla/5.0 (Windows NT 10.0; Win64; x64) AppleWebKit/537.36 (KHTML, like Gecko) Chrome/88.0.4240.193 Safari/537.36" "mantech8.com"
178.128.92.182 - - [11/Sep/2022:05:19:59 -0700] "GET /cms/wp-includes/wlwmanifest.xml HTTP/1.1" 404 73 "-" "Mozilla/5.0 (Windows NT 10.0; Win64; x64) AppleWebKit/537.36 (KHTML, like Gecko) Chrome/88.0.4240.193 Safari/537.36" "mantech8.com"
178.128.92.182 - - [11/Sep/2022:05:19:59 -0700] "GET /sito/wp-includes/wlwmanifest.xml HTTP/1.1" 404 73 "-" "Mozilla/5.0 (Windows NT 10.0; Win64; x64) AppleWebKit/537.36 (KHTML, like Gecko) Chrome/88.0.4240.193 Safari/537.36" "mantech8.com"
40.77.167.54 - - [11/Sep/2022:05:20:26 -0700] "GET /camp-fire/18921273.html HTTP/1.1" 404 88 "-" "Mozilla/5.0 (compatible; bingbot/2.0; +http://www.bing.com/bingbot.htm)" "mantech8.com"
40.77.167.54 - - [11/Sep/2022:05:20:26 -0700] "GET /index.php?sitemap40.xml HTTP/1.1" 200 249396 "-" "Mozilla/5.0 (compatible; bingbot/2.0; +http://www.bing.com/bingbot.htm)" "mantech8.com"
66.135.7.71 - - [11/Sep/2022:05:21:20 -0700] "GET /robots.txt HTTP/1.1" 200 2442 "http://www.mantech8.com" "Mozilla/5.0 (Macintosh; Intel Mac OS X 10_11_6) AppleWebKit/537.36 (KHTML, like Gecko) Chromium/102.0.7033.7553 Safari/537.36" "www.mantech8.com"
66.135.7.71 - - [11/Sep/2022:05:21:20 -0700] "GET / HTTP/1.1" 500 - "http://www.mantech8.com" "Mozilla/5.0 (Macintosh; Intel Mac OS X 10_15_7) AppleWebKit/537.36 (KHTML, like Gecko) Chrome/104.0.0.0 Safari/537.36" "www.mantech8.com"
66.135.7.71 - - [11/Sep/2022:05:21:20 -0700] "HEAD / HTTP/1.1" 500 - "http://www.mantech8.com" "Mozilla/5.0 (Windows NT 10.0; rv:102.0) Gecko/20100101 Firefox/102.0" "www.mantech8.com"
66.135.7.71 - - [11/Sep/2022:05:21:20 -0700] "HEAD / HTTP/1.1" 500 - "http://www.mantech8.com/robots.txt" "Mozilla/5.0 (Windows NT 10.0; rv:102.0) Gecko/20100101 Firefox/102.0" "www.mantech8.com"
168.151.174.71 - - [11/Sep/2022:05:21:20 -0700] "GET /robots.txt HTTP/1.1" 200 2442 "http://www.mantech8.com" "Mozilla/5.0 (Windows NT 6.1; Win64; x64; rv:103.0) Gecko/20100101 Firefox/103.0" "www.mantech8.com"
161.123.77.12 - - [11/Sep/2022:05:21:20 -0700] "HEAD / HTTP/1.1" 500 - "http://www.mantech8.com" "Mozilla/5.0 (Windows NT 10.0; Win64; x64) AppleWebKit/537.36 (KHTML, like Gecko) Chrome/85.0.4183.83 Safari/537.36" "www.mantech8.com"
152.39.230.96 - - [11/Sep/2022:05:21:20 -0700] "HEAD / HTTP/1.1" 500 - "http://www.mantech8.com" "Mozilla/5.0 (Windows NT 10.0; rv:102.0) Gecko/20100101 Firefox/102.0" "www.mantech8.com"
212.80.221.0 - - [11/Sep/2022:05:21:20 -0700] "GET / HTTP/1.1" 500 - "http://www.mantech8.com" "Mozilla/5.0 (Windows NT 10.0; rv:102.0) Gecko/20100101 Firefox/102.0" "www.mantech8.com"
139.28.137.62 - - [11/Sep/2022:05:21:20 -0700] "GET /robots.txt HTTP/1.1" 200 2442 "http://www.mantech8.com" "Mozilla/5.0 (Macintosh; Intel Mac OS X 10_11_6) AppleWebKit/537.36 (KHTML, like Gecko) Chromium/102.0.7033.7553 Safari/537.36" "www.mantech8.com"
168.151.174.71 - - [11/Sep/2022:05:21:20 -0700] "HEAD / HTTP/1.1" 500 - "http://www.mantech8.com/robots.txt" "Mozilla/5.0 (Macintosh; Intel Mac OS X 10_11_6) AppleWebKit/537.36 (KHTML, like Gecko) Chromium/102.0.7033.7553 Safari/537.36" "www.mantech8.com"
154.17.82.117 - - [11/Sep/2022:05:21:20 -0700] "GET / HTTP/1.1" 500 - "http://www.mantech8.com" "Mozilla/5.0 (Macintosh; Intel Mac OS X 10_15_7) AppleWebKit/537.36 (KHTML, like Gecko) Chrome/104.0.0.0 Safari/537.36" "www.mantech8.com"
149.71.177.17 - - [11/Sep/2022:05:21:20 -0700] "HEAD / HTTP/1.1" 500 - "http://www.mantech8.com" "Mozilla/5.0 (Windows NT 10.0; Win64; x64) AppleWebKit/537.36 (KHTML, like Gecko) Chrome/85.0.4183.83 Safari/537.36" "www.mantech8.com"
154.17.95.139 - - [11/Sep/2022:05:21:20 -0700] "GET /robots.txt HTTP/1.1" 200 2442 "http://www.mantech8.com" "Mozilla/5.0 (Windows NT 6.1; Win64; x64; rv:103.0) Gecko/20100101 Firefox/103.0" "www.mantech8.com"
139.28.137.62 - - [11/Sep/2022:05:21:20 -0700] "HEAD / HTTP/1.1" 500 - "http://www.mantech8.com/robots.txt" "Mozilla/5.0 (Macintosh; Intel Mac OS X 10_15_7) AppleWebKit/537.36 (KHTML, like Gecko) Chrome/104.0.0.0 Safari/537.36" "www.mantech8.com"
91.108.207.144 - - [11/Sep/2022:05:21:20 -0700] "HEAD / HTTP/1.1" 500 - "http://www.mantech8.com/robots.txt" "Mozilla/5.0 (Macintosh; Intel Mac OS X 10_15_7) AppleWebKit/537.36 (KHTML, like Gecko) Chrome/104.0.0.0 Safari/537.36" "www.mantech8.com"
154.17.95.139 - - [11/Sep/2022:05:21:21 -0700] "HEAD / HTTP/1.1" 500 - "http://www.mantech8.com/robots.txt" "Mozilla/5.0 (Windows NT 10.0; Win64; x64) AppleWebKit/537.36 (KHTML, like Gecko) Chrome/85.0.4183.83 Safari/537.36" "www.mantech8.com"
92.119.24.254 - - [11/Sep/2022:05:21:21 -0700] "GET /robots.txt HTTP/1.1" 200 2442 "http://www.mantech8.com" "Mozilla/5.0 (Macintosh; Intel Mac OS X 10_11_6) AppleWebKit/537.36 (KHTML, like Gecko) Chromium/102.0.7033.7553 Safari/537.36" "www.mantech8.com"
68.104.240.218 - - [11/Sep/2022:05:21:21 -0700] "HEAD / HTTP/1.1" 500 - "http://www.mantech8.com/robots.txt" "Mozilla/5.0 (Windows NT 10.0; Win64; x64) AppleWebKit/537.36 (KHTML, like Gecko) Chrome/85.0.4183.83 Safari/537.36" "www.mantech8.com"
108.238.191.8 - - [11/Sep/2022:05:21:21 -0700] "GET /robots.txt HTTP/1.1" 200 2442 "http://www.mantech8.com" "Mozilla/5.0 (Windows NT 6.1; Win64; x64; rv:103.0) Gecko/20100101 Firefox/103.0" "www.mantech8.com"
92.119.24.254 - - [11/Sep/2022:05:21:21 -0700] "HEAD / HTTP/1.1" 500 - "http://www.mantech8.com/robots.txt" "Mozilla/5.0 (Windows NT 6.1; Win64; x64; rv:103.0) Gecko/20100101 Firefox/103.0" "www.mantech8.com"
108.238.191.8 - - [11/Sep/2022:05:21:21 -0700] "HEAD / HTTP/1.1" 500 - "http://www.mantech8.com/robots.txt" "Mozilla/5.0 (Windows NT 10.0; Win64; x64) AppleWebKit/537.36 (KHTML, like Gecko) Chrome/85.0.4183.83 Safari/537.36" "www.mantech8.com"
141.11.173.62 - - [11/Sep/2022:05:21:21 -0700] "HEAD / HTTP/1.1" 500 - "http://www.mantech8.com" "Mozilla/5.0 (Windows NT 10.0; Win64; x64) AppleWebKit/537.36 (KHTML, like Gecko) Chrome/85.0.4183.83 Safari/537.36" "www.mantech8.com"
141.242.174.2 - - [11/Sep/2022:05:21:22 -0700] "GET /robots.txt HTTP/1.1" 200 2442 "http://www.mantech8.com" "Mozilla/5.0 (Windows NT 6.1; Win64; x64; rv:103.0) Gecko/20100101 Firefox/103.0" "www.mantech8.com"
141.242.174.2 - - [11/Sep/2022:05:21:22 -0700] "HEAD / HTTP/1.1" 500 - "http://www.mantech8.com/robots.txt" "Mozilla/5.0 (Windows NT 6.1; Win64; x64; rv:103.0) Gecko/20100101 Firefox/103.0" "www.mantech8.com"
89.151.179.67 - - [11/Sep/2022:05:21:22 -0700] "GET /robots.txt HTTP/1.1" 200 2442 "http://www.mantech8.com" "Mozilla/5.0 (Macintosh; Intel Mac OS X 10_11_6) AppleWebKit/537.36 (KHTML, like Gecko) Chromium/102.0.7033.7553 Safari/537.36" "www.mantech8.com"
89.151.179.67 - - [11/Sep/2022:05:21:23 -0700] "HEAD / HTTP/1.1" 500 - "http://www.mantech8.com/robots.txt" "Mozilla/5.0 (Windows NT 6.1; Win64; x64; rv:103.0) Gecko/20100101 Firefox/103.0" "www.mantech8.com"
141.242.33.15 - - [11/Sep/2022:05:21:23 -0700] "GET /robots.txt HTTP/1.1" 200 2442 "http://www.mantech8.com" "Mozilla/5.0 (Macintosh; Intel Mac OS X 10_11_6) AppleWebKit/537.36 (KHTML, like Gecko) Chromium/102.0.7033.7553 Safari/537.36" "www.mantech8.com"
141.242.33.15 - - [11/Sep/2022:05:21:23 -0700] "HEAD / HTTP/1.1" 500 - "http://www.mantech8.com/robots.txt" "Mozilla/5.0 (Macintosh; Intel Mac OS X 10_11_6) AppleWebKit/537.36 (KHTML, like Gecko) Chromium/102.0.7033.7553 Safari/537.36" "www.mantech8.com"
159.223.110.169 - - [11/Sep/2022:05:21:24 -0700] "GET /robots.txt HTTP/1.1" 200 2442 "https://www.google.com/" "Mozilla/5.0 (Macintosh; Intel Mac OS X 10_15_7) AppleWebKit/537.36 (KHTML, like Gecko) Chrome/104.0.0.0 Safari/537.36" "www.mantech8.com"
159.223.110.169 - - [11/Sep/2022:05:21:24 -0700] "HEAD / HTTP/1.1" 500 - "https://www.google.com/" "Mozilla/5.0 (Windows NT 6.1) AppleWebKit/537.36 (KHTML, like Gecko) Chrome/104.0.4813.3052 Safari/537.36" "www.mantech8.com"
159.223.110.169 - - [11/Sep/2022:05:21:24 -0700] "GET / HTTP/1.1" 500 - "http://www.mantech8.com/" "Mozilla/5.0 (Windows NT 10.0; Win64; x64) AppleWebKit/537.36 (KHTML, like Gecko) Chrome/85.0.4183.83 Safari/537.36 Edg/85.0.564.41" "www.mantech8.com"
159.223.110.169 - - [11/Sep/2022:05:21:24 -0700] "HEAD / HTTP/1.1" 500 - "http://www.mantech8.com/robots.txt" "Mozilla/5.0 (Macintosh; Intel Mac OS X 10_15_7) AppleWebKit/537.36 (KHTML, like Gecko) Chrome/104.0.0.0 Safari/537.36" "www.mantech8.com"
158.115.242.195 - - [11/Sep/2022:05:21:24 -0700] "HEAD / HTTP/1.1" 500 - "https://www.google.com/" "Mozilla/5.0 (Windows NT 6.1) AppleWebKit/537.36 (KHTML, like Gecko) Chrome/104.0.4813.3052 Safari/537.36" "www.mantech8.com"
213.188.67.87 - - [11/Sep/2022:05:21:24 -0700] "HEAD / HTTP/1.1" 500 - "https://www.google.com/" "Mozilla/5.0 (Macintosh; Intel Mac OS X 10_15_7) AppleWebKit/537.36 (KHTML, like Gecko) Chrome/104.0.0.0 Safari/537.36" "www.mantech8.com"
84.39.228.120 - - [11/Sep/2022:05:21:24 -0700] "HEAD / HTTP/1.1" 500 - "https://www.google.com/" "Mozilla/5.0 (Macintosh; Intel Mac OS X 10_15_7) AppleWebKit/537.36 (KHTML, like Gecko) Chrome/104.0.0.0 Safari/537.36" "www.mantech8.com"
168.151.118.83 - - [11/Sep/2022:05:21:24 -0700] "GET / HTTP/1.1" 500 - "http://www.mantech8.com/" "Mozilla/5.0 (Windows NT 10.0; Win64; x64) AppleWebKit/537.36 (KHTML, like Gecko) Chrome/85.0.4183.83 Safari/537.36 Edg/85.0.564.41" "www.mantech8.com"
154.17.52.80 - - [11/Sep/2022:05:21:24 -0700] "HEAD / HTTP/1.1" 500 - "https://www.google.com/" "Mozilla/5.0 (Macintosh; Intel Mac OS X 10.13; rv:102.0) Gecko/20100101 Firefox/102.0" "www.mantech8.com"
64.79.249.168 - - [11/Sep/2022:05:21:24 -0700] "HEAD / HTTP/1.1" 500 - "https://www.google.com/" "Mozilla/5.0 (Macintosh; Intel Mac OS X 10.13; rv:102.0) Gecko/20100101 Firefox/102.0" "www.mantech8.com"
194.126.131.154 - - [11/Sep/2022:05:21:24 -0700] "GET /robots.txt HTTP/1.1" 200 2442 "https://www.google.com/" "Mozilla/5.0 (Macintosh; Intel Mac OS X 10_15_7) AppleWebKit/537.36 (KHTML, like Gecko) Chrome/104.0.0.0 Safari/537.36" "www.mantech8.com"
45.85.129.13 - - [11/Sep/2022:05:21:24 -0700] "HEAD / HTTP/1.1" 500 - "https://www.google.com/" "Mozilla/5.0 (Windows NT 6.1) AppleWebKit/537.36 (KHTML, like Gecko) Chrome/104.0.4813.3052 Safari/537.36" "www.mantech8.com"
108.5.248.177 - - [11/Sep/2022:05:21:24 -0700] "HEAD / HTTP/1.1" 500 - "https://www.google.com/" "Mozilla/5.0 (Macintosh; Intel Mac OS X 10.13; rv:102.0) Gecko/20100101 Firefox/102.0" "www.mantech8.com"
158.46.130.1 - - [11/Sep/2022:05:21:25 -0700] "GET / HTTP/1.1" 500 - "http://www.mantech8.com/" "Mozilla/5.0 (Windows NT 10.0; Win64; x64) AppleWebKit/537.36 (KHTML, like Gecko) Chrome/85.0.4183.83 Safari/537.36 Edg/85.0.564.41" "www.mantech8.com"
174.111.1.149 - - [11/Sep/2022:05:21:25 -0700] "HEAD / HTTP/1.1" 500 - "http://www.mantech8.com/robots.txt" "Mozilla/5.0 (Windows NT 10.0; Win64; x64) AppleWebKit/537.36 (KHTML, like Gecko) Chrome/104.0.5112.102 Safari/537.36 Edg/104.0.1293.70" "www.mantech8.com"
194.126.131.154 - - [11/Sep/2022:05:21:25 -0700] "HEAD / HTTP/1.1" 500 - "http://www.mantech8.com/robots.txt" "Mozilla/5.0 (Windows NT 6.1) AppleWebKit/537.36 (KHTML, like Gecko) Chrome/104.0.4813.3052 Safari/537.36" "www.mantech8.com"
144.142.99.42 - - [11/Sep/2022:05:21:25 -0700] "HEAD / HTTP/1.1" 500 - "https://www.google.com/" "Mozilla/5.0 (Macintosh; Intel Mac OS X 10.13; rv:102.0) Gecko/20100101 Firefox/102.0" "www.mantech8.com"
157.254.20.145 - - [11/Sep/2022:05:21:25 -0700] "HEAD / HTTP/1.1" 500 - "http://www.mantech8.com/robots.txt" "Mozilla/5.0 (Windows NT 10.0; Win64; x64) AppleWebKit/537.36 (KHTML, like Gecko) Chrome/104.0.5112.102 Safari/537.36 Edg/104.0.1293.70" "www.mantech8.com"
76.134.30.194 - - [11/Sep/2022:05:21:25 -0700] "GET / HTTP/1.1" 500 - "http://www.mantech8.com/" "Mozilla/5.0 (Windows NT 10.0; Win64; x64) AppleWebKit/537.36 (KHTML, like Gecko) Chrome/85.0.4183.83 Safari/537.36 Edg/85.0.564.41" "www.mantech8.com"
93.113.52.221 - - [11/Sep/2022:05:21:25 -0700] "GET /robots.txt HTTP/1.1" 200 2442 "https://www.google.com/" "Mozilla/5.0 (Macintosh; Intel Mac OS X 10_15_7) AppleWebKit/537.36 (KHTML, like Gecko) Chrome/104.0.0.0 Safari/537.36" "www.mantech8.com"
108.165.59.38 - - [11/Sep/2022:05:21:25 -0700] "GET / HTTP/1.1" 500 - "http://www.mantech8.com/" "Mozilla/5.0 (Windows NT 10.0; Win64; x64) AppleWebKit/537.36 (KHTML, like Gecko) Chrome/85.0.4183.83 Safari/537.36 Edg/85.0.564.41" "www.mantech8.com"
93.113.52.221 - - [11/Sep/2022:05:21:26 -0700] "HEAD / HTTP/1.1" 500 - "http://www.mantech8.com/robots.txt" "Mozilla/5.0 (Windows NT 10.0; Win64; x64) AppleWebKit/537.36 (KHTML, like Gecko) Chrome/85.0.4183.83 Safari/537.36 Edg/85.0.564.41" "www.mantech8.com"
45.86.27.7 - - [11/Sep/2022:05:21:26 -0700] "GET /robots.txt HTTP/1.1" 200 2442 "https://www.google.com/" "Mozilla/5.0 (Macintosh; Intel Mac OS X 10_15_7) AppleWebKit/537.36 (KHTML, like Gecko) Chrome/104.0.0.0 Safari/537.36" "www.mantech8.com"
45.86.27.7 - - [11/Sep/2022:05:21:27 -0700] "HEAD / HTTP/1.1" 500 - "http://www.mantech8.com/robots.txt" "Mozilla/5.0 (Macintosh; Intel Mac OS X 10_15_7) AppleWebKit/537.36 (KHTML, like Gecko) Chrome/104.0.0.0 Safari/537.36" "www.mantech8.com"
39.59.126.159 - - [11/Sep/2022:05:21:27 -0700] "HEAD / HTTP/1.1" 500 - "https://www.google.com/" "Mozilla/5.0 (Windows NT 6.1) AppleWebKit/537.36 (KHTML, like Gecko) Chrome/104.0.4813.3052 Safari/537.36" "www.mantech8.com"
135.12.178.28 - - [11/Sep/2022:05:21:28 -0700] "HEAD / HTTP/1.1" 500 - "https://www.google.com/" "Mozilla/5.0 (Windows NT 6.1) AppleWebKit/537.36 (KHTML, like Gecko) Chrome/104.0.4813.3052 Safari/537.36" "www.mantech8.com"
114.119.133.182 - - [11/Sep/2022:05:22:04 -0700] "GET /bimages/cleang/?C=M%3BO%3DA HTTP/1.1" 200 505 "http://mantech8.com/bimages/cleang/?C=S%3BO%3DA" "Mozilla/5.0 (Linux; Android 7.0;) AppleWebKit/537.36 (KHTML, like Gecko) Mobile Safari/537.36 (compatible; PetalBot;+https://webmaster.petalsearch.com/site/petalbot)" "mantech8.com"
40.77.167.54 - - [11/Sep/2022:05:23:06 -0700] "GET /?sitemap18280.xml HTTP/1.1" 200 256562 "-" "Mozilla/5.0 AppleWebKit/537.36 (KHTML, like Gecko; compatible; bingbot/2.0; +http://www.bing.com/bingbot.htm) Chrome/103.0.5060.134 Safari/537.36" "mantech8.com"
157.55.39.86 - - [11/Sep/2022:05:25:03 -0700] "GET /index.php/sitemap661.xml HTTP/1.1" 200 287294 "-" "Mozilla/5.0 AppleWebKit/537.36 (KHTML, like Gecko; compatible; bingbot/2.0; +http://www.bing.com/bingbot.htm) Chrome/103.0.5060.134 Safari/537.36" "mantech8.com"
40.77.167.54 - - [11/Sep/2022:05:26:46 -0700] "GET /index.php/biters.xml HTTP/1.1" 200 274761 "-" "Mozilla/5.0 (compatible; bingbot/2.0; +http://www.bing.com/bingbot.htm)" "mantech8.com"
207.46.13.23 - - [11/Sep/2022:05:27:09 -0700] "GET /index.php/sitemap-index-6.xml HTTP/1.1" 200 7109 "-" "Mozilla/5.0 (compatible; bingbot/2.0; +http://www.bing.com/bingbot.htm)" "mantech8.com"
40.77.167.54 - - [11/Sep/2022:05:28:56 -0700] "GET /index.php/procombination.xml HTTP/1.1" 200 258228 "-" "Mozilla/5.0 (compatible; bingbot/2.0; +http://www.bing.com/bingbot.htm)" "mantech8.com"
157.55.39.86 - - [11/Sep/2022:05:29:22 -0700] "GET /index.php/sitemap902.xml HTTP/1.1" 200 287110 "-" "Mozilla/5.0 (compatible; bingbot/2.0; +http://www.bing.com/bingbot.htm)" "mantech8.com"
207.46.13.23 - - [11/Sep/2022:05:30:20 -0700] "GET /?sitemap746.xml HTTP/1.1" 200 302081 "-" "Mozilla/5.0 (compatible; bingbot/2.0; +http://www.bing.com/bingbot.htm)" "mantech8.com"
157.55.39.104 - - [11/Sep/2022:05:31:01 -0700] "GET /index.php/sitemap8757.xml HTTP/1.1" 200 258790 "-" "Mozilla/5.0 (compatible; bingbot/2.0; +http://www.bing.com/bingbot.htm)" "mantech8.com"
157.55.39.86 - - [11/Sep/2022:05:32:03 -0700] "GET /?unistrand.xml HTTP/1.1" 200 275618 "-" "Mozilla/5.0 AppleWebKit/537.36 (KHTML, like Gecko; compatible; bingbot/2.0; +http://www.bing.com/bingbot.htm) Chrome/103.0.5060.134 Safari/537.36" "mantech8.com"
114.119.133.165 - - [11/Sep/2022:05:32:32 -0700] "GET /scaffolding.php HTTP/1.1" 200 13407 "http://mantech8.com/services.php" "Mozilla/5.0 (Linux; Android 7.0;) AppleWebKit/537.36 (KHTML, like Gecko) Mobile Safari/537.36 (compatible; PetalBot;+https://webmaster.petalsearch.com/site/petalbot)" "mantech8.com"
185.191.171.3 - - [11/Sep/2022:05:35:06 -0700] "GET /bimages/client/wp-Annonymous.php HTTP/1.1" 200 881 "-" "Mozilla/5.0 (compatible; SemrushBot/7~bl; +http://www.semrush.com/bot.html)" "mantech8.com"
157.55.39.103 - - [11/Sep/2022:05:36:01 -0700] "GET /index.php/housewifelinesses.xml HTTP/1.1" 200 341445 "-" "Mozilla/5.0 (compatible; bingbot/2.0; +http://www.bing.com/bingbot.htm)" "mantech8.com"
114.119.133.182 - - [11/Sep/2022:05:37:47 -0700] "GET /bimages/gallery/alfacgiapi/ HTTP/1.1" 200 472 "http://mantech8.com/bimages/gallery/?C=N%3BO%3DD" "Mozilla/5.0 (Linux; Android 7.0;) AppleWebKit/537.36 (KHTML, like Gecko) Mobile Safari/537.36 (compatible; PetalBot;+https://webmaster.petalsearch.com/site/petalbot)" "mantech8.com"
157.55.39.104 - - [11/Sep/2022:05:38:11 -0700] "GET /index.php/mekonium.xml HTTP/1.1" 200 346597 "-" "Mozilla/5.0 (compatible; bingbot/2.0; +http://www.bing.com/bingbot.htm)" "mantech8.com"
157.55.39.103 - - [11/Sep/2022:05:38:51 -0700] "GET /?kongcunzhen.xml HTTP/1.1" 200 238281 "-" "Mozilla/5.0 AppleWebKit/537.36 (KHTML, like Gecko; compatible; bingbot/2.0; +http://www.bing.com/bingbot.htm) Chrome/103.0.5060.134 Safari/537.36" "mantech8.com"
157.55.39.104 - - [11/Sep/2022:05:41:21 -0700] "GET /index.php/larges.xml HTTP/1.1" 200 269977 "-" "Mozilla/5.0 (compatible; bingbot/2.0; +http://www.bing.com/bingbot.htm)" "mantech8.com"
157.55.39.104 - - [11/Sep/2022:05:43:02 -0700] "GET /?interphalangeal.xml HTTP/1.1" 200 298907 "-" "Mozilla/5.0 (compatible; bingbot/2.0; +http://www.bing.com/bingbot.htm)" "mantech8.com"
114.119.133.182 - - [11/Sep/2022:05:43:03 -0700] "GET /?sitemap12592.xml HTTP/1.1" 200 286838 "-" "Mozilla/5.0 (Linux; Android 7.0;) AppleWebKit/537.36 (KHTML, like Gecko) Mobile Safari/537.36 (compatible; PetalBot;+https://webmaster.petalsearch.com/site/petalbot)" "mantech8.com"
157.55.39.86 - - [11/Sep/2022:05:43:43 -0700] "GET /?sitemap63.xml HTTP/1.1" 200 269549 "-" "Mozilla/5.0 (compatible; bingbot/2.0; +http://www.bing.com/bingbot.htm)" "mantech8.com"
40.77.167.54 - - [11/Sep/2022:05:44:58 -0700] "GET /index.php/lamiter.xml HTTP/1.1" 200 291478 "-" "Mozilla/5.0 (compatible; bingbot/2.0; +http://www.bing.com/bingbot.htm)" "mantech8.com"
157.55.39.103 - - [11/Sep/2022:05:46:22 -0700] "GET /index.php?sitemap35.xml HTTP/1.1" 200 292766 "-" "Mozilla/5.0 (compatible; bingbot/2.0; +http://www.bing.com/bingbot.htm)" "mantech8.com"
114.119.133.158 - - [11/Sep/2022:05:48:19 -0700] "GET /index.php?fine-tune.xml HTTP/1.1" 200 294422 "-" "Mozilla/5.0 (Linux; Android 7.0;) AppleWebKit/537.36 (KHTML, like Gecko) Mobile Safari/537.36 (compatible; PetalBot;+https://webmaster.petalsearch.com/site/petalbot)" "mantech8.com"
157.55.39.104 - - [11/Sep/2022:05:50:42 -0700] "GET /index.php/sitemap827.xml HTTP/1.1" 200 294654 "-" "Mozilla/5.0 (compatible; bingbot/2.0; +http://www.bing.com/bingbot.htm)" "mantech8.com"
40.77.167.54 - - [11/Sep/2022:05:51:59 -0700] "GET /index.php?sitemap75.xml HTTP/1.1" 200 274399 "-" "Mozilla/5.0 (compatible; bingbot/2.0; +http://www.bing.com/bingbot.htm)" "mantech8.com"
114.119.133.165 - - [11/Sep/2022:05:53:35 -0700] "GET /bimages/scafg/db_triggers.php HTTP/1.1" 200 32 "http://www.mantech8.com/bimages/scafg/?C=M%3BO%3DA" "Mozilla/5.0 (Linux; Android 7.0;) AppleWebKit/537.36 (KHTML, like Gecko) Mobile Safari/537.36 (compatible; PetalBot;+https://webmaster.petalsearch.com/site/petalbot)" "www.mantech8.com"
157.55.39.103 - - [11/Sep/2022:05:53:42 -0700] "GET /?sitemap553.xml HTTP/1.1" 200 242292 "-" "Mozilla/5.0 (compatible; bingbot/2.0; +http://www.bing.com/bingbot.htm)" "mantech8.com"
207.46.13.179 - - [11/Sep/2022:05:55:43 -0700] "GET /?sitemap19398.xml HTTP/1.1" 200 318506 "-" "Mozilla/5.0 (compatible; bingbot/2.0; +http://www.bing.com/bingbot.htm)" "mantech8.com"
157.55.39.86 - - [11/Sep/2022:05:55:47 -0700] "GET /index.php?sitemap9.xml HTTP/1.1" 200 242611 "-" "Mozilla/5.0 (compatible; bingbot/2.0; +http://www.bing.com/bingbot.htm)" "mantech8.com"
157.55.39.103 - - [11/Sep/2022:05:56:13 -0700] "GET /index.php/sitemap-index-10.xml HTTP/1.1" 200 4399 "-" "Mozilla/5.0 (compatible; bingbot/2.0; +http://www.bing.com/bingbot.htm)" "mantech8.com"
207.46.13.23 - - [11/Sep/2022:05:56:22 -0700] "GET /?sitemap1410.xml HTTP/1.1" 200 257609 "-" "Mozilla/5.0 (compatible; bingbot/2.0; +http://www.bing.com/bingbot.htm)" "mantech8.com"
207.46.13.179 - - [11/Sep/2022:05:56:43 -0700] "GET /?sitemap628.xml HTTP/1.1" 200 232224 "-" "Mozilla/5.0 (compatible; bingbot/2.0; +http://www.bing.com/bingbot.htm)" "mantech8.com"
77.75.78.161 - - [11/Sep/2022:05:57:50 -0700] "GET /robots.txt HTTP/1.1" 200 2442 "-" "Mozilla/5.0 (compatible; SeznamBot/3.2; +http://napoveda.seznam.cz/en/seznambot-intro/)" "mantech8.com"
77.75.78.161 - - [11/Sep/2022:05:57:51 -0700] "GET /?sitemap-index-10.xml HTTP/1.1" 200 6278 "-" "Mozilla/5.0 (compatible; SeznamBot/3.2; +http://napoveda.seznam.cz/en/seznambot-intro/)" "mantech8.com"
157.55.39.103 - - [11/Sep/2022:05:58:33 -0700] "GET /?sitemap8171.xml HTTP/1.1" 200 275702 "-" "Mozilla/5.0 (compatible; bingbot/2.0; +http://www.bing.com/bingbot.htm)" "mantech8.com"
114.119.133.182 - - [11/Sep/2022:05:58:51 -0700] "GET /index.php?sitemap41663.xml HTTP/1.1" 200 328146 "-" "Mozilla/5.0 (compatible;PetalBot;+https://webmaster.petalsearch.com/site/petalbot)" "mantech8.com"
103.131.71.233 - - [11/Sep/2022:05:58:59 -0700] "GET /robots.txt HTTP/1.1" 200 2442 "-" "Mozilla/5.0 (compatible; coccocbot-web/1.0; +http://help.coccoc.com/searchengine)" "mantech8.com"
157.55.39.86 - - [11/Sep/2022:05:59:06 -0700] "GET /index.php/sitemap68.xml HTTP/1.1" 200 270910 "-" "Mozilla/5.0 (compatible; bingbot/2.0; +http://www.bing.com/bingbot.htm)" "mantech8.com"
216.244.66.241 - - [11/Sep/2022:06:00:15 -0700] "GET /robots.txt HTTP/1.1" 200 26464 "-" "Mozilla/5.0 (compatible; DotBot/1.2; +https://opensiteexplorer.org/dotbot; help@moz.com)" "mantech8.com"
216.244.66.241 - - [11/Sep/2022:06:00:15 -0700] "GET /robots.txt HTTP/1.1" 200 26464 "-" "Mozilla/5.0 (compatible; DotBot/1.2; +https://opensiteexplorer.org/dotbot; help@moz.com)" "www.mantech8.com"
157.55.39.103 - - [11/Sep/2022:06:02:03 -0700] "GET /index.php/manlundang.xml HTTP/1.1" 200 336857 "-" "Mozilla/5.0 (compatible; bingbot/2.0; +http://www.bing.com/bingbot.htm)" "mantech8.com"
114.119.133.182 - - [11/Sep/2022:06:04:10 -0700] "GET /?housewifelinesses.xml HTTP/1.1" 200 271121 "-" "Mozilla/5.0 (compatible;PetalBot;+https://webmaster.petalsearch.com/site/petalbot)" "mantech8.com"
207.46.13.23 - - [11/Sep/2022:06:04:43 -0700] "GET /index.php/sitemap41.xml HTTP/1.1" 200 293502 "-" "Mozilla/5.0 (compatible; bingbot/2.0; +http://www.bing.com/bingbot.htm)" "mantech8.com"
157.55.39.86 - - [11/Sep/2022:06:07:06 -0700] "GET /index.php?bubba.xml HTTP/1.1" 200 308011 "-" "Mozilla/5.0 (compatible; bingbot/2.0; +http://www.bing.com/bingbot.htm)" "mantech8.com"
157.55.39.103 - - [11/Sep/2022:06:09:04 -0700] "GET /index.php?kleffens.xml HTTP/1.1" 200 336113 "-" "Mozilla/5.0 (compatible; bingbot/2.0; +http://www.bing.com/bingbot.htm)" "mantech8.com"
114.119.133.158 - - [11/Sep/2022:06:09:24 -0700] "GET /benfica.xml HTTP/1.1" 404 88 "-" "Mozilla/5.0 (compatible;PetalBot;+https://webmaster.petalsearch.com/site/petalbot)" "mantech8.com"
40.77.167.54 - - [11/Sep/2022:06:11:31 -0700] "GET /index.php/qiaojis.xml HTTP/1.1" 200 318867 "-" "Mozilla/5.0 (compatible; bingbot/2.0; +http://www.bing.com/bingbot.htm)" "mantech8.com"
207.46.13.23 - - [11/Sep/2022:06:11:35 -0700] "GET /index.php?ascensor.xml HTTP/1.1" 200 272193 "-" "Mozilla/5.0 (compatible; bingbot/2.0; +http://www.bing.com/bingbot.htm)" "mantech8.com"
157.55.39.103 - - [11/Sep/2022:06:12:24 -0700] "GET /index.php?kiger.xml HTTP/1.1" 200 254732 "-" "Mozilla/5.0 (compatible; bingbot/2.0; +http://www.bing.com/bingbot.htm)" "mantech8.com"
207.46.13.179 - - [11/Sep/2022:06:12:28 -0700] "GET / HTTP/1.1" 200 45400 "-" "Mozilla/5.0 (compatible; bingbot/2.0; +http://www.bing.com/bingbot.htm)" "mantech8.com"
157.55.39.86 - - [11/Sep/2022:06:13:28 -0700] "GET /index.php/limunu.xml HTTP/1.1" 200 238567 "-" "Mozilla/5.0 (compatible; bingbot/2.0; +http://www.bing.com/bingbot.htm)" "mantech8.com"
114.119.133.165 - - [11/Sep/2022:06:14:39 -0700] "GET /?umbilic.xml HTTP/1.1" 200 299947 "-" "Mozilla/5.0 (compatible;PetalBot;+https://webmaster.petalsearch.com/site/petalbot)" "mantech8.com"
40.77.167.54 - - [11/Sep/2022:06:16:52 -0700] "GET /index.php/curlyhead.xml HTTP/1.1" 200 323808 "-" "Mozilla/5.0 (compatible; bingbot/2.0; +http://www.bing.com/bingbot.htm)" "mantech8.com"
207.46.13.23 - - [11/Sep/2022:06:18:15 -0700] "GET /index.php/sitemap6075.xml HTTP/1.1" 200 247252 "-" "Mozilla/5.0 (compatible; bingbot/2.0; +http://www.bing.com/bingbot.htm)" "mantech8.com"
114.119.133.182 - - [11/Sep/2022:06:19:55 -0700] "GET /tarandean.xml HTTP/1.1" 404 88 "-" "Mozilla/5.0 (compatible;PetalBot;+https://webmaster.petalsearch.com/site/petalbot)" "mantech8.com"
157.55.39.103 - - [11/Sep/2022:06:19:56 -0700] "GET /?viton.xml HTTP/1.1" 200 326693 "-" "Mozilla/5.0 (compatible; bingbot/2.0; +http://www.bing.com/bingbot.htm)" "mantech8.com"
185.191.171.25 - - [11/Sep/2022:06:20:37 -0700] "GET /robots.txt HTTP/1.1" 200 2442 "-" "Mozilla/5.0 (compatible; SemrushBot/7~bl; +http://www.semrush.com/bot.html)" "www.mantech8.com"
185.191.171.45 - - [11/Sep/2022:06:20:37 -0700] "GET /bimages/gallery/thump/kallakisse.php HTTP/1.1" 200 65175 "-" "Mozilla/5.0 (compatible; SemrushBot/7~bl; +http://www.semrush.com/bot.html)" "www.mantech8.com"
185.191.171.3 - - [11/Sep/2022:06:21:05 -0700] "GET /robots.txt HTTP/1.1" 200 2442 "-" "Mozilla/5.0 (compatible; SemrushBot/7~bl; +http://www.semrush.com/bot.html)" "mantech8.com"
185.191.171.42 - - [11/Sep/2022:06:21:06 -0700] "GET /bimages/hydrog/ HTTP/1.1" 200 486 "-" "Mozilla/5.0 (compatible; SemrushBot/7~bl; +http://www.semrush.com/bot.html)" "mantech8.com"
207.46.13.179 - - [11/Sep/2022:06:21:18 -0700] "GET /index.php?lamiter.xml HTTP/1.1" 200 268895 "-" "Mozilla/5.0 (compatible; bingbot/2.0; +http://www.bing.com/bingbot.htm)" "mantech8.com"
207.46.13.23 - - [11/Sep/2022:06:23:05 -0700] "GET /index.php/sitemap55.xml HTTP/1.1" 200 306355 "-" "Mozilla/5.0 (compatible; bingbot/2.0; +http://www.bing.com/bingbot.htm)" "mantech8.com"
114.119.133.182 - - [11/Sep/2022:06:25:10 -0700] "GET /index.php/sitemap113.xml HTTP/1.1" 200 283214 "-" "Mozilla/5.0 (compatible;PetalBot;+https://webmaster.petalsearch.com/site/petalbot)" "mantech8.com"
157.55.39.103 - - [11/Sep/2022:06:27:46 -0700] "GET /bimages/gallery/thump/sb12.jpg HTTP/1.1" 200 161160 "-" "Mozilla/5.0 (compatible; bingbot/2.0; +http://www.bing.com/bingbot.htm)" "mantech8.com"
207.46.13.179 - - [11/Sep/2022:06:28:27 -0700] "GET /index.php/sitemap-index-5.xml HTTP/1.1" 200 4736 "-" "Mozilla/5.0 (compatible; bingbot/2.0; +http://www.bing.com/bingbot.htm)" "mantech8.com"
207.46.13.23 - - [11/Sep/2022:06:28:35 -0700] "GET /index.php?athermallize.xml HTTP/1.1" 200 295336 "-" "Mozilla/5.0 (compatible; bingbot/2.0; +http://www.bing.com/bingbot.htm)" "mantech8.com"
40.77.167.54 - - [11/Sep/2022:06:29:22 -0700] "GET /index.php?infuriates.xml HTTP/1.1" 200 306918 "-" "Mozilla/5.0 (compatible; bingbot/2.0; +http://www.bing.com/bingbot.htm)" "mantech8.com"
207.46.13.179 - - [11/Sep/2022:06:30:08 -0700] "GET /index.php?sitemap426.xml HTTP/1.1" 200 238396 "-" "Mozilla/5.0 AppleWebKit/537.36 (KHTML, like Gecko; compatible; bingbot/2.0; +http://www.bing.com/bingbot.htm) Chrome/103.0.5060.134 Safari/537.36" "mantech8.com"
114.119.133.166 - - [11/Sep/2022:06:30:26 -0700] "GET /successional.xml HTTP/1.1" 404 88 "-" "Mozilla/5.0 (compatible;PetalBot;+https://webmaster.petalsearch.com/site/petalbot)" "mantech8.com"
207.46.13.179 - - [11/Sep/2022:06:30:27 -0700] "GET /index.php?sitemap777.xml HTTP/1.1" 200 281052 "-" "Mozilla/5.0 (compatible; bingbot/2.0; +http://www.bing.com/bingbot.htm)" "mantech8.com"
207.46.13.23 - - [11/Sep/2022:06:32:56 -0700] "GET /index.php?kujienavaca.xml HTTP/1.1" 200 305987 "-" "Mozilla/5.0 (compatible; bingbot/2.0; +http://www.bing.com/bingbot.htm)" "mantech8.com"
207.46.13.23 - - [11/Sep/2022:06:35:16 -0700] "GET /camp-fire/61945167.html HTTP/1.1" 404 88 "-" "Mozilla/5.0 (compatible; bingbot/2.0; +http://www.bing.com/bingbot.htm)" "www.mantech8.com"
114.119.133.190 - - [11/Sep/2022:06:35:42 -0700] "GET /bimages/hydrog/thump/?C=D%3BO%3DA HTTP/1.1" 200 468 "http://mantech8.com/bimages/hydrog/thump/?C=S%3BO%3DA" "Mozilla/5.0 (Linux; Android 7.0;) AppleWebKit/537.36 (KHTML, like Gecko) Mobile Safari/537.36 (compatible; PetalBot;+https://webmaster.petalsearch.com/site/petalbot)" "mantech8.com"
157.55.39.103 - - [11/Sep/2022:06:39:57 -0700] "GET /index.php/kujienavaca.xml HTTP/1.1" 200 283225 "-" "Mozilla/5.0 (compatible; bingbot/2.0; +http://www.bing.com/bingbot.htm)" "mantech8.com"
207.46.13.23 - - [11/Sep/2022:06:40:27 -0700] "GET /?sitemap995.xml HTTP/1.1" 200 327286 "-" "Mozilla/5.0 (compatible; bingbot/2.0; +http://www.bing.com/bingbot.htm)" "mantech8.com"
114.119.133.182 - - [11/Sep/2022:06:40:55 -0700] "GET /bimages/dimage/?C=N%3BO%3DD HTTP/1.1" 200 419 "http://mantech8.com/bimages/dimage/?C=D%3BO%3DA" "Mozilla/5.0 (Linux; Android 7.0;) AppleWebKit/537.36 (KHTML, like Gecko) Mobile Safari/537.36 (compatible; PetalBot;+https://webmaster.petalsearch.com/site/petalbot)" "mantech8.com"
66.249.66.90 - - [11/Sep/2022:06:44:44 -0700] "GET /favicon.ico HTTP/1.1" 404 88 "-" "Googlebot-Image/1.0" "www.mantech8.com"
40.77.167.54 - - [11/Sep/2022:06:44:54 -0700] "GET /index.php/diethers.xml HTTP/1.1" 200 286721 "-" "Mozilla/5.0 (compatible; bingbot/2.0; +http://www.bing.com/bingbot.htm)" "mantech8.com"
157.55.39.86 - - [11/Sep/2022:06:45:30 -0700] "GET /index.php/sitemap4099.xml HTTP/1.1" 200 345448 "-" "Mozilla/5.0 (compatible; bingbot/2.0; +http://www.bing.com/bingbot.htm)" "mantech8.com"
157.55.39.86 - - [11/Sep/2022:06:47:10 -0700] "GET /?ascensor.xml HTTP/1.1" 200 295945 "-" "Mozilla/5.0 (compatible; bingbot/2.0; +http://www.bing.com/bingbot.htm)" "mantech8.com"
157.55.39.103 - - [11/Sep/2022:06:47:27 -0700] "GET /index.php/biopoesis.xml HTTP/1.1" 200 253283 "-" "Mozilla/5.0 (compatible; bingbot/2.0; +http://www.bing.com/bingbot.htm)" "mantech8.com"
207.46.13.23 - - [11/Sep/2022:06:48:28 -0700] "GET /index.php?sitemap95.xml HTTP/1.1" 200 346236 "-" "Mozilla/5.0 (compatible; bingbot/2.0; +http://www.bing.com/bingbot.htm)" "mantech8.com"
157.55.39.171 - - [11/Sep/2022:06:48:32 -0700] "GET /?sitemap9084.xml HTTP/1.1" 200 318332 "-" "Mozilla/5.0 (compatible; bingbot/2.0; +http://www.bing.com/bingbot.htm)" "mantech8.com"
216.244.66.241 - - [11/Sep/2022:06:51:12 -0700] "GET /robots.txt HTTP/1.1" 200 26464 "-" "Mozilla/5.0 (compatible; DotBot/1.2; +https://opensiteexplorer.org/dotbot; help@moz.com)" "www.mantech8.com"
216.244.66.241 - - [11/Sep/2022:06:51:12 -0700] "GET /robots.txt HTTP/1.1" 200 26464 "-" "Mozilla/5.0 (compatible; DotBot/1.2; +https://opensiteexplorer.org/dotbot; help@moz.com)" "mantech8.com"
157.55.39.86 - - [11/Sep/2022:06:53:11 -0700] "GET /index.php?steaded.xml HTTP/1.1" 200 270916 "-" "Mozilla/5.0 (compatible; bingbot/2.0; +http://www.bing.com/bingbot.htm)" "mantech8.com"
207.46.13.23 - - [11/Sep/2022:06:53:28 -0700] "GET /index.php/benfica.xml HTTP/1.1" 200 294974 "-" "Mozilla/5.0 (compatible; bingbot/2.0; +http://www.bing.com/bingbot.htm)" "mantech8.com"
40.77.167.54 - - [11/Sep/2022:06:53:58 -0700] "GET /?biters.xml HTTP/1.1" 200 328271 "-" "Mozilla/5.0 (compatible; bingbot/2.0; +http://www.bing.com/bingbot.htm)" "mantech8.com"
207.46.13.179 - - [11/Sep/2022:06:55:31 -0700] "GET /?guangheng.xml HTTP/1.1" 200 309502 "-" "Mozilla/5.0 (compatible; bingbot/2.0; +http://www.bing.com/bingbot.htm)" "mantech8.com"
157.55.39.171 - - [11/Sep/2022:06:55:40 -0700] "GET /index.php/successional.xml HTTP/1.1" 200 301782 "-" "Mozilla/5.0 (compatible; bingbot/2.0; +http://www.bing.com/bingbot.htm)" "mantech8.com"
157.55.39.103 - - [11/Sep/2022:06:55:48 -0700] "GET /index.php/sitemap12.xml HTTP/1.1" 200 340722 "-" "Mozilla/5.0 (compatible; bingbot/2.0; +http://www.bing.com/bingbot.htm)" "mantech8.com"
114.119.133.182 - - [11/Sep/2022:06:56:40 -0700] "GET /bimages/hgallery/?C=S%3BO%3DA HTTP/1.1" 200 499 "http://mantech8.com/bimages/hgallery/?C=D%3BO%3DA" "Mozilla/5.0 (Linux; Android 7.0;) AppleWebKit/537.36 (KHTML, like Gecko) Mobile Safari/537.36 (compatible; PetalBot;+https://webmaster.petalsearch.com/site/petalbot)" "mantech8.com"
207.46.13.23 - - [11/Sep/2022:06:57:28 -0700] "GET /index.php?biters.xml HTTP/1.1" 200 295894 "-" "Mozilla/5.0 (compatible; bingbot/2.0; +http://www.bing.com/bingbot.htm)" "mantech8.com"
157.55.39.86 - - [11/Sep/2022:06:57:51 -0700] "GET /index.php?sitemap819.xml HTTP/1.1" 200 283822 "-" "Mozilla/5.0 (compatible; bingbot/2.0; +http://www.bing.com/bingbot.htm)" "mantech8.com"
207.46.13.23 - - [11/Sep/2022:07:00:08 -0700] "GET /index.php?sitemap481.xml HTTP/1.1" 200 269477 "-" "Mozilla/5.0 (compatible; bingbot/2.0; +http://www.bing.com/bingbot.htm)" "mantech8.com"
