157.55.39.86 - - [10/Sep/2022:17:01:57 -0700] "GET /bimages/hgallery/latest1.jpg HTTP/1.1" 200 110480 "-" "Mozilla/5.0 (compatible; bingbot/2.0; +http://www.bing.com/bingbot.htm)" "mantech8.com"
157.55.39.86 - - [10/Sep/2022:17:02:07 -0700] "GET /?sitemap63.xml HTTP/1.1" 200 275444 "-" "Mozilla/5.0 (compatible; bingbot/2.0; +http://www.bing.com/bingbot.htm)" "mantech8.com"
157.55.39.104 - - [10/Sep/2022:17:02:59 -0700] "GET /camp-fire/89438016.html HTTP/1.1" 404 88 "-" "Mozilla/5.0 (compatible; bingbot/2.0; +http://www.bing.com/bingbot.htm)" "mantech8.com"
157.55.39.103 - - [10/Sep/2022:17:03:21 -0700] "GET /?sitemap553.xml HTTP/1.1" 200 270620 "-" "Mozilla/5.0 (compatible; bingbot/2.0; +http://www.bing.com/bingbot.htm)" "mantech8.com"
103.131.71.92 - - [10/Sep/2022:17:03:37 -0700] "GET /robots.txt HTTP/1.1" 200 2442 "-" "Mozilla/5.0 (compatible; coccocbot-web/1.0; +http://help.coccoc.com/searchengine)" "mantech8.com"
114.119.133.182 - - [10/Sep/2022:17:04:10 -0700] "GET /rebeginner.xml HTTP/1.1" 404 88 "-" "Mozilla/5.0 (compatible;PetalBot;+https://webmaster.petalsearch.com/site/petalbot)" "mantech8.com"
207.46.13.39 - - [10/Sep/2022:17:07:27 -0700] "GET /index.php?c=product&a=type&tid=68 HTTP/1.1" 200 42930 "-" "Mozilla/5.0 (compatible; bingbot/2.0; +http://www.bing.com/bingbot.htm)" "www.mantech8.com"
114.119.133.158 - - [10/Sep/2022:17:10:31 -0700] "GET /sitemap72.xml HTTP/1.1" 404 88 "-" "Mozilla/5.0 (compatible;PetalBot;+https://webmaster.petalsearch.com/site/petalbot)" "mantech8.com"
114.119.133.182 - - [10/Sep/2022:17:16:33 -0700] "GET /services.php HTTP/1.1" 200 39198 "http://mantech8.com/contact.php" "Mozilla/5.0 (Linux; Android 7.0;) AppleWebKit/537.36 (KHTML, like Gecko) Mobile Safari/537.36 (compatible; PetalBot;+https://webmaster.petalsearch.com/site/petalbot)" "mantech8.com"
216.244.66.241 - - [10/Sep/2022:17:18:48 -0700] "GET /robots.txt HTTP/1.1" 200 26464 "-" "Mozilla/5.0 (compatible; DotBot/1.2; +https://opensiteexplorer.org/dotbot; help@moz.com)" "mantech8.com"
216.244.66.241 - - [10/Sep/2022:17:18:48 -0700] "GET /robots.txt HTTP/1.1" 200 26464 "-" "Mozilla/5.0 (compatible; DotBot/1.2; +https://opensiteexplorer.org/dotbot; help@moz.com)" "www.mantech8.com"
58.250.125.175 - - [10/Sep/2022:17:19:30 -0700] "GET / HTTP/1.1" 500 - "-" "Sogou web spider/4.0(+http://www.sogou.com/docs/help/webmasters.htm#07)" "www.mantech8.com"
77.75.77.36 - - [10/Sep/2022:17:20:51 -0700] "GET /robots.txt HTTP/1.1" 200 2442 "-" "Mozilla/5.0 (compatible; SeznamBot/3.2; +http://napoveda.seznam.cz/en/seznambot-intro/)" "mantech8.com"
114.119.133.182 - - [10/Sep/2022:17:22:46 -0700] "GET /bimages/electric/?C=N%3BO%3DD HTTP/1.1" 200 420 "http://mantech8.com/bimages/electric/?C=S%3BO%3DA" "Mozilla/5.0 (Linux; Android 7.0;) AppleWebKit/537.36 (KHTML, like Gecko) Mobile Safari/537.36 (compatible; PetalBot;+https://webmaster.petalsearch.com/site/petalbot)" "mantech8.com"
114.119.133.165 - - [10/Sep/2022:17:29:03 -0700] "GET /bimages/ework/?C=D%3BO%3DA HTTP/1.1" 200 419 "http://mantech8.com/bimages/ework/?C=N%3BO%3DD" "Mozilla/5.0 (Linux; Android 7.0;) AppleWebKit/537.36 (KHTML, like Gecko) Mobile Safari/537.36 (compatible; PetalBot;+https://webmaster.petalsearch.com/site/petalbot)" "mantech8.com"
114.119.133.165 - - [10/Sep/2022:17:34:49 -0700] "GET /bimages/cleang/thump/?C=D%3BO%3DA HTTP/1.1" 200 462 "http://www.mantech8.com/bimages/cleang/thump/" "Mozilla/5.0 (Linux; Android 7.0;) AppleWebKit/537.36 (KHTML, like Gecko) Mobile Safari/537.36 (compatible; PetalBot;+https://webmaster.petalsearch.com/site/petalbot)" "www.mantech8.com"
114.119.133.158 - - [10/Sep/2022:17:40:14 -0700] "GET /bimages/hgallery/js_escape.lib.php HTTP/1.1" 200 32 "http://www.mantech8.com/bimages/hgallery/?C=N%3BO%3DD" "Mozilla/5.0 (Linux; Android 7.0;) AppleWebKit/537.36 (KHTML, like Gecko) Mobile Safari/537.36 (compatible; PetalBot;+https://webmaster.petalsearch.com/site/petalbot)" "www.mantech8.com"
192.29.97.49 - - [10/Sep/2022:17:42:24 -0700] "HEAD /robots.txt HTTP/1.1" 200 - "-" "DF Bot 1.0" "mantech8.com"
192.29.97.49 - - [10/Sep/2022:17:42:24 -0700] "GET /robots.txt HTTP/1.1" 200 26464 "-" "DF Bot 1.0" "mantech8.com"
192.29.97.49 - - [10/Sep/2022:17:42:25 -0700] "GET / HTTP/1.1" 500 - "-" "DF Bot 1.0" "mantech8.com"
114.119.133.166 - - [10/Sep/2022:17:46:11 -0700] "GET /bimages/video/?C=D%3BO%3DA HTTP/1.1" 200 550 "http://mantech8.com/bimages/video/?C=S%3BO%3DA" "Mozilla/5.0 (Linux; Android 7.0;) AppleWebKit/537.36 (KHTML, like Gecko) Mobile Safari/537.36 (compatible; PetalBot;+https://webmaster.petalsearch.com/site/petalbot)" "mantech8.com"
17.121.114.32 - - [10/Sep/2022:17:49:28 -0700] "GET /robots.txt HTTP/1.1" 200 2442 "-" "Mozilla/5.0 (Macintosh; Intel Mac OS X 10_15_5) AppleWebKit/605.1.15 (KHTML, like Gecko) Version/13.1.1 Safari/605.1.15 (Applebot/0.1; +http://www.apple.com/go/applebot)" "www.mantech8.com"
17.121.114.32 - - [10/Sep/2022:17:49:28 -0700] "GET / HTTP/1.1" 500 - "-" "Mozilla/5.0 (Macintosh; Intel Mac OS X 10_15_5) AppleWebKit/605.1.15 (KHTML, like Gecko) Version/13.1.1 Safari/605.1.15 (Applebot/0.1; +http://www.apple.com/go/applebot)" "www.mantech8.com"
207.46.13.23 - - [10/Sep/2022:17:54:02 -0700] "GET / HTTP/1.1" 200 44759 "-" "Mozilla/5.0 (compatible; bingbot/2.0; +http://www.bing.com/bingbot.htm)" "www.mantech8.com"
207.46.13.23 - - [10/Sep/2022:17:58:03 -0700] "GET /cleaning.php/js/core.min.js HTTP/1.1" 200 15035 "-" "Mozilla/5.0 (compatible; MSIE 9.0; Windows NT 6.1; Trident/5.0)" "mantech8.com"
114.119.133.158 - - [10/Sep/2022:17:58:10 -0700] "GET /manlundang.xml HTTP/1.1" 404 88 "-" "Mozilla/5.0 (compatible;PetalBot;+https://webmaster.petalsearch.com/site/petalbot)" "mantech8.com"
114.119.133.190 - - [10/Sep/2022:18:03:47 -0700] "GET /index.php?pettygod.xml HTTP/1.1" 200 347161 "-" "Mozilla/5.0 (compatible;PetalBot;+https://webmaster.petalsearch.com/site/petalbot)" "mantech8.com"
20.171.42.68 - - [10/Sep/2022:18:07:48 -0700] "GET / HTTP/1.1" 500 - "-" "Mozilla/5.0 (Windows NT 10.0; Win64; x64) AppleWebKit/537.36 (KHTML, like Gecko) Chrome/88.0.4240.193 Safari/537.36" "mantech8.com"
20.171.42.68 - - [10/Sep/2022:18:07:51 -0700] "GET / HTTP/1.1" 500 - "-" "Mozilla/5.0 (Windows NT 10.0; Win64; x64) AppleWebKit/537.36 (KHTML, like Gecko) Chrome/88.0.4240.193 Safari/537.36" "mantech8.com"
20.171.42.68 - - [10/Sep/2022:18:07:52 -0700] "GET /web/wp-includes/wlwmanifest.xml HTTP/1.1" 404 73 "-" "Mozilla/5.0 (Windows NT 10.0; Win64; x64) AppleWebKit/537.36 (KHTML, like Gecko) Chrome/88.0.4240.193 Safari/537.36" "mantech8.com"
20.171.42.68 - - [10/Sep/2022:18:07:54 -0700] "GET /wordpress/wp-includes/wlwmanifest.xml HTTP/1.1" 404 73 "-" "Mozilla/5.0 (Windows NT 10.0; Win64; x64) AppleWebKit/537.36 (KHTML, like Gecko) Chrome/88.0.4240.193 Safari/537.36" "mantech8.com"
20.171.42.68 - - [10/Sep/2022:18:07:54 -0700] "GET /website/wp-includes/wlwmanifest.xml HTTP/1.1" 404 73 "-" "Mozilla/5.0 (Windows NT 10.0; Win64; x64) AppleWebKit/537.36 (KHTML, like Gecko) Chrome/88.0.4240.193 Safari/537.36" "mantech8.com"
20.171.42.68 - - [10/Sep/2022:18:07:55 -0700] "GET /2020/wp-includes/wlwmanifest.xml HTTP/1.1" 404 73 "-" "Mozilla/5.0 (Windows NT 10.0; Win64; x64) AppleWebKit/537.36 (KHTML, like Gecko) Chrome/88.0.4240.193 Safari/537.36" "mantech8.com"
20.171.42.68 - - [10/Sep/2022:18:07:56 -0700] "GET /2019/wp-includes/wlwmanifest.xml HTTP/1.1" 404 73 "-" "Mozilla/5.0 (Windows NT 10.0; Win64; x64) AppleWebKit/537.36 (KHTML, like Gecko) Chrome/88.0.4240.193 Safari/537.36" "mantech8.com"
20.171.42.68 - - [10/Sep/2022:18:07:59 -0700] "GET /shop/wp-includes/wlwmanifest.xml HTTP/1.1" 404 73 "-" "Mozilla/5.0 (Windows NT 10.0; Win64; x64) AppleWebKit/537.36 (KHTML, like Gecko) Chrome/88.0.4240.193 Safari/537.36" "mantech8.com"
20.171.42.68 - - [10/Sep/2022:18:07:59 -0700] "GET /wp1/wp-includes/wlwmanifest.xml HTTP/1.1" 404 73 "-" "Mozilla/5.0 (Windows NT 10.0; Win64; x64) AppleWebKit/537.36 (KHTML, like Gecko) Chrome/88.0.4240.193 Safari/537.36" "mantech8.com"
20.171.42.68 - - [10/Sep/2022:18:08:02 -0700] "GET /wp2/wp-includes/wlwmanifest.xml HTTP/1.1" 404 73 "-" "Mozilla/5.0 (Windows NT 10.0; Win64; x64) AppleWebKit/537.36 (KHTML, like Gecko) Chrome/88.0.4240.193 Safari/537.36" "mantech8.com"
20.171.42.68 - - [10/Sep/2022:18:08:02 -0700] "GET /site/wp-includes/wlwmanifest.xml HTTP/1.1" 404 73 "-" "Mozilla/5.0 (Windows NT 10.0; Win64; x64) AppleWebKit/537.36 (KHTML, like Gecko) Chrome/88.0.4240.193 Safari/537.36" "mantech8.com"
114.119.133.158 - - [10/Sep/2022:18:09:53 -0700] "GET /?sitemap628.xml HTTP/1.1" 200 269402 "-" "Mozilla/5.0 (compatible;PetalBot;+https://webmaster.petalsearch.com/site/petalbot)" "mantech8.com"
207.46.13.23 - - [10/Sep/2022:18:11:43 -0700] "GET /bimages/gallery/p9.jpg HTTP/1.1" 200 65353 "-" "Mozilla/5.0 (compatible; bingbot/2.0; +http://www.bing.com/bingbot.htm)" "mantech8.com"
114.119.133.166 - - [10/Sep/2022:18:16:00 -0700] "GET /impenetration.xml HTTP/1.1" 404 88 "-" "Mozilla/5.0 (compatible;PetalBot;+https://webmaster.petalsearch.com/site/petalbot)" "mantech8.com"
77.75.78.172 - - [10/Sep/2022:18:17:44 -0700] "GET /robots.txt HTTP/1.1" 200 2442 "-" "Mozilla/5.0 (compatible; SeznamBot/3.2; +http://napoveda.seznam.cz/en/seznambot-intro/)" "mantech8.com"
77.75.78.172 - - [10/Sep/2022:18:17:45 -0700] "GET /?sitemap-index-5.xml HTTP/1.1" 200 4108 "-" "Mozilla/5.0 (compatible; SeznamBot/3.2; +http://napoveda.seznam.cz/en/seznambot-intro/)" "mantech8.com"
157.55.39.103 - - [10/Sep/2022:18:21:29 -0700] "GET /verificationimage.php?700 HTTP/1.1" 200 1400 "-" "Mozilla/5.0 AppleWebKit/537.36 (KHTML, like Gecko; compatible; bingbot/2.0; +http://www.bing.com/bingbot.htm) Chrome/103.0.5060.134 Safari/537.36" "mantech8.com"
114.119.133.158 - - [10/Sep/2022:18:27:44 -0700] "GET /bimages/door/?C=M%3BO%3DA HTTP/1.1" 200 447 "http://www.mantech8.com/bimages/door/?C=D%3BO%3DA" "Mozilla/5.0 (Linux; Android 7.0;) AppleWebKit/537.36 (KHTML, like Gecko) Mobile Safari/537.36 (compatible; PetalBot;+https://webmaster.petalsearch.com/site/petalbot)" "www.mantech8.com"
114.119.133.190 - - [10/Sep/2022:18:34:17 -0700] "GET /certificate.php HTTP/1.1" 200 23461 "http://www.mantech8.com/career.php" "Mozilla/5.0 (compatible;PetalBot;+https://webmaster.petalsearch.com/site/petalbot)" "www.mantech8.com"
157.55.39.104 - - [10/Sep/2022:18:40:31 -0700] "GET /camp-fire/161210.html HTTP/1.1" 404 88 "-" "Mozilla/5.0 (compatible; bingbot/2.0; +http://www.bing.com/bingbot.htm)" "www.mantech8.com"
157.55.39.103 - - [10/Sep/2022:18:41:30 -0700] "GET /html/2151763427.html HTTP/1.1" 404 88 "-" "Mozilla/5.0 (compatible; bingbot/2.0; +http://www.bing.com/bingbot.htm)" "www.mantech8.com"
207.46.13.39 - - [10/Sep/2022:18:50:29 -0700] "GET /services.php/revolution/js/revolution.extension.actions.min.js HTTP/1.1" 200 39198 "-" "Mozilla/5.0 (compatible; MSIE 9.0; Windows NT 6.1; Trident/5.0)" "mantech8.com"
114.119.133.158 - - [10/Sep/2022:18:51:10 -0700] "GET /bimages/gallery/thump/plugins.php7 HTTP/1.1" 200 48529 "https://mantech8.com/bimages/gallery/thump/" "Mozilla/5.0 (Linux; Android 7.0;) AppleWebKit/537.36 (KHTML, like Gecko) Mobile Safari/537.36 (compatible; PetalBot;+https://webmaster.petalsearch.com/site/petalbot)" "mantech8.com"
157.55.39.103 - - [10/Sep/2022:18:54:43 -0700] "GET /index.php?sitemap18.xml HTTP/1.1" 200 309115 "-" "Mozilla/5.0 (compatible; bingbot/2.0; +http://www.bing.com/bingbot.htm)" "mantech8.com"
207.46.13.23 - - [10/Sep/2022:18:55:28 -0700] "GET /index.php?sitemap41663.xml HTTP/1.1" 200 239654 "-" "Mozilla/5.0 (compatible; bingbot/2.0; +http://www.bing.com/bingbot.htm)" "mantech8.com"
216.244.66.241 - - [10/Sep/2022:18:56:56 -0700] "GET /robots.txt HTTP/1.1" 200 26464 "-" "Mozilla/5.0 (compatible; DotBot/1.2; +https://opensiteexplorer.org/dotbot; help@moz.com)" "mantech8.com"
216.244.66.241 - - [10/Sep/2022:18:56:56 -0700] "GET /robots.txt HTTP/1.1" 200 26464 "-" "Mozilla/5.0 (compatible; DotBot/1.2; +https://opensiteexplorer.org/dotbot; help@moz.com)" "www.mantech8.com"
157.55.39.104 - - [10/Sep/2022:18:57:41 -0700] "GET /?furnacite.xml HTTP/1.1" 200 239828 "-" "Mozilla/5.0 (compatible; bingbot/2.0; +http://www.bing.com/bingbot.htm)" "mantech8.com"
40.77.167.54 - - [10/Sep/2022:18:58:18 -0700] "GET /index.php/sitemap9.xml HTTP/1.1" 200 245921 "-" "Mozilla/5.0 (compatible; bingbot/2.0; +http://www.bing.com/bingbot.htm)" "mantech8.com"
157.55.39.104 - - [10/Sep/2022:19:04:13 -0700] "GET /index.php?c=product&a=type&tid=72 HTTP/1.1" 200 37594 "-" "Mozilla/5.0 (compatible; bingbot/2.0; +http://www.bing.com/bingbot.htm)" "www.mantech8.com"
157.55.39.104 - - [10/Sep/2022:19:12:14 -0700] "GET /cleaning.php/js/bootstrap.min.js HTTP/1.1" 200 15035 "-" "Mozilla/5.0 (compatible; MSIE 9.0; Windows NT 6.1; Trident/5.0)" "mantech8.com"
114.119.133.190 - - [10/Sep/2022:19:15:03 -0700] "GET /?steaded.xml HTTP/1.1" 200 260159 "-" "Mozilla/5.0 (Linux; Android 7.0;) AppleWebKit/537.36 (KHTML, like Gecko) Mobile Safari/537.36 (compatible; PetalBot;+https://webmaster.petalsearch.com/site/petalbot)" "mantech8.com"
114.119.133.165 - - [10/Sep/2022:19:20:32 -0700] "GET /index.php?sitemap445.xml HTTP/1.1" 200 331406 "-" "Mozilla/5.0 (compatible;PetalBot;+https://webmaster.petalsearch.com/site/petalbot)" "mantech8.com"
103.92.38.100 - - [10/Sep/2022:19:22:09 -0700] "GET / HTTP/1.1" 500 - "-" "Mozilla/5.0 (Windows NT 10.0; Win64; x64) AppleWebKit/537.36 (KHTML, like Gecko) Chrome/85.0.4183.121 Safari/537.36" "mantech8.com"
114.119.133.158 - - [10/Sep/2022:19:26:10 -0700] "GET /index.php/sitemap6075.xml HTTP/1.1" 200 335886 "-" "Mozilla/5.0 (compatible;PetalBot;+https://webmaster.petalsearch.com/site/petalbot)" "mantech8.com"
157.55.39.104 - - [10/Sep/2022:19:26:55 -0700] "GET /camp-fire/94988786.html HTTP/1.1" 404 88 "-" "Mozilla/5.0 (compatible; bingbot/2.0; +http://www.bing.com/bingbot.htm)" "mantech8.com"
141.8.142.101 - - [10/Sep/2022:19:27:54 -0700] "GET /robots.txt HTTP/1.1" 200 26464 "-" "Mozilla/5.0 (compatible; YandexBot/3.0; +http://yandex.com/bots)" "mantech8.com"
114.119.133.190 - - [10/Sep/2022:19:32:23 -0700] "GET /?manlundang.xml HTTP/1.1" 200 230445 "-" "Mozilla/5.0 (compatible;PetalBot;+https://webmaster.petalsearch.com/site/petalbot)" "mantech8.com"
114.119.133.165 - - [10/Sep/2022:19:37:49 -0700] "GET /index.php/sitemap1481.xml HTTP/1.1" 200 314012 "-" "Mozilla/5.0 (compatible;PetalBot;+https://webmaster.petalsearch.com/site/petalbot)" "mantech8.com"
77.75.78.160 - - [10/Sep/2022:19:42:50 -0700] "GET /robots.txt HTTP/1.1" 200 2442 "-" "Mozilla/5.0 (compatible; SeznamBot/3.2; +http://napoveda.seznam.cz/en/seznambot-intro/)" "mantech8.com"
77.75.78.160 - - [10/Sep/2022:19:42:51 -0700] "GET /sitemap12057.xml HTTP/1.1" 404 88 "-" "Mozilla/5.0 (compatible; SeznamBot/3.2; +http://napoveda.seznam.cz/en/seznambot-intro/)" "mantech8.com"
114.119.133.190 - - [10/Sep/2022:19:43:28 -0700] "GET /index.php?sitemap84.xml HTTP/1.1" 200 302308 "-" "Mozilla/5.0 (compatible;PetalBot;+https://webmaster.petalsearch.com/site/petalbot)" "mantech8.com"
216.244.66.241 - - [10/Sep/2022:19:46:03 -0700] "GET /robots.txt HTTP/1.1" 200 26464 "-" "Mozilla/5.0 (compatible; DotBot/1.2; +https://opensiteexplorer.org/dotbot; help@moz.com)" "mantech8.com"
216.244.66.241 - - [10/Sep/2022:19:46:03 -0700] "GET /robots.txt HTTP/1.1" 200 26464 "-" "Mozilla/5.0 (compatible; DotBot/1.2; +https://opensiteexplorer.org/dotbot; help@moz.com)" "www.mantech8.com"
157.55.39.86 - - [10/Sep/2022:19:46:25 -0700] "GET /robots.txt HTTP/1.1" 200 2442 "-" "Mozilla/5.0 (compatible; bingbot/2.0; +http://www.bing.com/bingbot.htm)" "mantech8.com"
157.55.39.86 - - [10/Sep/2022:19:46:25 -0700] "GET /robots.txt HTTP/1.1" 200 2442 "-" "Mozilla/5.0 (compatible; bingbot/2.0; +http://www.bing.com/bingbot.htm)" "mantech8.com"
40.77.167.54 - - [10/Sep/2022:19:46:32 -0700] "GET /bimages/gallery/thump/paint%20b6.jpg HTTP/1.1" 200 92948 "-" "Mozilla/5.0 (compatible; bingbot/2.0; +http://www.bing.com/bingbot.htm)" "mantech8.com"
114.119.133.166 - - [10/Sep/2022:19:49:04 -0700] "GET /sitemap5587.xml HTTP/1.1" 404 88 "-" "Mozilla/5.0 (compatible;PetalBot;+https://webmaster.petalsearch.com/site/petalbot)" "mantech8.com"
114.119.133.182 - - [10/Sep/2022:19:54:49 -0700] "GET /sitemap-index-8.xml HTTP/1.1" 404 88 "-" "Mozilla/5.0 (compatible;PetalBot;+https://webmaster.petalsearch.com/site/petalbot)" "mantech8.com"
114.119.133.190 - - [10/Sep/2022:20:00:29 -0700] "GET /bimages/video/thump/?C=N%3BO%3DD HTTP/1.1" 200 432 "http://www.mantech8.com/bimages/video/thump/" "Mozilla/5.0 (Linux; Android 7.0;) AppleWebKit/537.36 (KHTML, like Gecko) Mobile Safari/537.36 (compatible; PetalBot;+https://webmaster.petalsearch.com/site/petalbot)" "www.mantech8.com"
114.119.133.166 - - [10/Sep/2022:20:06:22 -0700] "GET /bimages/SliderImage/fvohktjeji.php HTTP/1.1" 200 32 "http://www.mantech8.com/bimages/SliderImage/?C=M%3BO%3DA" "Mozilla/5.0 (Linux; Android 7.0;) AppleWebKit/537.36 (KHTML, like Gecko) Mobile Safari/537.36 (compatible; PetalBot;+https://webmaster.petalsearch.com/site/petalbot)" "www.mantech8.com"
207.46.13.39 - - [10/Sep/2022:20:06:34 -0700] "GET / HTTP/1.1" 200 43534 "-" "Mozilla/5.0 (compatible; bingbot/2.0; +http://www.bing.com/bingbot.htm)" "mantech8.com"
157.55.39.103 - - [10/Sep/2022:20:17:21 -0700] "GET /?camp-fire/34870616.html HTTP/1.1" 200 63329 "-" "Mozilla/5.0 (compatible; bingbot/2.0; +http://www.bing.com/bingbot.htm)" "mantech8.com"
114.119.133.166 - - [10/Sep/2022:20:17:42 -0700] "GET /bimages/service/thump/ HTTP/1.1" 200 539 "http://www.mantech8.com/bimages/service/?C=N%3BO%3DD" "Mozilla/5.0 (Linux; Android 7.0;) AppleWebKit/537.36 (KHTML, like Gecko) Mobile Safari/537.36 (compatible; PetalBot;+https://webmaster.petalsearch.com/site/petalbot)" "www.mantech8.com"
114.119.133.182 - - [10/Sep/2022:20:23:27 -0700] "GET /bimages/SliderImage/fvohktjeji.php HTTP/1.1" 200 32 "http://mantech8.com/bimages/SliderImage/?C=M%3BO%3DA" "Mozilla/5.0 (Linux; Android 7.0;) AppleWebKit/537.36 (KHTML, like Gecko) Mobile Safari/537.36 (compatible; PetalBot;+https://webmaster.petalsearch.com/site/petalbot)" "mantech8.com"
114.119.133.182 - - [10/Sep/2022:20:29:16 -0700] "GET /bimages/vision/ HTTP/1.1" 200 421 "http://mantech8.com/bimages/?C=N%3BO%3DD" "Mozilla/5.0 (Linux; Android 7.0;) AppleWebKit/537.36 (KHTML, like Gecko) Mobile Safari/537.36 (compatible; PetalBot;+https://webmaster.petalsearch.com/site/petalbot)" "mantech8.com"
207.46.13.23 - - [10/Sep/2022:20:32:55 -0700] "GET /index.php?sitemap5796.xml HTTP/1.1" 200 244124 "-" "Mozilla/5.0 (compatible; bingbot/2.0; +http://www.bing.com/bingbot.htm)" "mantech8.com"
207.46.13.39 - - [10/Sep/2022:20:34:09 -0700] "GET /?sitemap869.xml HTTP/1.1" 200 271838 "-" "Mozilla/5.0 (compatible; bingbot/2.0; +http://www.bing.com/bingbot.htm)" "mantech8.com"
114.119.133.182 - - [10/Sep/2022:20:34:53 -0700] "GET /bimages/mission/?C=N%3BO%3DD HTTP/1.1" 200 416 "http://www.mantech8.com/bimages/mission/" "Mozilla/5.0 (Linux; Android 7.0;) AppleWebKit/537.36 (KHTML, like Gecko) Mobile Safari/537.36 (compatible; PetalBot;+https://webmaster.petalsearch.com/site/petalbot)" "www.mantech8.com"
216.244.66.241 - - [10/Sep/2022:20:35:21 -0700] "GET /robots.txt HTTP/1.1" 200 26464 "-" "Mozilla/5.0 (compatible; DotBot/1.2; +https://opensiteexplorer.org/dotbot; help@moz.com)" "mantech8.com"
216.244.66.241 - - [10/Sep/2022:20:35:21 -0700] "GET /robots.txt HTTP/1.1" 200 26464 "-" "Mozilla/5.0 (compatible; DotBot/1.2; +https://opensiteexplorer.org/dotbot; help@moz.com)" "www.mantech8.com"
207.46.13.23 - - [10/Sep/2022:20:36:06 -0700] "GET /index.php?sitemap81.xml HTTP/1.1" 200 259700 "-" "Mozilla/5.0 (compatible; bingbot/2.0; +http://www.bing.com/bingbot.htm)" "mantech8.com"
207.46.13.23 - - [10/Sep/2022:20:36:26 -0700] "GET /index.php?sitemap31764.xml HTTP/1.1" 200 254742 "-" "Mozilla/5.0 (compatible; bingbot/2.0; +http://www.bing.com/bingbot.htm)" "mantech8.com"
207.46.13.23 - - [10/Sep/2022:20:36:46 -0700] "GET /index.php/sitemap37.xml HTTP/1.1" 200 268342 "-" "Mozilla/5.0 (compatible; bingbot/2.0; +http://www.bing.com/bingbot.htm)" "mantech8.com"
157.55.39.86 - - [10/Sep/2022:20:37:20 -0700] "GET /index.php/sitemap694.xml HTTP/1.1" 200 250910 "-" "Mozilla/5.0 AppleWebKit/537.36 (KHTML, like Gecko; compatible; bingbot/2.0; +http://www.bing.com/bingbot.htm) Chrome/103.0.5060.134 Safari/537.36" "mantech8.com"
207.46.13.23 - - [10/Sep/2022:20:38:46 -0700] "GET /index.php?sitemap63.xml HTTP/1.1" 200 317384 "-" "Mozilla/5.0 (compatible; bingbot/2.0; +http://www.bing.com/bingbot.htm)" "mantech8.com"
40.77.167.54 - - [10/Sep/2022:20:39:27 -0700] "GET /index.php?sitemap6584.xml HTTP/1.1" 200 270906 "-" "Mozilla/5.0 (compatible; bingbot/2.0; +http://www.bing.com/bingbot.htm)" "mantech8.com"
157.55.39.86 - - [10/Sep/2022:20:39:31 -0700] "GET /?bubba.xml HTTP/1.1" 200 274400 "-" "Mozilla/5.0 (compatible; bingbot/2.0; +http://www.bing.com/bingbot.htm)" "mantech8.com"
207.46.13.39 - - [10/Sep/2022:20:40:10 -0700] "GET /index.php?sitemap5699.xml HTTP/1.1" 200 296614 "-" "Mozilla/5.0 (compatible; bingbot/2.0; +http://www.bing.com/bingbot.htm)" "mantech8.com"
114.119.133.165 - - [10/Sep/2022:20:40:37 -0700] "GET /sitemap876.xml HTTP/1.1" 404 88 "-" "Mozilla/5.0 (compatible;PetalBot;+https://webmaster.petalsearch.com/site/petalbot)" "mantech8.com"
157.55.39.86 - - [10/Sep/2022:20:42:10 -0700] "GET /index.php?sitemap86.xml HTTP/1.1" 200 270161 "-" "Mozilla/5.0 (compatible; bingbot/2.0; +http://www.bing.com/bingbot.htm)" "mantech8.com"
40.77.167.54 - - [10/Sep/2022:20:46:17 -0700] "GET /index.php?sitemap40906.xml HTTP/1.1" 200 290205 "-" "Mozilla/5.0 (compatible; bingbot/2.0; +http://www.bing.com/bingbot.htm)" "mantech8.com"
114.119.133.166 - - [10/Sep/2022:20:46:29 -0700] "GET /index.php/sitemap7655.xml HTTP/1.1" 200 246264 "-" "Mozilla/5.0 (compatible;PetalBot;+https://webmaster.petalsearch.com/site/petalbot)" "mantech8.com"
157.55.39.86 - - [10/Sep/2022:20:46:51 -0700] "GET /?sitemap4708.xml HTTP/1.1" 200 280936 "-" "Mozilla/5.0 AppleWebKit/537.36 (KHTML, like Gecko; compatible; bingbot/2.0; +http://www.bing.com/bingbot.htm) Chrome/103.0.5060.134 Safari/537.36" "mantech8.com"
207.46.13.23 - - [10/Sep/2022:20:47:07 -0700] "GET /?kujienavaca.xml HTTP/1.1" 200 277532 "-" "Mozilla/5.0 (compatible; bingbot/2.0; +http://www.bing.com/bingbot.htm)" "mantech8.com"
185.191.171.17 - - [10/Sep/2022:20:48:23 -0700] "GET /robots.txt HTTP/1.1" 200 2442 "-" "Mozilla/5.0 (compatible; SemrushBot/7~bl; +http://www.semrush.com/bot.html)" "mantech8.com"
185.191.171.1 - - [10/Sep/2022:20:48:24 -0700] "GET /bimages/certificate/editpaintg.php HTTP/1.1" 200 32 "-" "Mozilla/5.0 (compatible; SemrushBot/7~bl; +http://www.semrush.com/bot.html)" "mantech8.com"
157.55.39.103 - - [10/Sep/2022:20:51:13 -0700] "GET /?nieying.xml HTTP/1.1" 200 276152 "-" "Mozilla/5.0 (compatible; bingbot/2.0; +http://www.bing.com/bingbot.htm)" "mantech8.com"
114.119.133.182 - - [10/Sep/2022:20:52:12 -0700] "GET /index.php/sitemap96.xml HTTP/1.1" 200 337424 "-" "Mozilla/5.0 (compatible;PetalBot;+https://webmaster.petalsearch.com/site/petalbot)" "mantech8.com"
157.55.39.86 - - [10/Sep/2022:20:55:52 -0700] "GET /?sitemap7.xml HTTP/1.1" 200 325475 "-" "Mozilla/5.0 (compatible; bingbot/2.0; +http://www.bing.com/bingbot.htm)" "mantech8.com"
114.119.133.165 - - [10/Sep/2022:20:58:09 -0700] "GET /bimages/video/?C=S%3BO%3DA HTTP/1.1" 200 550 "http://mantech8.com/bimages/video/?C=D%3BO%3DA" "Mozilla/5.0 (Linux; Android 7.0;) AppleWebKit/537.36 (KHTML, like Gecko) Mobile Safari/537.36 (compatible; PetalBot;+https://webmaster.petalsearch.com/site/petalbot)" "mantech8.com"
207.46.13.23 - - [10/Sep/2022:20:58:08 -0700] "GET /?lamiter.xml HTTP/1.1" 200 314186 "-" "Mozilla/5.0 (compatible; bingbot/2.0; +http://www.bing.com/bingbot.htm)" "mantech8.com"
207.46.13.23 - - [10/Sep/2022:21:00:09 -0700] "GET / HTTP/1.1" 200 44939 "-" "Mozilla/5.0 (compatible; bingbot/2.0; +http://www.bing.com/bingbot.htm)" "mantech8.com"
157.55.39.86 - - [10/Sep/2022:21:02:32 -0700] "GET /?sitemap590.xml HTTP/1.1" 200 263510 "-" "Mozilla/5.0 (compatible; bingbot/2.0; +http://www.bing.com/bingbot.htm)" "mantech8.com"
207.46.13.39 - - [10/Sep/2022:21:05:33 -0700] "GET /?curlyhead.xml HTTP/1.1" 200 257897 "-" "Mozilla/5.0 (compatible; bingbot/2.0; +http://www.bing.com/bingbot.htm)" "mantech8.com"
157.55.39.104 - - [10/Sep/2022:21:06:13 -0700] "GET /?prinker.xml HTTP/1.1" 200 249572 "-" "Mozilla/5.0 (compatible; bingbot/2.0; +http://www.bing.com/bingbot.htm)" "mantech8.com"
157.55.39.103 - - [10/Sep/2022:21:06:34 -0700] "GET /index.php?c=product&a=type&tid=81 HTTP/1.1" 200 53775 "-" "Mozilla/5.0 (compatible; bingbot/2.0; +http://www.bing.com/bingbot.htm)" "www.mantech8.com"
157.55.39.86 - - [10/Sep/2022:21:07:43 -0700] "GET /index.php?sitemap661.xml HTTP/1.1" 200 302377 "-" "Mozilla/5.0 (compatible; bingbot/2.0; +http://www.bing.com/bingbot.htm)" "mantech8.com"
114.119.133.182 - - [10/Sep/2022:21:09:40 -0700] "GET /bimages/ele/?C=M%3BO%3DA HTTP/1.1" 200 426 "http://mantech8.com/bimages/ele/?C=N%3BO%3DD" "Mozilla/5.0 (Linux; Android 7.0;) AppleWebKit/537.36 (KHTML, like Gecko) Mobile Safari/537.36 (compatible; PetalBot;+https://webmaster.petalsearch.com/site/petalbot)" "mantech8.com"
185.191.171.11 - - [10/Sep/2022:21:10:01 -0700] "GET /bimages/hgallery/thump/ HTTP/1.1" 200 506 "-" "Mozilla/5.0 (compatible; SemrushBot/7~bl; +http://www.semrush.com/bot.html)" "mantech8.com"
207.46.13.23 - - [10/Sep/2022:21:11:09 -0700] "GET /index.php?sitemap784.xml HTTP/1.1" 200 241537 "-" "Mozilla/5.0 (compatible; bingbot/2.0; +http://www.bing.com/bingbot.htm)" "mantech8.com"
40.77.167.54 - - [10/Sep/2022:21:12:10 -0700] "GET /?dejerator.xml HTTP/1.1" 200 309146 "-" "Mozilla/5.0 (compatible; bingbot/2.0; +http://www.bing.com/bingbot.htm)" "mantech8.com"
40.77.167.54 - - [10/Sep/2022:21:12:50 -0700] "GET /?allocation.xml HTTP/1.1" 200 296645 "-" "Mozilla/5.0 (compatible; bingbot/2.0; +http://www.bing.com/bingbot.htm)" "mantech8.com"
207.46.13.39 - - [10/Sep/2022:21:13:34 -0700] "GET /?sitemap50827.xml HTTP/1.1" 200 252430 "-" "Mozilla/5.0 (compatible; bingbot/2.0; +http://www.bing.com/bingbot.htm)" "mantech8.com"
207.46.13.39 - - [10/Sep/2022:21:13:53 -0700] "GET /index.php/sitemap78.xml HTTP/1.1" 200 302686 "-" "Mozilla/5.0 (compatible; bingbot/2.0; +http://www.bing.com/bingbot.htm)" "mantech8.com"
157.55.39.104 - - [10/Sep/2022:21:15:01 -0700] "GET /camp-fire/45390791.html HTTP/1.1" 404 88 "-" "Mozilla/5.0 (compatible; bingbot/2.0; +http://www.bing.com/bingbot.htm)" "www.mantech8.com"
114.119.133.182 - - [10/Sep/2022:21:15:26 -0700] "GET /corevalues.php HTTP/1.1" 200 14806 "http://www.mantech8.com/gallery.php" "Mozilla/5.0 (Linux; Android 7.0;) AppleWebKit/537.36 (KHTML, like Gecko) Mobile Safari/537.36 (compatible; PetalBot;+https://webmaster.petalsearch.com/site/petalbot)" "www.mantech8.com"
157.55.39.86 - - [10/Sep/2022:21:20:55 -0700] "GET /?sitemap71.xml HTTP/1.1" 200 324779 "-" "Mozilla/5.0 (compatible; bingbot/2.0; +http://www.bing.com/bingbot.htm)" "mantech8.com"
114.119.133.190 - - [10/Sep/2022:21:21:24 -0700] "GET /mechanical.php HTTP/1.1" 200 13427 "http://www.mantech8.com/services.php" "Mozilla/5.0 (Linux; Android 7.0;) AppleWebKit/537.36 (KHTML, like Gecko) Mobile Safari/537.36 (compatible; PetalBot;+https://webmaster.petalsearch.com/site/petalbot)" "www.mantech8.com"
207.46.13.39 - - [10/Sep/2022:21:24:35 -0700] "GET /?inflorescences.xml HTTP/1.1" 200 245903 "-" "Mozilla/5.0 (compatible; bingbot/2.0; +http://www.bing.com/bingbot.htm)" "mantech8.com"
216.244.66.241 - - [10/Sep/2022:21:27:01 -0700] "GET /robots.txt HTTP/1.1" 200 26464 "-" "Mozilla/5.0 (compatible; DotBot/1.2; +https://opensiteexplorer.org/dotbot; help@moz.com)" "www.mantech8.com"
216.244.66.241 - - [10/Sep/2022:21:27:01 -0700] "GET /robots.txt HTTP/1.1" 200 26464 "-" "Mozilla/5.0 (compatible; DotBot/1.2; +https://opensiteexplorer.org/dotbot; help@moz.com)" "mantech8.com"
103.131.71.46 - - [10/Sep/2022:21:34:02 -0700] "GET /robots.txt HTTP/1.1" 200 2442 "-" "Mozilla/5.0 (compatible; coccocbot-image/1.0; +http://help.coccoc.com/searchengine)" "mantech8.com"
40.77.167.54 - - [10/Sep/2022:21:35:13 -0700] "GET /index.php/sitemap46.xml HTTP/1.1" 200 257308 "-" "Mozilla/5.0 (compatible; bingbot/2.0; +http://www.bing.com/bingbot.htm)" "mantech8.com"
40.77.167.54 - - [10/Sep/2022:21:36:02 -0700] "GET /index.php?sitemap329.xml HTTP/1.1" 200 288943 "-" "Mozilla/5.0 (compatible; bingbot/2.0; +http://www.bing.com/bingbot.htm)" "mantech8.com"
40.77.167.54 - - [10/Sep/2022:21:36:14 -0700] "GET /index.php/sitemap35.xml HTTP/1.1" 200 316103 "-" "Mozilla/5.0 (compatible; bingbot/2.0; +http://www.bing.com/bingbot.htm)" "mantech8.com"
66.249.66.13 - - [10/Sep/2022:21:37:13 -0700] "GET /ads.txt HTTP/1.1" 404 88 "-" "Mozilla/5.0 (compatible; Googlebot/2.1; +http://www.google.com/bot.html)" "www.mantech8.com"
114.119.133.190 - - [10/Sep/2022:21:38:18 -0700] "GET /bimages/pipeg/thump/?C=D%3BO%3DA HTTP/1.1" 200 568 "http://www.mantech8.com/bimages/pipeg/thump/?C=S%3BO%3DA" "Mozilla/5.0 (Linux; Android 7.0;) AppleWebKit/537.36 (KHTML, like Gecko) Mobile Safari/537.36 (compatible; PetalBot;+https://webmaster.petalsearch.com/site/petalbot)" "www.mantech8.com"
66.249.66.68 - - [10/Sep/2022:21:38:34 -0700] "GET /ads.txt HTTP/1.1" 404 88 "-" "Mozilla/5.0 (compatible; Googlebot/2.1; +http://www.google.com/bot.html)" "mantech8.com"
157.55.39.104 - - [10/Sep/2022:21:40:54 -0700] "GET /index.php/sitemap25.xml HTTP/1.1" 200 245375 "-" "Mozilla/5.0 AppleWebKit/537.36 (KHTML, like Gecko; compatible; bingbot/2.0; +http://www.bing.com/bingbot.htm) Chrome/103.0.5060.134 Safari/537.36" "mantech8.com"
77.75.77.95 - - [10/Sep/2022:21:45:21 -0700] "GET /robots.txt HTTP/1.1" 200 2442 "-" "Mozilla/5.0 (compatible; SeznamBot/3.2; +http://napoveda.seznam.cz/en/seznambot-intro/)" "mantech8.com"
77.75.77.95 - - [10/Sep/2022:21:45:22 -0700] "GET /sitemap669.xml HTTP/1.1" 404 88 "-" "Mozilla/5.0 (compatible; SeznamBot/3.2; +http://napoveda.seznam.cz/en/seznambot-intro/)" "mantech8.com"
207.46.13.39 - - [10/Sep/2022:21:46:26 -0700] "GET /?chuppah.xml HTTP/1.1" 200 294736 "-" "Mozilla/5.0 (compatible; bingbot/2.0; +http://www.bing.com/bingbot.htm)" "mantech8.com"
157.55.39.103 - - [10/Sep/2022:21:49:10 -0700] "GET /camp-fire/78512392.html HTTP/1.1" 404 88 "-" "Mozilla/5.0 (compatible; bingbot/2.0; +http://www.bing.com/bingbot.htm)" "mantech8.com"
114.119.133.166 - - [10/Sep/2022:21:49:48 -0700] "GET /bimages/service/thump/?C=M%3BO%3DA HTTP/1.1" 200 539 "http://www.mantech8.com/bimages/service/thump/?C=S%3BO%3DA" "Mozilla/5.0 (Linux; Android 7.0;) AppleWebKit/537.36 (KHTML, like Gecko) Mobile Safari/537.36 (compatible; PetalBot;+https://webmaster.petalsearch.com/site/petalbot)" "www.mantech8.com"
207.46.13.23 - - [10/Sep/2022:21:54:03 -0700] "GET /?sitemap14.xml HTTP/1.1" 200 234788 "-" "Mozilla/5.0 (compatible; bingbot/2.0; +http://www.bing.com/bingbot.htm)" "mantech8.com"
114.119.133.166 - - [10/Sep/2022:21:55:34 -0700] "GET /bimages/service/?C=M%3BO%3DA HTTP/1.1" 200 591 "http://mantech8.com/bimages/service/?C=D%3BO%3DA" "Mozilla/5.0 (Linux; Android 7.0;) AppleWebKit/537.36 (KHTML, like Gecko) Mobile Safari/537.36 (compatible; PetalBot;+https://webmaster.petalsearch.com/site/petalbot)" "mantech8.com"
157.55.39.86 - - [10/Sep/2022:21:55:37 -0700] "GET /index.php/sitemap28.xml HTTP/1.1" 200 270540 "-" "Mozilla/5.0 (compatible; bingbot/2.0; +http://www.bing.com/bingbot.htm)" "mantech8.com"
40.77.167.54 - - [10/Sep/2022:21:56:34 -0700] "GET /bimages/cleang/thump/c1.jpg HTTP/1.1" 200 161917 "-" "Mozilla/5.0 (compatible; bingbot/2.0; +http://www.bing.com/bingbot.htm)" "mantech8.com"
185.191.171.16 - - [10/Sep/2022:21:56:44 -0700] "GET /robots.txt HTTP/1.1" 200 2442 "-" "Mozilla/5.0 (compatible; SemrushBot/7~bl; +http://www.semrush.com/bot.html)" "mantech8.com"
185.191.171.4 - - [10/Sep/2022:21:56:44 -0700] "GET /bimages/service/thump/ HTTP/1.1" 200 539 "-" "Mozilla/5.0 (compatible; SemrushBot/7~bl; +http://www.semrush.com/bot.html)" "mantech8.com"
40.77.167.54 - - [10/Sep/2022:21:57:45 -0700] "GET /?ravenings.xml HTTP/1.1" 200 251994 "-" "Mozilla/5.0 (compatible; bingbot/2.0; +http://www.bing.com/bingbot.htm)" "mantech8.com"
157.55.39.104 - - [10/Sep/2022:21:58:46 -0700] "GET /index.php?sitemap8769.xml HTTP/1.1" 200 342510 "-" "Mozilla/5.0 (compatible; bingbot/2.0; +http://www.bing.com/bingbot.htm)" "mantech8.com"
40.77.167.54 - - [10/Sep/2022:21:59:03 -0700] "GET /?sitemap2998.xml HTTP/1.1" 200 296624 "-" "Mozilla/5.0 (compatible; bingbot/2.0; +http://www.bing.com/bingbot.htm)" "mantech8.com"
114.119.133.166 - - [10/Sep/2022:22:01:17 -0700] "GET /index.php/infuriates.xml HTTP/1.1" 200 314819 "-" "Mozilla/5.0 (compatible;PetalBot;+https://webmaster.petalsearch.com/site/petalbot)" "mantech8.com"
157.55.39.103 - - [10/Sep/2022:22:02:01 -0700] "GET /index.php/sitemap652.xml HTTP/1.1" 200 335798 "-" "Mozilla/5.0 (compatible; bingbot/2.0; +http://www.bing.com/bingbot.htm)" "mantech8.com"
207.46.13.23 - - [10/Sep/2022:22:02:44 -0700] "GET /?sitemap49269.xml HTTP/1.1" 200 229361 "-" "Mozilla/5.0 (compatible; bingbot/2.0; +http://www.bing.com/bingbot.htm)" "mantech8.com"
157.55.39.86 - - [10/Sep/2022:22:04:58 -0700] "GET /?steaded.xml HTTP/1.1" 200 260333 "-" "Mozilla/5.0 (compatible; bingbot/2.0; +http://www.bing.com/bingbot.htm)" "mantech8.com"
114.119.133.190 - - [10/Sep/2022:22:07:10 -0700] "GET /index.php/limunu.xml HTTP/1.1" 200 253628 "-" "Mozilla/5.0 (compatible;PetalBot;+https://webmaster.petalsearch.com/site/petalbot)" "mantech8.com"
114.119.133.166 - - [10/Sep/2022:22:13:07 -0700] "GET /bimages/scafg/?C=N%3BO%3DD HTTP/1.1" 200 555 "http://www.mantech8.com/bimages/scafg/?C=M%3BO%3DA" "Mozilla/5.0 (Linux; Android 7.0;) AppleWebKit/537.36 (KHTML, like Gecko) Mobile Safari/537.36 (compatible; PetalBot;+https://webmaster.petalsearch.com/site/petalbot)" "www.mantech8.com"
40.77.167.54 - - [10/Sep/2022:22:14:25 -0700] "GET /?sitemap416.xml HTTP/1.1" 200 298593 "-" "Mozilla/5.0 (compatible; bingbot/2.0; +http://www.bing.com/bingbot.htm)" "mantech8.com"
157.55.39.104 - - [10/Sep/2022:22:17:47 -0700] "GET /index.php?sitemap4497.xml HTTP/1.1" 200 318052 "-" "Mozilla/5.0 (compatible; bingbot/2.0; +http://www.bing.com/bingbot.htm)" "mantech8.com"
216.244.66.241 - - [10/Sep/2022:22:18:38 -0700] "GET /robots.txt HTTP/1.1" 200 26464 "-" "Mozilla/5.0 (compatible; DotBot/1.2; +https://opensiteexplorer.org/dotbot; help@moz.com)" "mantech8.com"
216.244.66.241 - - [10/Sep/2022:22:18:38 -0700] "GET /robots.txt HTTP/1.1" 200 26464 "-" "Mozilla/5.0 (compatible; DotBot/1.2; +https://opensiteexplorer.org/dotbot; help@moz.com)" "www.mantech8.com"
114.119.133.158 - - [10/Sep/2022:22:18:46 -0700] "GET /bimages/dimage/?C=S%3BO%3DA HTTP/1.1" 200 419 "http://mantech8.com/bimages/dimage/?C=D%3BO%3DA" "Mozilla/5.0 (Linux; Android 7.0;) AppleWebKit/537.36 (KHTML, like Gecko) Mobile Safari/537.36 (compatible; PetalBot;+https://webmaster.petalsearch.com/site/petalbot)" "mantech8.com"
40.77.167.54 - - [10/Sep/2022:22:22:46 -0700] "GET /bimages/gallery/thump/sb7.jpg HTTP/1.1" 200 110646 "-" "Mozilla/5.0 (compatible; bingbot/2.0; +http://www.bing.com/bingbot.htm)" "mantech8.com"
157.55.39.103 - - [10/Sep/2022:22:22:53 -0700] "GET /index.php/scillism.xml HTTP/1.1" 200 265561 "-" "Mozilla/5.0 (compatible; bingbot/2.0; +http://www.bing.com/bingbot.htm)" "mantech8.com"
40.77.167.54 - - [10/Sep/2022:22:24:26 -0700] "GET /?sitemap4209.xml HTTP/1.1" 200 304928 "-" "Mozilla/5.0 AppleWebKit/537.36 (KHTML, like Gecko; compatible; bingbot/2.0; +http://www.bing.com/bingbot.htm) Chrome/103.0.5060.134 Safari/537.36" "mantech8.com"
207.46.13.39 - - [10/Sep/2022:22:27:11 -0700] "GET /?qiaojis.xml HTTP/1.1" 200 289003 "-" "Mozilla/5.0 (compatible; bingbot/2.0; +http://www.bing.com/bingbot.htm)" "mantech8.com"
207.46.13.23 - - [10/Sep/2022:22:29:28 -0700] "GET / HTTP/1.1" 200 44023 "-" "Mozilla/5.0 (compatible; bingbot/2.0; +http://www.bing.com/bingbot.htm)" "mantech8.com"
157.55.39.86 - - [10/Sep/2022:22:30:51 -0700] "GET /bimages/gallery/thump/pb13.jpg HTTP/1.1" 200 445623 "-" "Mozilla/5.0 (compatible; bingbot/2.0; +http://www.bing.com/bingbot.htm)" "mantech8.com"
157.55.39.103 - - [10/Sep/2022:22:31:04 -0700] "GET /bimages/gallery/thump/pb2.jpg HTTP/1.1" 200 396259 "-" "Mozilla/5.0 (compatible; bingbot/2.0; +http://www.bing.com/bingbot.htm)" "mantech8.com"
207.46.13.23 - - [10/Sep/2022:22:34:07 -0700] "GET /?clathrose.xml HTTP/1.1" 200 235655 "-" "Mozilla/5.0 (compatible; bingbot/2.0; +http://www.bing.com/bingbot.htm)" "mantech8.com"
157.55.39.104 - - [10/Sep/2022:22:36:09 -0700] "GET /?biopoesis.xml HTTP/1.1" 200 299081 "-" "Mozilla/5.0 (compatible; bingbot/2.0; +http://www.bing.com/bingbot.htm)" "mantech8.com"
157.55.39.103 - - [10/Sep/2022:22:41:24 -0700] "GET /?sitemap19.xml HTTP/1.1" 200 253046 "-" "Mozilla/5.0 (compatible; bingbot/2.0; +http://www.bing.com/bingbot.htm)" "mantech8.com"
114.119.133.182 - - [10/Sep/2022:22:41:59 -0700] "GET /bimages/tank/ HTTP/1.1" 200 411 "http://mantech8.com/bimages/" "Mozilla/5.0 (Linux; Android 7.0;) AppleWebKit/537.36 (KHTML, like Gecko) Mobile Safari/537.36 (compatible; PetalBot;+https://webmaster.petalsearch.com/site/petalbot)" "mantech8.com"
157.55.39.103 - - [10/Sep/2022:22:42:23 -0700] "GET /bimages/gallery/s1.jpg HTTP/1.1" 200 183423 "-" "Mozilla/5.0 (compatible; bingbot/2.0; +http://www.bing.com/bingbot.htm)" "mantech8.com"
40.77.167.54 - - [10/Sep/2022:22:44:40 -0700] "GET /camp-fire/96948225.html HTTP/1.1" 404 88 "-" "Mozilla/5.0 (compatible; bingbot/2.0; +http://www.bing.com/bingbot.htm)" "mantech8.com"
157.55.39.104 - - [10/Sep/2022:22:46:00 -0700] "GET /?sitemap86.xml HTTP/1.1" 200 280140 "-" "Mozilla/5.0 (compatible; bingbot/2.0; +http://www.bing.com/bingbot.htm)" "mantech8.com"
207.46.13.23 - - [10/Sep/2022:22:46:48 -0700] "GET /?exorcise.xml HTTP/1.1" 200 246440 "-" "Mozilla/5.0 (compatible; bingbot/2.0; +http://www.bing.com/bingbot.htm)" "mantech8.com"
65.108.50.218 - - [10/Sep/2022:22:48:32 -0700] "GET /wp-content/themes/seotheme/mar.php HTTP/1.1" 404 88 "www.google.com" "Mozlila/5.0 (Linux; Android 7.0; SM-G892A Bulid/NRD90M; wv) AppleWebKit/537.36 (KHTML, like Gecko) Version/4.0 Chrome/60.0.3112.107 Moblie Safari/537.36" "mantech8.com"
65.108.50.218 - - [10/Sep/2022:22:48:38 -0700] "GET /wp-content/themes/seotheme/mar.php HTTP/1.1" 404 88 "www.google.com" "Mozlila/5.0 (Linux; Android 7.0; SM-G892A Bulid/NRD90M; wv) AppleWebKit/537.36 (KHTML, like Gecko) Version/4.0 Chrome/60.0.3112.107 Moblie Safari/537.36" "mantech8.com"
207.46.13.39 - - [10/Sep/2022:22:49:33 -0700] "GET /?manlundang.xml HTTP/1.1" 200 290920 "-" "Mozilla/5.0 (compatible; bingbot/2.0; +http://www.bing.com/bingbot.htm)" "mantech8.com"
40.77.167.54 - - [10/Sep/2022:22:51:49 -0700] "GET /?megatheroid.xml HTTP/1.1" 200 304813 "-" "Mozilla/5.0 (compatible; bingbot/2.0; +http://www.bing.com/bingbot.htm)" "mantech8.com"
114.119.133.165 - - [10/Sep/2022:22:53:30 -0700] "GET /bimages/hgallery/thump/?C=N%3BO%3DD HTTP/1.1" 200 506 "http://www.mantech8.com/bimages/hgallery/thump/?C=M%3BO%3DA" "Mozilla/5.0 (Linux; Android 7.0;) AppleWebKit/537.36 (KHTML, like Gecko) Mobile Safari/537.36 (compatible; PetalBot;+https://webmaster.petalsearch.com/site/petalbot)" "www.mantech8.com"
157.55.39.86 - - [10/Sep/2022:22:55:55 -0700] "GET /cleaning.php/engine1/jquery.js HTTP/1.1" 200 15035 "-" "Mozilla/5.0 (compatible; MSIE 9.0; Windows NT 6.1; Trident/5.0)" "mantech8.com"
207.46.13.23 - - [10/Sep/2022:22:57:59 -0700] "GET /index.php?sitemap56.xml HTTP/1.1" 200 328045 "-" "Mozilla/5.0 (compatible; bingbot/2.0; +http://www.bing.com/bingbot.htm)" "mantech8.com"
114.119.133.190 - - [10/Sep/2022:22:59:10 -0700] "GET /bimages/client/black2llleaf.php HTTP/1.1" 500 - "http://www.mantech8.com/bimages/client/?C=S%3BO%3DA" "Mozilla/5.0 (Linux; Android 7.0;) AppleWebKit/537.36 (KHTML, like Gecko) Mobile Safari/537.36 (compatible; PetalBot;+https://webmaster.petalsearch.com/site/petalbot)" "www.mantech8.com"
40.77.167.54 - - [10/Sep/2022:22:59:29 -0700] "GET /?benfica.xml HTTP/1.1" 200 313844 "-" "Mozilla/5.0 (compatible; bingbot/2.0; +http://www.bing.com/bingbot.htm)" "mantech8.com"
40.77.167.54 - - [10/Sep/2022:23:01:30 -0700] "GET /bimages/gallery/s14.jpg HTTP/1.1" 200 76149 "-" "Mozilla/5.0 (compatible; bingbot/2.0; +http://www.bing.com/bingbot.htm)" "mantech8.com"
207.46.13.23 - - [10/Sep/2022:23:02:00 -0700] "GET /?takiko.xml HTTP/1.1" 200 324605 "-" "Mozilla/5.0 (compatible; bingbot/2.0; +http://www.bing.com/bingbot.htm)" "mantech8.com"
207.46.13.23 - - [10/Sep/2022:23:04:30 -0700] "GET /index.php?sitemap8061.xml HTTP/1.1" 200 319326 "-" "Mozilla/5.0 (compatible; bingbot/2.0; +http://www.bing.com/bingbot.htm)" "mantech8.com"
114.119.133.166 - - [10/Sep/2022:23:05:00 -0700] "GET /index.php?ching-kuo.xml HTTP/1.1" 200 276414 "-" "Mozilla/5.0 (Linux; Android 7.0;) AppleWebKit/537.36 (KHTML, like Gecko) Mobile Safari/537.36 (compatible; PetalBot;+https://webmaster.petalsearch.com/site/petalbot)" "mantech8.com"
157.55.39.104 - - [10/Sep/2022:23:08:42 -0700] "GET /?impenetration.xml HTTP/1.1" 200 315584 "-" "Mozilla/5.0 (compatible; bingbot/2.0; +http://www.bing.com/bingbot.htm)" "mantech8.com"
114.119.133.158 - - [10/Sep/2022:23:10:46 -0700] "GET /bimages/cert/?C=S%3BO%3DA HTTP/1.1" 200 530 "http://mantech8.com/bimages/cert/?C=N%3BO%3DD" "Mozilla/5.0 (Linux; Android 7.0;) AppleWebKit/537.36 (KHTML, like Gecko) Mobile Safari/537.36 (compatible; PetalBot;+https://webmaster.petalsearch.com/site/petalbot)" "mantech8.com"
216.244.66.241 - - [10/Sep/2022:23:10:51 -0700] "GET /robots.txt HTTP/1.1" 200 26464 "-" "Mozilla/5.0 (compatible; DotBot/1.2; +https://opensiteexplorer.org/dotbot; help@moz.com)" "www.mantech8.com"
216.244.66.241 - - [10/Sep/2022:23:10:51 -0700] "GET /robots.txt HTTP/1.1" 200 26464 "-" "Mozilla/5.0 (compatible; DotBot/1.2; +https://opensiteexplorer.org/dotbot; help@moz.com)" "mantech8.com"
157.55.39.104 - - [10/Sep/2022:23:11:13 -0700] "GET /bimages/headg/thump/hb5.jpg HTTP/1.1" 200 98526 "-" "Mozilla/5.0 (compatible; bingbot/2.0; +http://www.bing.com/bingbot.htm)" "www.mantech8.com"
207.46.13.23 - - [10/Sep/2022:23:15:31 -0700] "GET /?procombination.xml HTTP/1.1" 200 233417 "-" "Mozilla/5.0 (compatible; bingbot/2.0; +http://www.bing.com/bingbot.htm)" "mantech8.com"
114.119.133.158 - - [10/Sep/2022:23:16:26 -0700] "GET /index.php?sitemap743.xml HTTP/1.1" 200 338753 "-" "Mozilla/5.0 (Linux; Android 7.0;) AppleWebKit/537.36 (KHTML, like Gecko) Mobile Safari/537.36 (compatible; PetalBot;+https://webmaster.petalsearch.com/site/petalbot)" "mantech8.com"
114.119.133.182 - - [10/Sep/2022:23:22:17 -0700] "GET / HTTP/1.1" 500 - "-" "Mozilla/5.0 (Linux; Android 7.0;) AppleWebKit/537.36 (KHTML, like Gecko) Mobile Safari/537.36 (compatible; PetalBot;+https://webmaster.petalsearch.com/site/petalbot)" "www.mantech8.com"
157.55.39.103 - - [10/Sep/2022:23:22:38 -0700] "GET /?tetrathionates.xml HTTP/1.1" 200 307064 "-" "Mozilla/5.0 AppleWebKit/537.36 (KHTML, like Gecko; compatible; bingbot/2.0; +http://www.bing.com/bingbot.htm) Chrome/103.0.5060.134 Safari/537.36" "mantech8.com"
40.77.167.54 - - [10/Sep/2022:23:24:41 -0700] "GET /?sitemap2886.xml HTTP/1.1" 200 250728 "-" "Mozilla/5.0 (compatible; bingbot/2.0; +http://www.bing.com/bingbot.htm)" "mantech8.com"
157.55.39.86 - - [10/Sep/2022:23:27:17 -0700] "GET /?kiger.xml HTTP/1.1" 200 234621 "-" "Mozilla/5.0 (compatible; bingbot/2.0; +http://www.bing.com/bingbot.htm)" "mantech8.com"
114.119.133.158 - - [10/Sep/2022:23:28:12 -0700] "GET /?sitemap-index-3.xml HTTP/1.1" 200 5609 "-" "Mozilla/5.0 (compatible;PetalBot;+https://webmaster.petalsearch.com/site/petalbot)" "mantech8.com"
207.46.13.23 - - [10/Sep/2022:23:28:44 -0700] "GET /?athermallize.xml HTTP/1.1" 200 328433 "-" "Mozilla/5.0 (compatible; bingbot/2.0; +http://www.bing.com/bingbot.htm)" "mantech8.com"
77.75.79.17 - - [10/Sep/2022:23:28:51 -0700] "GET /robots.txt HTTP/1.1" 200 2442 "-" "Mozilla/5.0 (compatible; SeznamBot/3.2; +http://napoveda.seznam.cz/en/seznambot-intro/)" "mantech8.com"
77.75.79.17 - - [10/Sep/2022:23:28:52 -0700] "GET /sitemap41259.xml HTTP/1.1" 404 88 "-" "Mozilla/5.0 (compatible; SeznamBot/3.2; +http://napoveda.seznam.cz/en/seznambot-intro/)" "mantech8.com"
207.46.13.23 - - [10/Sep/2022:23:32:33 -0700] "GET /index.php?allocation.xml HTTP/1.1" 200 260252 "-" "Mozilla/5.0 (compatible; bingbot/2.0; +http://www.bing.com/bingbot.htm)" "mantech8.com"
114.119.133.158 - - [10/Sep/2022:23:34:44 -0700] "GET /?sitemap-index-6.xml HTTP/1.1" 200 4804 "-" "Mozilla/5.0 (compatible;PetalBot;+https://webmaster.petalsearch.com/site/petalbot)" "mantech8.com"
194.38.20.161 - - [10/Sep/2022:23:35:47 -0700] "GET /wp-content/plugins/superlogoshowcase-wp/sls-wp-admin/pages/exportAjax.php HTTP/1.1" 404 73 "-" "ALittle Client" "mantech8.com"
207.46.13.23 - - [10/Sep/2022:23:38:13 -0700] "GET /?sitemap39.xml HTTP/1.1" 200 319058 "-" "Mozilla/5.0 (compatible; bingbot/2.0; +http://www.bing.com/bingbot.htm)" "mantech8.com"
114.119.133.158 - - [10/Sep/2022:23:39:48 -0700] "GET /murium.xml HTTP/1.1" 404 88 "-" "Mozilla/5.0 (compatible;PetalBot;+https://webmaster.petalsearch.com/site/petalbot)" "mantech8.com"
207.46.13.39 - - [10/Sep/2022:23:40:18 -0700] "GET /?kleffens.xml HTTP/1.1" 200 252878 "-" "Mozilla/5.0 (compatible; bingbot/2.0; +http://www.bing.com/bingbot.htm)" "mantech8.com"
207.46.13.23 - - [10/Sep/2022:23:41:03 -0700] "GET /?sitemap35.xml HTTP/1.1" 200 225763 "-" "Mozilla/5.0 (compatible; bingbot/2.0; +http://www.bing.com/bingbot.htm)" "mantech8.com"
157.55.39.86 - - [10/Sep/2022:23:41:19 -0700] "GET /index.php?sitemap83.xml HTTP/1.1" 200 340902 "-" "Mozilla/5.0 (compatible; bingbot/2.0; +http://www.bing.com/bingbot.htm)" "mantech8.com"
114.119.141.84 - - [10/Sep/2022:23:43:01 -0700] "GET /robots.txt HTTP/1.1" 200 2442 "-" "Mozilla/5.0 (compatible;PetalBot;+https://webmaster.petalsearch.com/site/petalbot)" "www.mantech8.com"
157.55.39.104 - - [10/Sep/2022:23:44:16 -0700] "GET /?gelsemic.xml HTTP/1.1" 200 293861 "-" "Mozilla/5.0 (compatible; bingbot/2.0; +http://www.bing.com/bingbot.htm)" "mantech8.com"
157.55.39.86 - - [10/Sep/2022:23:46:09 -0700] "GET /?sitemap8844.xml HTTP/1.1" 200 293102 "-" "Mozilla/5.0 (compatible; bingbot/2.0; +http://www.bing.com/bingbot.htm)" "mantech8.com"
114.119.133.182 - - [10/Sep/2022:23:46:27 -0700] "GET /?guangheng.xml HTTP/1.1" 200 253394 "-" "Mozilla/5.0 (compatible;PetalBot;+https://webmaster.petalsearch.com/site/petalbot)" "mantech8.com"
65.108.61.221 - - [10/Sep/2022:23:47:35 -0700] "GET /wp-content/themes/seotheme/mar.php HTTP/1.1" 404 88 "www.google.com" "Mozlila/5.0 (Linux; Android 7.0; SM-G892A Bulid/NRD90M; wv) AppleWebKit/537.36 (KHTML, like Gecko) Version/4.0 Chrome/60.0.3112.107 Moblie Safari/537.36" "mantech8.com"
65.108.61.221 - - [10/Sep/2022:23:47:36 -0700] "GET /wp-content/themes/seotheme/mar.php HTTP/1.1" 404 88 "www.google.com" "Mozlila/5.0 (Linux; Android 7.0; SM-G892A Bulid/NRD90M; wv) AppleWebKit/537.36 (KHTML, like Gecko) Version/4.0 Chrome/60.0.3112.107 Moblie Safari/537.36" "mantech8.com"
157.55.39.86 - - [10/Sep/2022:23:50:29 -0700] "GET /?sitemap63.xml HTTP/1.1" 200 279098 "-" "Mozilla/5.0 (compatible; bingbot/2.0; +http://www.bing.com/bingbot.htm)" "mantech8.com"
114.119.149.142 - - [10/Sep/2022:23:51:10 -0700] "GET /robots.txt HTTP/1.1" 200 2442 "-" "Mozilla/5.0 (compatible;PetalBot;+https://webmaster.petalsearch.com/site/petalbot)" "mantech8.com"
114.119.133.165 - - [10/Sep/2022:23:51:33 -0700] "GET /bimages/cleang/thump/mime.lib.php HTTP/1.1" 200 32 "http://mantech8.com/bimages/cleang/thump/?C=N%3BO%3DD" "Mozilla/5.0 (Linux; Android 7.0;) AppleWebKit/537.36 (KHTML, like Gecko) Mobile Safari/537.36 (compatible; PetalBot;+https://webmaster.petalsearch.com/site/petalbot)" "mantech8.com"
207.46.13.39 - - [10/Sep/2022:23:54:59 -0700] "GET /bimages/gallery/thump/paint%20b2.jpg HTTP/1.1" 200 108622 "-" "Mozilla/5.0 (compatible; bingbot/2.0; +http://www.bing.com/bingbot.htm)" "www.mantech8.com"
157.55.39.86 - - [10/Sep/2022:23:57:09 -0700] "GET /?housewifelinesses.xml HTTP/1.1" 200 321832 "-" "Mozilla/5.0 (compatible; bingbot/2.0; +http://www.bing.com/bingbot.htm)" "mantech8.com"
114.119.133.182 - - [10/Sep/2022:23:57:10 -0700] "GET /bubba.xml HTTP/1.1" 404 88 "-" "Mozilla/5.0 (Linux; Android 7.0;) AppleWebKit/537.36 (KHTML, like Gecko) Mobile Safari/537.36 (compatible; PetalBot;+https://webmaster.petalsearch.com/site/petalbot)" "mantech8.com"
157.55.39.103 - - [10/Sep/2022:23:57:41 -0700] "GET /bimages/gallery/s12.jpg HTTP/1.1" 200 208277 "-" "Mozilla/5.0 (compatible; bingbot/2.0; +http://www.bing.com/bingbot.htm)" "mantech8.com"
157.55.39.86 - - [10/Sep/2022:23:59:50 -0700] "GET /index.php?sitemap53200.xml HTTP/1.1" 200 319642 "-" "Mozilla/5.0 (compatible; bingbot/2.0; +http://www.bing.com/bingbot.htm)" "mantech8.com"
216.244.66.241 - - [11/Sep/2022:00:01:32 -0700] "GET /robots.txt HTTP/1.1" 200 26464 "-" "Mozilla/5.0 (compatible; DotBot/1.2; +https://opensiteexplorer.org/dotbot; help@moz.com)" "www.mantech8.com"
216.244.66.241 - - [11/Sep/2022:00:01:32 -0700] "GET /robots.txt HTTP/1.1" 200 26464 "-" "Mozilla/5.0 (compatible; DotBot/1.2; +https://opensiteexplorer.org/dotbot; help@moz.com)" "mantech8.com"
157.55.39.104 - - [11/Sep/2022:00:03:47 -0700] "GET /index.php/sitemap7131.xml HTTP/1.1" 200 323374 "-" "Mozilla/5.0 (compatible; bingbot/2.0; +http://www.bing.com/bingbot.htm)" "mantech8.com"
157.55.39.103 - - [11/Sep/2022:00:05:32 -0700] "GET /?sitemap8.xml HTTP/1.1" 200 238461 "-" "Mozilla/5.0 (compatible; bingbot/2.0; +http://www.bing.com/bingbot.htm)" "mantech8.com"
40.77.167.54 - - [11/Sep/2022:00:06:06 -0700] "GET /index.php?sitemap11.xml HTTP/1.1" 200 288355 "-" "Mozilla/5.0 (compatible; bingbot/2.0; +http://www.bing.com/bingbot.htm)" "mantech8.com"
157.55.39.103 - - [11/Sep/2022:00:06:13 -0700] "GET /javascript:void(0) HTTP/1.1" 404 88 "-" "Mozilla/5.0 (compatible; bingbot/2.0; +http://www.bing.com/bingbot.htm)" "mantech8.com"
