157.55.39.103 - - [11/Sep/2022:00:06:13 -0700] "GET /index.php?sitemap-index-6.xml HTTP/1.1" 200 5341 "-" "Mozilla/5.0 (compatible; bingbot/2.0; +http://www.bing.com/bingbot.htm)" "mantech8.com"
40.77.167.54 - - [11/Sep/2022:00:06:47 -0700] "GET /bimages/gallery/p4.jpg HTTP/1.1" 200 58231 "-" "Mozilla/5.0 (compatible; bingbot/2.0; +http://www.bing.com/bingbot.htm)" "mantech8.com"
114.119.133.166 - - [11/Sep/2022:00:08:41 -0700] "GET /bimages/client/tbl_import.php HTTP/1.1" 200 32 "http://www.mantech8.com/bimages/client/?C=S%3BO%3DA" "Mozilla/5.0 (Linux; Android 7.0;) AppleWebKit/537.36 (KHTML, like Gecko) Mobile Safari/537.36 (compatible; PetalBot;+https://webmaster.petalsearch.com/site/petalbot)" "www.mantech8.com"
207.46.13.39 - - [11/Sep/2022:00:09:10 -0700] "GET /index.php/sitemap71.xml HTTP/1.1" 200 245179 "-" "Mozilla/5.0 (compatible; bingbot/2.0; +http://www.bing.com/bingbot.htm)" "mantech8.com"
157.55.39.104 - - [11/Sep/2022:00:09:28 -0700] "GET /index.php/sitemap-index-9.xml HTTP/1.1" 200 4086 "-" "Mozilla/5.0 (compatible; bingbot/2.0; +http://www.bing.com/bingbot.htm)" "mantech8.com"
207.46.13.23 - - [11/Sep/2022:00:11:26 -0700] "GET /index.php/sitemap4.xml HTTP/1.1" 200 278073 "-" "Mozilla/5.0 (compatible; bingbot/2.0; +http://www.bing.com/bingbot.htm)" "mantech8.com"
114.119.133.165 - - [11/Sep/2022:00:14:50 -0700] "GET /sitemap53.xml HTTP/1.1" 404 88 "-" "Mozilla/5.0 (Linux; Android 7.0;) AppleWebKit/537.36 (KHTML, like Gecko) Mobile Safari/537.36 (compatible; PetalBot;+https://webmaster.petalsearch.com/site/petalbot)" "mantech8.com"
157.55.39.104 - - [11/Sep/2022:00:19:09 -0700] "GET /index.php/impenetration.xml HTTP/1.1" 200 262456 "-" "Mozilla/5.0 (compatible; bingbot/2.0; +http://www.bing.com/bingbot.htm)" "mantech8.com"
40.77.167.54 - - [11/Sep/2022:00:19:47 -0700] "GET /?sitemap7884.xml HTTP/1.1" 200 306326 "-" "Mozilla/5.0 (compatible; bingbot/2.0; +http://www.bing.com/bingbot.htm)" "mantech8.com"
157.55.39.103 - - [11/Sep/2022:00:20:24 -0700] "GET /index.php?sitemap46291.xml HTTP/1.1" 200 290702 "-" "Mozilla/5.0 (compatible; bingbot/2.0; +http://www.bing.com/bingbot.htm)" "mantech8.com"
207.46.13.23 - - [11/Sep/2022:00:20:28 -0700] "GET /?sitemap4689.xml HTTP/1.1" 200 233732 "-" "Mozilla/5.0 (compatible; bingbot/2.0; +http://www.bing.com/bingbot.htm)" "mantech8.com"
207.46.13.39 - - [11/Sep/2022:00:20:33 -0700] "GET /index.php?qiaojis.xml HTTP/1.1" 200 292398 "-" "Mozilla/5.0 (compatible; bingbot/2.0; +http://www.bing.com/bingbot.htm)" "mantech8.com"
114.119.133.190 - - [11/Sep/2022:00:20:45 -0700] "GET /bimages/gallery/bxrgzztdpj.php HTTP/1.1" 200 32 "http://mantech8.com/bimages/gallery/?C=N%3BO%3DD" "Mozilla/5.0 (Linux; Android 7.0;) AppleWebKit/537.36 (KHTML, like Gecko) Mobile Safari/537.36 (compatible; PetalBot;+https://webmaster.petalsearch.com/site/petalbot)" "mantech8.com"
40.77.167.54 - - [11/Sep/2022:00:22:28 -0700] "GET /index.php?sitemap6.xml HTTP/1.1" 200 317027 "-" "Mozilla/5.0 (compatible; bingbot/2.0; +http://www.bing.com/bingbot.htm)" "mantech8.com"
207.46.13.39 - - [11/Sep/2022:00:22:52 -0700] "GET /index.php?sitemap152.xml HTTP/1.1" 200 340341 "-" "Mozilla/5.0 (compatible; bingbot/2.0; +http://www.bing.com/bingbot.htm)" "mantech8.com"
157.55.39.104 - - [11/Sep/2022:00:23:29 -0700] "GET /index.php?dehydrochlorinases.xml HTTP/1.1" 200 265386 "-" "Mozilla/5.0 (compatible; bingbot/2.0; +http://www.bing.com/bingbot.htm)" "mantech8.com"
40.77.167.54 - - [11/Sep/2022:00:25:07 -0700] "GET /index.php/sitemap24.xml HTTP/1.1" 200 245905 "-" "Mozilla/5.0 (compatible; bingbot/2.0; +http://www.bing.com/bingbot.htm)" "mantech8.com"
114.119.133.165 - - [11/Sep/2022:00:26:02 -0700] "GET /bimages/cleang/?C=S%3BO%3DA HTTP/1.1" 200 505 "http://mantech8.com/bimages/cleang/?C=N%3BO%3DD" "Mozilla/5.0 (Linux; Android 7.0;) AppleWebKit/537.36 (KHTML, like Gecko) Mobile Safari/537.36 (compatible; PetalBot;+https://webmaster.petalsearch.com/site/petalbot)" "mantech8.com"
77.75.77.54 - - [11/Sep/2022:00:26:28 -0700] "GET /robots.txt HTTP/1.1" 200 2442 "-" "Mozilla/5.0 (compatible; SeznamBot/3.2; +http://napoveda.seznam.cz/en/seznambot-intro/)" "mantech8.com"
77.75.77.54 - - [11/Sep/2022:00:26:29 -0700] "GET /sitemap45.xml HTTP/1.1" 404 88 "-" "Mozilla/5.0 (compatible; SeznamBot/3.2; +http://napoveda.seznam.cz/en/seznambot-intro/)" "mantech8.com"
207.46.13.39 - - [11/Sep/2022:00:28:54 -0700] "GET /index.php?sitemap84.xml HTTP/1.1" 200 256211 "-" "Mozilla/5.0 (compatible; bingbot/2.0; +http://www.bing.com/bingbot.htm)" "mantech8.com"
157.55.39.86 - - [11/Sep/2022:00:29:13 -0700] "GET /?sitemap12592.xml HTTP/1.1" 200 229766 "-" "Mozilla/5.0 (compatible; bingbot/2.0; +http://www.bing.com/bingbot.htm)" "mantech8.com"
114.119.133.165 - - [11/Sep/2022:00:31:49 -0700] "GET /bimages/himage/?C=D%3BO%3DA HTTP/1.1" 200 443 "http://mantech8.com/bimages/himage/?C=S%3BO%3DA" "Mozilla/5.0 (Linux; Android 7.0;) AppleWebKit/537.36 (KHTML, like Gecko) Mobile Safari/537.36 (compatible; PetalBot;+https://webmaster.petalsearch.com/site/petalbot)" "mantech8.com"
40.77.167.54 - - [11/Sep/2022:00:35:29 -0700] "GET /?leiye.xml HTTP/1.1" 200 264683 "-" "Mozilla/5.0 (compatible; bingbot/2.0; +http://www.bing.com/bingbot.htm)" "mantech8.com"
114.119.133.190 - - [11/Sep/2022:00:37:38 -0700] "GET /bimages/elect/?C=N%3BO%3DD HTTP/1.1" 200 417 "http://www.mantech8.com/bimages/elect/?C=S%3BO%3DA" "Mozilla/5.0 (Linux; Android 7.0;) AppleWebKit/537.36 (KHTML, like Gecko) Mobile Safari/537.36 (compatible; PetalBot;+https://webmaster.petalsearch.com/site/petalbot)" "www.mantech8.com"
40.77.167.54 - - [11/Sep/2022:00:38:09 -0700] "GET /?psammo.xml HTTP/1.1" 200 309146 "-" "Mozilla/5.0 (compatible; bingbot/2.0; +http://www.bing.com/bingbot.htm)" "mantech8.com"
207.46.13.39 - - [11/Sep/2022:00:38:33 -0700] "GET /index.php?fine-tune.xml HTTP/1.1" 200 328224 "-" "Mozilla/5.0 (compatible; bingbot/2.0; +http://www.bing.com/bingbot.htm)" "mantech8.com"
157.55.39.103 - - [11/Sep/2022:00:41:06 -0700] "GET /index.php/sitemap6.xml HTTP/1.1" 200 305067 "-" "Mozilla/5.0 (compatible; bingbot/2.0; +http://www.bing.com/bingbot.htm)" "mantech8.com"
114.119.133.182 - - [11/Sep/2022:00:43:24 -0700] "GET /index.php/sitemap5.xml HTTP/1.1" 200 342733 "-" "Mozilla/5.0 (compatible;PetalBot;+https://webmaster.petalsearch.com/site/petalbot)" "mantech8.com"
157.55.39.103 - - [11/Sep/2022:00:43:36 -0700] "GET /index.php?scillism.xml HTTP/1.1" 200 259323 "-" "Mozilla/5.0 (compatible; bingbot/2.0; +http://www.bing.com/bingbot.htm)" "mantech8.com"
207.46.13.23 - - [11/Sep/2022:00:44:20 -0700] "GET /bimages/client/sig.png HTTP/1.1" 200 43251 "-" "Mozilla/5.0 (compatible; bingbot/2.0; +http://www.bing.com/bingbot.htm)" "www.mantech8.com"
207.46.13.23 - - [11/Sep/2022:00:45:30 -0700] "GET /?umbilic.xml HTTP/1.1" 200 272489 "-" "Mozilla/5.0 (compatible; bingbot/2.0; +http://www.bing.com/bingbot.htm)" "mantech8.com"
157.55.39.104 - - [11/Sep/2022:00:46:49 -0700] "GET /?sitemap6739.xml HTTP/1.1" 200 278486 "-" "Mozilla/5.0 (compatible; bingbot/2.0; +http://www.bing.com/bingbot.htm)" "mantech8.com"
157.55.39.104 - - [11/Sep/2022:00:46:51 -0700] "GET /index.php/mekonium.xml HTTP/1.1" 200 336672 "-" "Mozilla/5.0 (compatible; bingbot/2.0; +http://www.bing.com/bingbot.htm)" "mantech8.com"
40.77.167.54 - - [11/Sep/2022:00:47:30 -0700] "GET /?fine-tune.xml HTTP/1.1" 200 298211 "-" "Mozilla/5.0 (compatible; bingbot/2.0; +http://www.bing.com/bingbot.htm)" "mantech8.com"
114.119.133.190 - - [11/Sep/2022:00:49:14 -0700] "GET /index.php?sitemap69.xml HTTP/1.1" 200 336487 "-" "Mozilla/5.0 (compatible;PetalBot;+https://webmaster.petalsearch.com/site/petalbot)" "mantech8.com"
157.55.39.103 - - [11/Sep/2022:00:50:25 -0700] "GET /?sitemap1.xml HTTP/1.1" 200 226109 "-" "Mozilla/5.0 (compatible; bingbot/2.0; +http://www.bing.com/bingbot.htm)" "mantech8.com"
40.77.167.54 - - [11/Sep/2022:00:50:50 -0700] "GET /?unpower.xml HTTP/1.1" 200 229241 "-" "Mozilla/5.0 (compatible; bingbot/2.0; +http://www.bing.com/bingbot.htm)" "mantech8.com"
207.46.13.23 - - [11/Sep/2022:00:52:30 -0700] "GET /index.php?sitemap732.xml HTTP/1.1" 200 306222 "-" "Mozilla/5.0 (compatible; bingbot/2.0; +http://www.bing.com/bingbot.htm)" "mantech8.com"
216.244.66.241 - - [11/Sep/2022:00:52:57 -0700] "GET /robots.txt HTTP/1.1" 200 26464 "-" "Mozilla/5.0 (compatible; DotBot/1.2; +https://opensiteexplorer.org/dotbot; help@moz.com)" "mantech8.com"
216.244.66.241 - - [11/Sep/2022:00:52:57 -0700] "GET /robots.txt HTTP/1.1" 200 26464 "-" "Mozilla/5.0 (compatible; DotBot/1.2; +https://opensiteexplorer.org/dotbot; help@moz.com)" "www.mantech8.com"
114.119.133.165 - - [11/Sep/2022:00:55:48 -0700] "GET /index.php/sitemap854.xml HTTP/1.1" 200 311374 "-" "Mozilla/5.0 (compatible;PetalBot;+https://webmaster.petalsearch.com/site/petalbot)" "mantech8.com"
157.55.39.103 - - [11/Sep/2022:00:56:37 -0700] "GET /?sitemap659.xml HTTP/1.1" 200 278624 "-" "Mozilla/5.0 (compatible; bingbot/2.0; +http://www.bing.com/bingbot.htm)" "mantech8.com"
157.55.39.86 - - [11/Sep/2022:00:56:56 -0700] "GET /index.php/infuriates.xml HTTP/1.1" 200 274950 "-" "Mozilla/5.0 (compatible; bingbot/2.0; +http://www.bing.com/bingbot.htm)" "mantech8.com"
207.46.13.39 - - [11/Sep/2022:00:59:56 -0700] "GET /?venatically.xml HTTP/1.1" 200 267112 "-" "Mozilla/5.0 (compatible; bingbot/2.0; +http://www.bing.com/bingbot.htm)" "mantech8.com"
114.119.133.182 - - [11/Sep/2022:01:01:11 -0700] "GET /allocation.xml HTTP/1.1" 404 88 "-" "Mozilla/5.0 (Linux; Android 7.0;) AppleWebKit/537.36 (KHTML, like Gecko) Mobile Safari/537.36 (compatible; PetalBot;+https://webmaster.petalsearch.com/site/petalbot)" "mantech8.com"
40.77.167.54 - - [11/Sep/2022:01:02:41 -0700] "GET /index.php/exorcise.xml HTTP/1.1" 200 314267 "-" "Mozilla/5.0 (compatible; bingbot/2.0; +http://www.bing.com/bingbot.htm)" "mantech8.com"
40.77.167.54 - - [11/Sep/2022:01:06:42 -0700] "GET /index.php?sitemap57.xml HTTP/1.1" 200 344573 "-" "Mozilla/5.0 (compatible; bingbot/2.0; +http://www.bing.com/bingbot.htm)" "mantech8.com"
40.77.167.54 - - [11/Sep/2022:01:06:43 -0700] "GET /index.php/sitemap3.xml HTTP/1.1" 200 239303 "-" "Mozilla/5.0 (compatible; bingbot/2.0; +http://www.bing.com/bingbot.htm)" "mantech8.com"
207.46.13.39 - - [11/Sep/2022:01:10:21 -0700] "GET /index.php?sitemap-index-8.xml HTTP/1.1" 200 5956 "-" "Mozilla/5.0 (compatible; bingbot/2.0; +http://www.bing.com/bingbot.htm)" "mantech8.com"
207.46.13.23 - - [11/Sep/2022:01:10:25 -0700] "GET /?nobeliums.xml HTTP/1.1" 200 279620 "-" "Mozilla/5.0 (compatible; bingbot/2.0; +http://www.bing.com/bingbot.htm)" "mantech8.com"
157.55.39.103 - - [11/Sep/2022:01:11:39 -0700] "GET /index.php/sitemap-index-4.xml HTTP/1.1" 200 5250 "-" "Mozilla/5.0 (compatible; bingbot/2.0; +http://www.bing.com/bingbot.htm)" "mantech8.com"
207.46.13.39 - - [11/Sep/2022:01:13:07 -0700] "GET / HTTP/1.1" 200 46060 "-" "Mozilla/5.0 (compatible; bingbot/2.0; +http://www.bing.com/bingbot.htm)" "www.mantech8.com"
207.46.13.23 - - [11/Sep/2022:01:13:43 -0700] "GET /bimages/gallery/sn1.jpg HTTP/1.1" 200 78305 "-" "Mozilla/5.0 (compatible; bingbot/2.0; +http://www.bing.com/bingbot.htm)" "mantech8.com"
77.75.77.109 - - [11/Sep/2022:01:16:09 -0700] "GET /robots.txt HTTP/1.1" 200 2442 "-" "Mozilla/5.0 (compatible; SeznamBot/3.2; +http://napoveda.seznam.cz/en/seznambot-intro/)" "mantech8.com"
77.75.77.109 - - [11/Sep/2022:01:16:10 -0700] "GET /sitemap2.xml HTTP/1.1" 404 88 "-" "Mozilla/5.0 (compatible; SeznamBot/3.2; +http://napoveda.seznam.cz/en/seznambot-intro/)" "mantech8.com"
66.249.66.9 - - [11/Sep/2022:01:16:16 -0700] "GET /u_file/fileupload/2022-01/20/2022012087036.jpg HTTP/1.1" 404 88 "-" "Googlebot-Image/1.0" "www.mantech8.com"
207.46.13.39 - - [11/Sep/2022:01:17:06 -0700] "GET /index.php?pettygod.xml HTTP/1.1" 200 291110 "-" "Mozilla/5.0 (compatible; bingbot/2.0; +http://www.bing.com/bingbot.htm)" "mantech8.com"
40.77.167.54 - - [11/Sep/2022:01:17:13 -0700] "GET /bimages/gallery/thump/IDN%20B3.jpg HTTP/1.1" 200 333625 "-" "Mozilla/5.0 AppleWebKit/537.36 (KHTML, like Gecko; compatible; bingbot/2.0; +http://www.bing.com/bingbot.htm) Chrome/103.0.5060.134 Safari/537.36" "mantech8.com"
40.77.167.54 - - [11/Sep/2022:01:21:43 -0700] "GET /bimages/gallery/thump/sb2.jpg HTTP/1.1" 200 218705 "-" "Mozilla/5.0 (compatible; bingbot/2.0; +http://www.bing.com/bingbot.htm)" "mantech8.com"
157.55.39.103 - - [11/Sep/2022:01:22:17 -0700] "GET /index.php?sitemap3925.xml HTTP/1.1" 200 275279 "-" "Mozilla/5.0 (compatible; bingbot/2.0; +http://www.bing.com/bingbot.htm)" "mantech8.com"
165.22.98.218 - - [11/Sep/2022:01:23:06 -0700] "GET / HTTP/1.1" 500 - "-" "Mozilla/5.0 (X11; Linux x86_64) AppleWebKit/537.36 (KHTML, like Gecko) Ubuntu Chromium/37.0.2062.94 Chrome/37.0.2062.94 Safari/537.36" "mantech8.com"
207.46.13.23 - - [11/Sep/2022:01:24:24 -0700] "GET /html/2151072368.html HTTP/1.1" 404 88 "-" "Mozilla/5.0 (compatible; bingbot/2.0; +http://www.bing.com/bingbot.htm)" "www.mantech8.com"
114.119.133.190 - - [11/Sep/2022:01:25:04 -0700] "GET /bimages/service/thump/?C=N%3BO%3DD HTTP/1.1" 200 539 "http://mantech8.com/bimages/service/thump/?C=S%3BO%3DA" "Mozilla/5.0 (Linux; Android 7.0;) AppleWebKit/537.36 (KHTML, like Gecko) Mobile Safari/537.36 (compatible; PetalBot;+https://webmaster.petalsearch.com/site/petalbot)" "mantech8.com"
157.55.39.86 - - [11/Sep/2022:01:25:28 -0700] "GET /bimages/gallery/thump/sb8.jpg HTTP/1.1" 200 106811 "-" "Mozilla/5.0 (compatible; bingbot/2.0; +http://www.bing.com/bingbot.htm)" "mantech8.com"
157.55.39.103 - - [11/Sep/2022:01:25:47 -0700] "GET /index.php/sitemap27.xml HTTP/1.1" 200 279177 "-" "Mozilla/5.0 (compatible; bingbot/2.0; +http://www.bing.com/bingbot.htm)" "mantech8.com"
207.46.13.39 - - [11/Sep/2022:01:28:47 -0700] "GET /index.php?sitemap3086.xml HTTP/1.1" 200 245663 "-" "Mozilla/5.0 (compatible; bingbot/2.0; +http://www.bing.com/bingbot.htm)" "mantech8.com"
103.131.71.133 - - [11/Sep/2022:01:30:21 -0700] "GET /robots.txt HTTP/1.1" 200 2442 "-" "Mozilla/5.0 (compatible; coccocbot-web/1.0; +http://help.coccoc.com/searchengine)" "mantech8.com"
207.46.13.39 - - [11/Sep/2022:01:33:47 -0700] "GET /index.php?sitemap936.xml HTTP/1.1" 200 310270 "-" "Mozilla/5.0 (compatible; bingbot/2.0; +http://www.bing.com/bingbot.htm)" "mantech8.com"
114.119.133.166 - - [11/Sep/2022:01:35:24 -0700] "GET /bimages/paintg/thump/?C=N%3BO%3DD HTTP/1.1" 200 483 "http://mantech8.com/bimages/paintg/thump/?C=D%3BO%3DA" "Mozilla/5.0 (Linux; Android 7.0;) AppleWebKit/537.36 (KHTML, like Gecko) Mobile Safari/537.36 (compatible; PetalBot;+https://webmaster.petalsearch.com/site/petalbot)" "mantech8.com"
157.55.39.104 - - [11/Sep/2022:01:35:36 -0700] "GET /index.php/sitemap8428.xml HTTP/1.1" 200 273878 "-" "Mozilla/5.0 (compatible; bingbot/2.0; +http://www.bing.com/bingbot.htm)" "mantech8.com"
157.55.39.104 - - [11/Sep/2022:01:36:07 -0700] "GET /bimages/gallery/p5.jpg HTTP/1.1" 200 70312 "-" "Mozilla/5.0 (compatible; bingbot/2.0; +http://www.bing.com/bingbot.htm)" "mantech8.com"
207.46.13.39 - - [11/Sep/2022:01:36:11 -0700] "GET /?larges.xml HTTP/1.1" 200 316446 "-" "Mozilla/5.0 (compatible; bingbot/2.0; +http://www.bing.com/bingbot.htm)" "mantech8.com"
114.119.133.182 - - [11/Sep/2022:01:41:11 -0700] "GET /bimages/elect/ HTTP/1.1" 200 417 "http://mantech8.com/bimages/?C=M%3BO%3DA" "Mozilla/5.0 (Linux; Android 7.0;) AppleWebKit/537.36 (KHTML, like Gecko) Mobile Safari/537.36 (compatible; PetalBot;+https://webmaster.petalsearch.com/site/petalbot)" "mantech8.com"
157.55.39.103 - - [11/Sep/2022:01:41:49 -0700] "GET /?sitemap13.xml HTTP/1.1" 200 303415 "-" "Mozilla/5.0 (compatible; bingbot/2.0; +http://www.bing.com/bingbot.htm)" "mantech8.com"
66.249.66.13 - - [11/Sep/2022:01:41:51 -0700] "GET /u_file/fileupload/2022-03/02/2022030265868.png HTTP/1.1" 404 88 "-" "Googlebot-Image/1.0" "www.mantech8.com"
216.244.66.241 - - [11/Sep/2022:01:43:34 -0700] "GET /robots.txt HTTP/1.1" 200 26464 "-" "Mozilla/5.0 (compatible; DotBot/1.2; +https://opensiteexplorer.org/dotbot; help@moz.com)" "www.mantech8.com"
216.244.66.241 - - [11/Sep/2022:01:43:34 -0700] "GET /robots.txt HTTP/1.1" 200 26464 "-" "Mozilla/5.0 (compatible; DotBot/1.2; +https://opensiteexplorer.org/dotbot; help@moz.com)" "mantech8.com"
157.55.39.104 - - [11/Sep/2022:01:43:47 -0700] "GET /index.php/ascensor.xml HTTP/1.1" 200 285590 "-" "Mozilla/5.0 (compatible; bingbot/2.0; +http://www.bing.com/bingbot.htm)" "mantech8.com"
40.77.167.54 - - [11/Sep/2022:01:44:26 -0700] "GET /index.php?benfica.xml HTTP/1.1" 200 284302 "-" "Mozilla/5.0 (compatible; bingbot/2.0; +http://www.bing.com/bingbot.htm)" "mantech8.com"
40.77.167.54 - - [11/Sep/2022:01:44:45 -0700] "GET /index.php/inflorescences.xml HTTP/1.1" 200 347706 "-" "Mozilla/5.0 (compatible; bingbot/2.0; +http://www.bing.com/bingbot.htm)" "mantech8.com"
207.46.13.23 - - [11/Sep/2022:01:45:25 -0700] "GET /index.php/murium.xml HTTP/1.1" 200 266665 "-" "Mozilla/5.0 (compatible; bingbot/2.0; +http://www.bing.com/bingbot.htm)" "mantech8.com"
40.77.167.54 - - [11/Sep/2022:01:45:29 -0700] "GET /index.php/sitemap277.xml HTTP/1.1" 200 248122 "-" "Mozilla/5.0 (compatible; bingbot/2.0; +http://www.bing.com/bingbot.htm)" "mantech8.com"
207.46.13.39 - - [11/Sep/2022:01:46:29 -0700] "GET /index.php?unistrand.xml HTTP/1.1" 200 262828 "-" "Mozilla/5.0 AppleWebKit/537.36 (KHTML, like Gecko; compatible; bingbot/2.0; +http://www.bing.com/bingbot.htm) Chrome/103.0.5060.134 Safari/537.36" "mantech8.com"
114.119.133.182 - - [11/Sep/2022:01:46:59 -0700] "GET /bimages/certificate/?C=M%3BO%3DA HTTP/1.1" 200 651 "http://www.mantech8.com/bimages/certificate/?C=D%3BO%3DA" "Mozilla/5.0 (Linux; Android 7.0;) AppleWebKit/537.36 (KHTML, like Gecko) Mobile Safari/537.36 (compatible; PetalBot;+https://webmaster.petalsearch.com/site/petalbot)" "www.mantech8.com"
157.55.39.86 - - [11/Sep/2022:01:52:31 -0700] "GET /index.php/sitemap3014.xml HTTP/1.1" 200 321412 "-" "Mozilla/5.0 (compatible; bingbot/2.0; +http://www.bing.com/bingbot.htm)" "mantech8.com"
207.46.13.39 - - [11/Sep/2022:01:53:29 -0700] "GET /index.php?sitemap90.xml HTTP/1.1" 200 266113 "-" "Mozilla/5.0 (compatible; bingbot/2.0; +http://www.bing.com/bingbot.htm)" "mantech8.com"
157.55.39.103 - - [11/Sep/2022:01:54:51 -0700] "GET /index.php?sitemap12008.xml HTTP/1.1" 200 284366 "-" "Mozilla/5.0 AppleWebKit/537.36 (KHTML, like Gecko; compatible; bingbot/2.0; +http://www.bing.com/bingbot.htm) Chrome/103.0.5060.134 Safari/537.36" "mantech8.com"
207.46.13.23 - - [11/Sep/2022:01:56:06 -0700] "GET /?sitemap-index-7.xml HTTP/1.1" 200 3523 "-" "Mozilla/5.0 (compatible; bingbot/2.0; +http://www.bing.com/bingbot.htm)" "mantech8.com"
157.55.39.86 - - [11/Sep/2022:01:56:31 -0700] "GET /index.php/psammo.xml HTTP/1.1" 200 260252 "-" "Mozilla/5.0 (compatible; bingbot/2.0; +http://www.bing.com/bingbot.htm)" "mantech8.com"
157.55.39.103 - - [11/Sep/2022:01:58:10 -0700] "GET /bimages/gallery/thump/c3.jpg HTTP/1.1" 200 106010 "-" "Mozilla/5.0 (compatible; bingbot/2.0; +http://www.bing.com/bingbot.htm)" "mantech8.com"
157.55.39.103 - - [11/Sep/2022:01:58:10 -0700] "GET /index.php/sitemap45.xml HTTP/1.1" 200 314811 "-" "Mozilla/5.0 (compatible; bingbot/2.0; +http://www.bing.com/bingbot.htm)" "mantech8.com"
157.55.39.103 - - [11/Sep/2022:01:58:13 -0700] "GET /?crewmate.xml HTTP/1.1" 200 258087 "-" "Mozilla/5.0 (compatible; bingbot/2.0; +http://www.bing.com/bingbot.htm)" "mantech8.com"
114.119.133.190 - - [11/Sep/2022:01:58:45 -0700] "GET /bimages/cleang/thump/?C=D%3BO%3DA HTTP/1.1" 200 462 "http://mantech8.com/bimages/cleang/thump/?C=N%3BO%3DD" "Mozilla/5.0 (Linux; Android 7.0;) AppleWebKit/537.36 (KHTML, like Gecko) Mobile Safari/537.36 (compatible; PetalBot;+https://webmaster.petalsearch.com/site/petalbot)" "mantech8.com"
207.46.13.39 - - [11/Sep/2022:02:00:10 -0700] "GET /?sitemap783.xml HTTP/1.1" 200 283670 "-" "Mozilla/5.0 (compatible; bingbot/2.0; +http://www.bing.com/bingbot.htm)" "mantech8.com"
157.55.39.104 - - [11/Sep/2022:02:04:19 -0700] "GET /index.php?sitemap-index-4.xml HTTP/1.1" 200 7126 "-" "Mozilla/5.0 (compatible; bingbot/2.0; +http://www.bing.com/bingbot.htm)" "mantech8.com"
114.119.133.182 - - [11/Sep/2022:02:04:20 -0700] "GET / HTTP/1.1" 500 - "-" "Mozilla/5.0 (Linux; Android 7.0;) AppleWebKit/537.36 (KHTML, like Gecko) Mobile Safari/537.36 (compatible; PetalBot;+https://webmaster.petalsearch.com/site/petalbot)" "mantech8.com"
101.35.116.226 - - [11/Sep/2022:02:05:25 -0700] "GET /contact.php HTTP/1.1" 200 29238 "http://mantech8.com/contact.php" "Mozilla/5.0 (Windows NT 6.3; Win64; x64) AppleWebKit/537.36 (KHTML, like Gecko) Chrome/90.0.4430.85 Safari/537.36" "mantech8.com"
40.77.167.54 - - [11/Sep/2022:02:07:08 -0700] "GET /?angse.xml HTTP/1.1" 200 242786 "-" "Mozilla/5.0 (compatible; bingbot/2.0; +http://www.bing.com/bingbot.htm)" "mantech8.com"
40.77.167.54 - - [11/Sep/2022:02:08:47 -0700] "GET /index.php?sitemap1263.xml HTTP/1.1" 200 302743 "-" "Mozilla/5.0 (compatible; bingbot/2.0; +http://www.bing.com/bingbot.htm)" "mantech8.com"
77.75.77.72 - - [11/Sep/2022:02:09:52 -0700] "GET /robots.txt HTTP/1.1" 200 2442 "-" "Mozilla/5.0 (compatible; SeznamBot/3.2; +http://napoveda.seznam.cz/en/seznambot-intro/)" "mantech8.com"
77.75.77.72 - - [11/Sep/2022:02:09:53 -0700] "GET /sitemap-index-3.xml HTTP/1.1" 404 88 "-" "Mozilla/5.0 (compatible; SeznamBot/3.2; +http://napoveda.seznam.cz/en/seznambot-intro/)" "mantech8.com"
157.55.39.86 - - [11/Sep/2022:02:10:13 -0700] "GET /index.php?procombination.xml HTTP/1.1" 200 275129 "-" "Mozilla/5.0 (compatible; bingbot/2.0; +http://www.bing.com/bingbot.htm)" "mantech8.com"
114.119.133.165 - - [11/Sep/2022:02:10:19 -0700] "GET /furnacite.xml HTTP/1.1" 404 88 "-" "Mozilla/5.0 (compatible;PetalBot;+https://webmaster.petalsearch.com/site/petalbot)" "mantech8.com"
157.55.39.86 - - [11/Sep/2022:02:10:23 -0700] "GET /index.php?sitemap552.xml HTTP/1.1" 200 272433 "-" "Mozilla/5.0 AppleWebKit/537.36 (KHTML, like Gecko; compatible; bingbot/2.0; +http://www.bing.com/bingbot.htm) Chrome/103.0.5060.134 Safari/537.36" "mantech8.com"
207.46.13.23 - - [11/Sep/2022:02:10:59 -0700] "GET /index.php?mooched.xml HTTP/1.1" 200 275129 "-" "Mozilla/5.0 (compatible; bingbot/2.0; +http://www.bing.com/bingbot.htm)" "mantech8.com"
40.77.167.54 - - [11/Sep/2022:02:11:18 -0700] "GET /index.php/sitemap5.xml HTTP/1.1" 200 305080 "-" "Mozilla/5.0 (compatible; bingbot/2.0; +http://www.bing.com/bingbot.htm)" "mantech8.com"
157.55.39.104 - - [11/Sep/2022:02:12:11 -0700] "GET /index.php?sitemap958.xml HTTP/1.1" 200 248542 "-" "Mozilla/5.0 (compatible; bingbot/2.0; +http://www.bing.com/bingbot.htm)" "mantech8.com"
207.46.13.23 - - [11/Sep/2022:02:12:18 -0700] "GET /?mooched.xml HTTP/1.1" 200 283606 "-" "Mozilla/5.0 (compatible; bingbot/2.0; +http://www.bing.com/bingbot.htm)" "mantech8.com"
207.46.13.39 - - [11/Sep/2022:02:13:51 -0700] "GET /bimages/gallery/thump/IDN%20B2.jpg HTTP/1.1" 200 614753 "-" "Mozilla/5.0 (compatible; bingbot/2.0; +http://www.bing.com/bingbot.htm)" "mantech8.com"
207.46.13.23 - - [11/Sep/2022:02:15:28 -0700] "GET /index.php?sitemap432.xml HTTP/1.1" 200 238584 "-" "Mozilla/5.0 (compatible; bingbot/2.0; +http://www.bing.com/bingbot.htm)" "mantech8.com"
40.77.167.54 - - [11/Sep/2022:02:15:49 -0700] "GET /index.php?leiye.xml HTTP/1.1" 200 326568 "-" "Mozilla/5.0 (compatible; bingbot/2.0; +http://www.bing.com/bingbot.htm)" "mantech8.com"
114.119.133.165 - - [11/Sep/2022:02:16:05 -0700] "GET /index.php?sitemap18039.xml HTTP/1.1" 200 290070 "-" "Mozilla/5.0 (compatible;PetalBot;+https://webmaster.petalsearch.com/site/petalbot)" "mantech8.com"
207.46.13.23 - - [11/Sep/2022:02:17:48 -0700] "GET /index.php?sitemap-index-10.xml HTTP/1.1" 200 6325 "-" "Mozilla/5.0 (compatible; bingbot/2.0; +http://www.bing.com/bingbot.htm)" "mantech8.com"
157.55.39.104 - - [11/Sep/2022:02:21:30 -0700] "GET /?sitemap43154.xml HTTP/1.1" 200 259133 "-" "Mozilla/5.0 (compatible; bingbot/2.0; +http://www.bing.com/bingbot.htm)" "mantech8.com"
114.119.133.190 - - [11/Sep/2022:02:21:37 -0700] "GET /index.php?venatically.xml HTTP/1.1" 200 261540 "-" "Mozilla/5.0 (compatible;PetalBot;+https://webmaster.petalsearch.com/site/petalbot)" "mantech8.com"
40.77.167.54 - - [11/Sep/2022:02:24:09 -0700] "GET /index.php?sitemap866.xml HTTP/1.1" 200 272966 "-" "Mozilla/5.0 (compatible; bingbot/2.0; +http://www.bing.com/bingbot.htm)" "mantech8.com"
157.55.39.104 - - [11/Sep/2022:02:24:30 -0700] "GET /index.php/viton.xml HTTP/1.1" 200 273669 "-" "Mozilla/5.0 (compatible; bingbot/2.0; +http://www.bing.com/bingbot.htm)" "mantech8.com"
207.46.13.23 - - [11/Sep/2022:02:25:09 -0700] "GET /?sitemap3.xml HTTP/1.1" 200 316628 "-" "Mozilla/5.0 (compatible; bingbot/2.0; +http://www.bing.com/bingbot.htm)" "mantech8.com"
157.55.39.103 - - [11/Sep/2022:02:27:03 -0700] "GET /index.php?curlyhead.xml HTTP/1.1" 200 325832 "-" "Mozilla/5.0 (compatible; bingbot/2.0; +http://www.bing.com/bingbot.htm)" "mantech8.com"
157.55.39.103 - - [11/Sep/2022:02:27:13 -0700] "GET /?sitemap59.xml HTTP/1.1" 200 261203 "-" "Mozilla/5.0 (compatible; bingbot/2.0; +http://www.bing.com/bingbot.htm)" "mantech8.com"
114.119.133.182 - - [11/Sep/2022:02:27:22 -0700] "GET /?nieying.xml HTTP/1.1" 200 296471 "-" "Mozilla/5.0 (compatible;PetalBot;+https://webmaster.petalsearch.com/site/petalbot)" "mantech8.com"
157.55.39.104 - - [11/Sep/2022:02:27:42 -0700] "GET /index.php/sitemap3113.xml HTTP/1.1" 200 282774 "-" "Mozilla/5.0 (compatible; bingbot/2.0; +http://www.bing.com/bingbot.htm)" "mantech8.com"
157.55.39.103 - - [11/Sep/2022:02:28:02 -0700] "GET /?dehydrochlorinases.xml HTTP/1.1" 200 298733 "-" "Mozilla/5.0 (compatible; bingbot/2.0; +http://www.bing.com/bingbot.htm)" "mantech8.com"
207.46.13.39 - - [11/Sep/2022:02:28:43 -0700] "GET /index.php?sitemap671.xml HTTP/1.1" 200 325518 "-" "Mozilla/5.0 (compatible; bingbot/2.0; +http://www.bing.com/bingbot.htm)" "mantech8.com"
128.199.201.241 - - [11/Sep/2022:02:30:43 -0700] "GET /phpsender.php HTTP/1.1" 404 88 "-" "Mozlila/5.0 (Linux; Android 7.0; SM-G892A Bulid/NRD90M; wv) AppleWebKit/537.36 (KHTML, like Gecko) Version/4.0 Chrome/60.0.3112.107 Moblie Safari/537.36" "mantech8.com"
128.199.201.241 - - [11/Sep/2022:02:30:43 -0700] "GET /fw.php HTTP/1.1" 500 - "-" "Mozlila/5.0 (Linux; Android 7.0; SM-G892A Bulid/NRD90M; wv) AppleWebKit/537.36 (KHTML, like Gecko) Version/4.0 Chrome/60.0.3112.107 Moblie Safari/537.36" "mantech8.com"
207.46.13.39 - - [11/Sep/2022:02:30:43 -0700] "GET /index.php/sitemap6111.xml HTTP/1.1" 200 290406 "-" "Mozilla/5.0 (compatible; bingbot/2.0; +http://www.bing.com/bingbot.htm)" "mantech8.com"
128.199.201.241 - - [11/Sep/2022:02:30:46 -0700] "GET /45.php HTTP/1.1" 404 88 "-" "Mozlila/5.0 (Linux; Android 7.0; SM-G892A Bulid/NRD90M; wv) AppleWebKit/537.36 (KHTML, like Gecko) Version/4.0 Chrome/60.0.3112.107 Moblie Safari/537.36" "mantech8.com"
128.199.201.241 - - [11/Sep/2022:02:30:47 -0700] "GET /uploader.php HTTP/1.1" 404 88 "-" "Mozlila/5.0 (Linux; Android 7.0; SM-G892A Bulid/NRD90M; wv) AppleWebKit/537.36 (KHTML, like Gecko) Version/4.0 Chrome/60.0.3112.107 Moblie Safari/537.36" "mantech8.com"
128.199.201.241 - - [11/Sep/2022:02:30:47 -0700] "GET /images/fw.php HTTP/1.1" 404 88 "-" "Mozlila/5.0 (Linux; Android 7.0; SM-G892A Bulid/NRD90M; wv) AppleWebKit/537.36 (KHTML, like Gecko) Version/4.0 Chrome/60.0.3112.107 Moblie Safari/537.36" "mantech8.com"
157.55.39.103 - - [11/Sep/2022:02:30:47 -0700] "GET /?limunu.xml HTTP/1.1" 200 228197 "-" "Mozilla/5.0 (compatible; bingbot/2.0; +http://www.bing.com/bingbot.htm)" "mantech8.com"
114.119.133.158 - - [11/Sep/2022:02:33:13 -0700] "GET /?kujienavaca.xml HTTP/1.1" 200 294383 "-" "Mozilla/5.0 (compatible;PetalBot;+https://webmaster.petalsearch.com/site/petalbot)" "mantech8.com"
216.244.66.241 - - [11/Sep/2022:02:34:52 -0700] "GET /robots.txt HTTP/1.1" 200 26464 "-" "Mozilla/5.0 (compatible; DotBot/1.2; +https://opensiteexplorer.org/dotbot; help@moz.com)" "www.mantech8.com"
216.244.66.241 - - [11/Sep/2022:02:34:52 -0700] "GET /robots.txt HTTP/1.1" 200 26464 "-" "Mozilla/5.0 (compatible; DotBot/1.2; +https://opensiteexplorer.org/dotbot; help@moz.com)" "mantech8.com"
157.55.39.86 - - [11/Sep/2022:02:37:45 -0700] "GET /?sitemap4357.xml HTTP/1.1" 200 265241 "-" "Mozilla/5.0 (compatible; bingbot/2.0; +http://www.bing.com/bingbot.htm)" "mantech8.com"
157.55.39.103 - - [11/Sep/2022:02:38:04 -0700] "GET /index.php/sitemap42187.xml HTTP/1.1" 200 311270 "-" "Mozilla/5.0 (compatible; bingbot/2.0; +http://www.bing.com/bingbot.htm)" "mantech8.com"
114.119.133.182 - - [11/Sep/2022:02:38:53 -0700] "GET /index.php/biopoesis.xml HTTP/1.1" 200 241694 "-" "Mozilla/5.0 (compatible;PetalBot;+https://webmaster.petalsearch.com/site/petalbot)" "mantech8.com"
157.55.39.104 - - [11/Sep/2022:02:39:32 -0700] "GET /bimages/gallery/s9.jpg HTTP/1.1" 200 165614 "-" "Mozilla/5.0 (compatible; bingbot/2.0; +http://www.bing.com/bingbot.htm)" "mantech8.com"
157.55.39.86 - - [11/Sep/2022:02:41:47 -0700] "GET /index.php/sitemap6159.xml HTTP/1.1" 200 282496 "-" "Mozilla/5.0 (compatible; bingbot/2.0; +http://www.bing.com/bingbot.htm)" "mantech8.com"
157.55.39.86 - - [11/Sep/2022:02:43:06 -0700] "GET /index.php/sitemap436.xml HTTP/1.1" 200 295921 "-" "Mozilla/5.0 (compatible; bingbot/2.0; +http://www.bing.com/bingbot.htm)" "mantech8.com"
207.46.13.23 - - [11/Sep/2022:02:45:41 -0700] "GET /index.php/sitemap2.xml HTTP/1.1" 200 303431 "-" "Mozilla/5.0 (compatible; bingbot/2.0; +http://www.bing.com/bingbot.htm)" "mantech8.com"
207.46.13.23 - - [11/Sep/2022:02:48:11 -0700] "GET /index.php/takiko.xml HTTP/1.1" 200 345309 "-" "Mozilla/5.0 (compatible; bingbot/2.0; +http://www.bing.com/bingbot.htm)" "mantech8.com"
207.46.13.23 - - [11/Sep/2022:02:49:21 -0700] "GET /index.php/nieying.xml HTTP/1.1" 200 266324 "-" "Mozilla/5.0 (compatible; bingbot/2.0; +http://www.bing.com/bingbot.htm)" "mantech8.com"
157.55.39.103 - - [11/Sep/2022:02:49:26 -0700] "GET /index.php/sitemap5725.xml HTTP/1.1" 200 300326 "-" "Mozilla/5.0 (compatible; bingbot/2.0; +http://www.bing.com/bingbot.htm)" "mantech8.com"
157.55.39.86 - - [11/Sep/2022:02:51:06 -0700] "GET /?sitemap30396.xml HTTP/1.1" 200 321986 "-" "Mozilla/5.0 (compatible; bingbot/2.0; +http://www.bing.com/bingbot.htm)" "mantech8.com"
40.77.167.54 - - [11/Sep/2022:02:51:22 -0700] "GET /index.php?successional.xml HTTP/1.1" 200 321993 "-" "Mozilla/5.0 (compatible; bingbot/2.0; +http://www.bing.com/bingbot.htm)" "mantech8.com"
114.119.133.165 - - [11/Sep/2022:02:51:49 -0700] "GET /bimages/headg/thump/ HTTP/1.1" 200 484 "http://mantech8.com/bimages/headg/" "Mozilla/5.0 (Linux; Android 7.0;) AppleWebKit/537.36 (KHTML, like Gecko) Mobile Safari/537.36 (compatible; PetalBot;+https://webmaster.petalsearch.com/site/petalbot)" "mantech8.com"
207.46.13.23 - - [11/Sep/2022:02:51:51 -0700] "GET /index.php?sitemap32.xml HTTP/1.1" 200 291113 "-" "Mozilla/5.0 (compatible; bingbot/2.0; +http://www.bing.com/bingbot.htm)" "mantech8.com"
192.163.195.60 - - [11/Sep/2022:02:52:13 -0700] "GET /wp-login.php HTTP/1.1" 404 88 "-" "Mozilla/5.0 (Windows NT 10.0; Win64; x64; rv:96.0) Gecko/20100101 Firefox/96" "mantech8.com"
207.46.13.23 - - [11/Sep/2022:02:53:32 -0700] "GET /?scillism.xml HTTP/1.1" 200 238803 "-" "Mozilla/5.0 (compatible; bingbot/2.0; +http://www.bing.com/bingbot.htm)" "mantech8.com"
207.46.13.23 - - [11/Sep/2022:02:53:42 -0700] "GET /index.php?sitemap128.xml HTTP/1.1" 200 262619 "-" "Mozilla/5.0 (compatible; bingbot/2.0; +http://www.bing.com/bingbot.htm)" "mantech8.com"
157.55.39.103 - - [11/Sep/2022:02:55:05 -0700] "GET /?sitemap4.xml HTTP/1.1" 200 251111 "-" "Mozilla/5.0 (compatible; bingbot/2.0; +http://www.bing.com/bingbot.htm)" "mantech8.com"
157.55.39.86 - - [11/Sep/2022:02:55:10 -0700] "GET /index.php?sitemap17.xml HTTP/1.1" 200 290573 "-" "Mozilla/5.0 (compatible; bingbot/2.0; +http://www.bing.com/bingbot.htm)" "mantech8.com"
207.46.13.39 - - [11/Sep/2022:02:57:19 -0700] "GET /about.php HTTP/1.1" 404 88 "-" "Mozilla/5.0 (compatible; bingbot/2.0; +http://www.bing.com/bingbot.htm)" "www.mantech8.com"
207.46.13.39 - - [11/Sep/2022:02:58:07 -0700] "GET /index.php/unpower.xml HTTP/1.1" 200 319591 "-" "Mozilla/5.0 (compatible; bingbot/2.0; +http://www.bing.com/bingbot.htm)" "mantech8.com"
40.77.167.54 - - [11/Sep/2022:02:58:43 -0700] "GET /?crystalgazer.xml HTTP/1.1" 200 284828 "-" "Mozilla/5.0 (compatible; bingbot/2.0; +http://www.bing.com/bingbot.htm)" "mantech8.com"
157.55.39.103 - - [11/Sep/2022:03:00:06 -0700] "GET /?sitemap87.xml HTTP/1.1" 200 261725 "-" "Mozilla/5.0 (compatible; bingbot/2.0; +http://www.bing.com/bingbot.htm)" "mantech8.com"
207.46.13.23 - - [11/Sep/2022:03:01:13 -0700] "GET /index.php?sitemap602.xml HTTP/1.1" 200 326817 "-" "Mozilla/5.0 (compatible; bingbot/2.0; +http://www.bing.com/bingbot.htm)" "mantech8.com"
40.77.167.54 - - [11/Sep/2022:03:02:24 -0700] "GET /index.php?biopoesis.xml HTTP/1.1" 200 310219 "-" "Mozilla/5.0 (compatible; bingbot/2.0; +http://www.bing.com/bingbot.htm)" "mantech8.com"
110.239.215.45 - - [11/Sep/2022:03:02:45 -0700] "HEAD / HTTP/1.1" 500 - "-" "Mozilla/5.0 (Linux; Android 6.0.1; SM-J700M Build/MMB29K) AppleWebKit/537.36 (KHTML, like Gecko) Chrome/67.0.3396.87 Mobile Safari/537.36" "mantech8.com"
217.9.17.130 - - [11/Sep/2022:03:02:46 -0700] "HEAD / HTTP/1.1" 500 - "-" "Mozilla/5.0 (Linux; Android 6.0.1; SM-J700M Build/MMB29K) AppleWebKit/537.36 (KHTML, like Gecko) Chrome/67.0.3396.87 Mobile Safari/537.36" "www.mantech8.com"
207.46.13.23 - - [11/Sep/2022:03:04:03 -0700] "GET /index.php?crewmate.xml HTTP/1.1" 200 309126 "-" "Mozilla/5.0 (compatible; bingbot/2.0; +http://www.bing.com/bingbot.htm)" "mantech8.com"
114.119.133.182 - - [11/Sep/2022:03:04:04 -0700] "GET /hydrogal.php HTTP/1.1" 200 17303 "http://mantech8.com/head1.php" "Mozilla/5.0 (Linux; Android 7.0;) AppleWebKit/537.36 (KHTML, like Gecko) Mobile Safari/537.36 (compatible; PetalBot;+https://webmaster.petalsearch.com/site/petalbot)" "mantech8.com"
77.75.76.170 - - [11/Sep/2022:03:06:27 -0700] "GET /robots.txt HTTP/1.1" 200 2442 "-" "Mozilla/5.0 (compatible; SeznamBot/3.2; +http://napoveda.seznam.cz/en/seznambot-intro/)" "mantech8.com"
77.75.76.170 - - [11/Sep/2022:03:06:28 -0700] "GET /sitemap8718.xml HTTP/1.1" 404 88 "-" "Mozilla/5.0 (compatible; SeznamBot/3.2; +http://napoveda.seznam.cz/en/seznambot-intro/)" "mantech8.com"
40.77.167.54 - - [11/Sep/2022:03:09:23 -0700] "GET /index.php/dehydrochlorinases.xml HTTP/1.1" 200 346429 "-" "Mozilla/5.0 (compatible; bingbot/2.0; +http://www.bing.com/bingbot.htm)" "mantech8.com"
157.55.39.104 - - [11/Sep/2022:03:14:25 -0700] "GET /?sitemap12394.xml HTTP/1.1" 200 289970 "-" "Mozilla/5.0 (compatible; bingbot/2.0; +http://www.bing.com/bingbot.htm)" "mantech8.com"
157.55.39.103 - - [11/Sep/2022:03:14:48 -0700] "GET /index.php?sitemap8323.xml HTTP/1.1" 200 271670 "-" "Mozilla/5.0 (compatible; bingbot/2.0; +http://www.bing.com/bingbot.htm)" "mantech8.com"
114.119.133.158 - - [11/Sep/2022:03:14:51 -0700] "GET /bimages/safety/?C=D%3BO%3DA HTTP/1.1" 200 465 "http://www.mantech8.com/bimages/safety/?C=M%3BO%3DA" "Mozilla/5.0 (Linux; Android 7.0;) AppleWebKit/537.36 (KHTML, like Gecko) Mobile Safari/537.36 (compatible; PetalBot;+https://webmaster.petalsearch.com/site/petalbot)" "www.mantech8.com"
157.55.39.200 - - [11/Sep/2022:03:20:24 -0700] "GET /robots.txt HTTP/1.1" 200 2442 "-" "Mozilla/5.0 (compatible; bingbot/2.0; +http://www.bing.com/bingbot.htm)" "mantech8.com"
40.77.167.54 - - [11/Sep/2022:03:20:24 -0700] "GET /index.php?inflorescences.xml HTTP/1.1" 200 272737 "-" "Mozilla/5.0 AppleWebKit/537.36 (KHTML, like Gecko; compatible; bingbot/2.0; +http://www.bing.com/bingbot.htm) Chrome/103.0.5060.134 Safari/537.36" "mantech8.com"
157.55.39.86 - - [11/Sep/2022:03:20:30 -0700] "GET /index.php/sitemap12189.xml HTTP/1.1" 200 337174 "-" "Mozilla/5.0 (compatible; bingbot/2.0; +http://www.bing.com/bingbot.htm)" "mantech8.com"
157.55.39.104 - - [11/Sep/2022:03:20:36 -0700] "GET /index.php?mekonium.xml HTTP/1.1" 200 280829 "-" "Mozilla/5.0 (compatible; bingbot/2.0; +http://www.bing.com/bingbot.htm)" "mantech8.com"
114.119.133.158 - - [11/Sep/2022:03:21:07 -0700] "GET /bimages/service/thump/mqfkylxr.php HTTP/1.1" 200 32 "http://www.mantech8.com/bimages/service/thump/?C=D%3BO%3DA" "Mozilla/5.0 (Linux; Android 7.0;) AppleWebKit/537.36 (KHTML, like Gecko) Mobile Safari/537.36 (compatible; PetalBot;+https://webmaster.petalsearch.com/site/petalbot)" "www.mantech8.com"
157.55.39.103 - - [11/Sep/2022:03:25:28 -0700] "GET /index.php?sitemap1077.xml HTTP/1.1" 200 277014 "-" "Mozilla/5.0 (compatible; bingbot/2.0; +http://www.bing.com/bingbot.htm)" "mantech8.com"
216.244.66.241 - - [11/Sep/2022:03:27:41 -0700] "GET /robots.txt HTTP/1.1" 200 26464 "-" "Mozilla/5.0 (compatible; DotBot/1.2; +https://opensiteexplorer.org/dotbot; help@moz.com)" "mantech8.com"
216.244.66.241 - - [11/Sep/2022:03:27:41 -0700] "GET /robots.txt HTTP/1.1" 200 26464 "-" "Mozilla/5.0 (compatible; DotBot/1.2; +https://opensiteexplorer.org/dotbot; help@moz.com)" "www.mantech8.com"
207.46.13.23 - - [11/Sep/2022:03:27:45 -0700] "GET /index.php/allocation.xml HTTP/1.1" 200 339421 "-" "Mozilla/5.0 (compatible; bingbot/2.0; +http://www.bing.com/bingbot.htm)" "mantech8.com"
141.8.142.101 - - [11/Sep/2022:03:28:00 -0700] "GET /robots.txt HTTP/1.1" 200 26464 "-" "Mozilla/5.0 (compatible; YandexBot/3.0; +http://yandex.com/bots)" "mantech8.com"
207.46.13.23 - - [11/Sep/2022:03:30:05 -0700] "GET /index.php?tarandean.xml HTTP/1.1" 200 253076 "-" "Mozilla/5.0 (compatible; bingbot/2.0; +http://www.bing.com/bingbot.htm)" "mantech8.com"
40.77.167.54 - - [11/Sep/2022:03:30:26 -0700] "GET /index.php?guangheng.xml HTTP/1.1" 200 258044 "-" "Mozilla/5.0 (compatible; bingbot/2.0; +http://www.bing.com/bingbot.htm)" "mantech8.com"
157.55.39.86 - - [11/Sep/2022:03:31:41 -0700] "GET /index.php?gelsemic.xml HTTP/1.1" 200 317007 "-" "Mozilla/5.0 (compatible; bingbot/2.0; +http://www.bing.com/bingbot.htm)" "mantech8.com"
159.65.24.22 - - [11/Sep/2022:03:31:59 -0700] "GET / HTTP/1.1" 500 - "-" "Mozilla/5.0 (Windows NT 6.0) AppleWebKit/537.36 (KHTML, like Gecko) Chrome/34.0.1847.116 Safari/537.36" "mantech8.com"
185.191.171.5 - - [11/Sep/2022:03:32:16 -0700] "GET /robots.txt HTTP/1.1" 200 2442 "-" "Mozilla/5.0 (compatible; SemrushBot/7~bl; +http://www.semrush.com/bot.html)" "mantech8.com"
185.191.171.18 - - [11/Sep/2022:03:32:16 -0700] "GET /bimages/bus/vvgpwsiy.php HTTP/1.1" 200 32 "-" "Mozilla/5.0 (compatible; SemrushBot/7~bl; +http://www.semrush.com/bot.html)" "mantech8.com"
114.119.133.165 - - [11/Sep/2022:03:32:22 -0700] "GET /nieying.xml HTTP/1.1" 404 88 "-" "Mozilla/5.0 (compatible;PetalBot;+https://webmaster.petalsearch.com/site/petalbot)" "mantech8.com"
157.55.39.103 - - [11/Sep/2022:03:32:49 -0700] "GET /bimages/client/fels.png HTTP/1.1" 200 22393 "-" "Mozilla/5.0 (compatible; bingbot/2.0; +http://www.bing.com/bingbot.htm)" "mantech8.com"
157.55.39.104 - - [11/Sep/2022:03:33:38 -0700] "GET /camp-fire/59193996.html HTTP/1.1" 404 88 "-" "Mozilla/5.0 (compatible; bingbot/2.0; +http://www.bing.com/bingbot.htm)" "mantech8.com"
40.77.167.54 - - [11/Sep/2022:03:35:06 -0700] "GET /?sitemap133.xml HTTP/1.1" 200 269015 "-" "Mozilla/5.0 (compatible; bingbot/2.0; +http://www.bing.com/bingbot.htm)" "mantech8.com"
157.55.39.104 - - [11/Sep/2022:03:35:11 -0700] "GET /index.php?sitemap1.xml HTTP/1.1" 200 252715 "-" "Mozilla/5.0 AppleWebKit/537.36 (KHTML, like Gecko; compatible; bingbot/2.0; +http://www.bing.com/bingbot.htm) Chrome/103.0.5060.134 Safari/537.36" "mantech8.com"
157.55.39.86 - - [11/Sep/2022:03:35:16 -0700] "GET /?sitemap8196.xml HTTP/1.1" 200 231854 "-" "Mozilla/5.0 AppleWebKit/537.36 (KHTML, like Gecko; compatible; bingbot/2.0; +http://www.bing.com/bingbot.htm) Chrome/103.0.5060.134 Safari/537.36" "mantech8.com"
207.46.13.23 - - [11/Sep/2022:03:38:06 -0700] "GET /index.php/sitemap96.xml HTTP/1.1" 200 267598 "-" "Mozilla/5.0 (compatible; bingbot/2.0; +http://www.bing.com/bingbot.htm)" "mantech8.com"
114.119.133.182 - - [11/Sep/2022:03:38:18 -0700] "GET /bimages/electric/?C=D%3BO%3DA HTTP/1.1" 200 420 "http://www.mantech8.com/bimages/electric/?C=N%3BO%3DD" "Mozilla/5.0 (Linux; Android 7.0;) AppleWebKit/537.36 (KHTML, like Gecko) Mobile Safari/537.36 (compatible; PetalBot;+https://webmaster.petalsearch.com/site/petalbot)" "www.mantech8.com"
157.55.39.103 - - [11/Sep/2022:03:38:50 -0700] "GET /index.php/sitemap17.xml HTTP/1.1" 200 297716 "-" "Mozilla/5.0 (compatible; bingbot/2.0; +http://www.bing.com/bingbot.htm)" "mantech8.com"
157.55.39.103 - - [11/Sep/2022:03:38:51 -0700] "GET /?sitemap19872.xml HTTP/1.1" 200 286142 "-" "Mozilla/5.0 (compatible; bingbot/2.0; +http://www.bing.com/bingbot.htm)" "mantech8.com"
207.46.13.23 - - [11/Sep/2022:03:40:47 -0700] "GET /index.php/tarandean.xml HTTP/1.1" 200 259516 "-" "Mozilla/5.0 (compatible; bingbot/2.0; +http://www.bing.com/bingbot.htm)" "mantech8.com"
157.55.39.86 - - [11/Sep/2022:03:41:22 -0700] "GET /index.php/interphalangeal.xml HTTP/1.1" 200 271265 "-" "Mozilla/5.0 (compatible; bingbot/2.0; +http://www.bing.com/bingbot.htm)" "mantech8.com"
157.55.39.103 - - [11/Sep/2022:03:41:30 -0700] "GET /?sitemap39038.xml HTTP/1.1" 200 278566 "-" "Mozilla/5.0 (compatible; bingbot/2.0; +http://www.bing.com/bingbot.htm)" "mantech8.com"
157.55.39.103 - - [11/Sep/2022:03:42:30 -0700] "GET /index.php/athermallize.xml HTTP/1.1" 200 256756 "-" "Mozilla/5.0 (compatible; bingbot/2.0; +http://www.bing.com/bingbot.htm)" "mantech8.com"
157.55.39.103 - - [11/Sep/2022:03:43:10 -0700] "GET /index.php?crystalgazer.xml HTTP/1.1" 200 275682 "-" "Mozilla/5.0 (compatible; bingbot/2.0; +http://www.bing.com/bingbot.htm)" "mantech8.com"
114.119.133.158 - - [11/Sep/2022:03:44:01 -0700] "GET /cleaning.php HTTP/1.1" 200 15035 "http://mantech8.com/services.php" "Mozilla/5.0 (Linux; Android 7.0;) AppleWebKit/537.36 (KHTML, like Gecko) Mobile Safari/537.36 (compatible; PetalBot;+https://webmaster.petalsearch.com/site/petalbot)" "mantech8.com"
207.46.13.39 - - [11/Sep/2022:03:44:30 -0700] "GET /index.php/sitemap276.xml HTTP/1.1" 200 302149 "-" "Mozilla/5.0 (compatible; bingbot/2.0; +http://www.bing.com/bingbot.htm)" "mantech8.com"
157.55.39.104 - - [11/Sep/2022:03:46:09 -0700] "GET /index.php/kongcunzhen.xml HTTP/1.1" 200 290566 "-" "Mozilla/5.0 (compatible; bingbot/2.0; +http://www.bing.com/bingbot.htm)" "mantech8.com"
40.77.167.54 - - [11/Sep/2022:03:46:16 -0700] "GET /?sitemap4209.xml HTTP/1.1" 200 298657 "-" "Mozilla/5.0 (compatible; bingbot/2.0; +http://www.bing.com/bingbot.htm)" "mantech8.com"
157.55.39.86 - - [11/Sep/2022:03:46:42 -0700] "GET /index.php?sitemap5785.xml HTTP/1.1" 200 254234 "-" "Mozilla/5.0 (compatible; bingbot/2.0; +http://www.bing.com/bingbot.htm)" "mantech8.com"
66.249.66.11 - - [11/Sep/2022:03:53:13 -0700] "GET /public/static/images/movie.jpg HTTP/1.1" 404 88 "-" "Googlebot-Image/1.0" "www.mantech8.com"
207.46.13.23 - - [11/Sep/2022:03:53:21 -0700] "GET /bimages/gallery/thump/pb6.jpg HTTP/1.1" 200 406958 "-" "Mozilla/5.0 (compatible; bingbot/2.0; +http://www.bing.com/bingbot.htm)" "mantech8.com"
207.46.13.39 - - [11/Sep/2022:03:53:32 -0700] "GET /index.php?sitemap69.xml HTTP/1.1" 200 294974 "-" "Mozilla/5.0 (compatible; bingbot/2.0; +http://www.bing.com/bingbot.htm)" "mantech8.com"
157.55.39.103 - - [11/Sep/2022:03:55:52 -0700] "GET /?sitemap-index-9.xml HTTP/1.1" 200 6634 "-" "Mozilla/5.0 (compatible; bingbot/2.0; +http://www.bing.com/bingbot.htm)" "mantech8.com"
157.55.39.86 - - [11/Sep/2022:03:56:53 -0700] "GET /index.php/sitemap2865.xml HTTP/1.1" 200 323418 "-" "Mozilla/5.0 (compatible; bingbot/2.0; +http://www.bing.com/bingbot.htm)" "mantech8.com"
207.46.13.23 - - [11/Sep/2022:03:59:31 -0700] "GET /index.php/sitemap53.xml HTTP/1.1" 200 338133 "-" "Mozilla/5.0 (compatible; bingbot/2.0; +http://www.bing.com/bingbot.htm)" "mantech8.com"
157.55.39.104 - - [11/Sep/2022:03:59:52 -0700] "GET /?reym.xml HTTP/1.1" 200 270230 "-" "Mozilla/5.0 (compatible; bingbot/2.0; +http://www.bing.com/bingbot.htm)" "mantech8.com"
207.46.13.23 - - [11/Sep/2022:04:00:21 -0700] "GET / HTTP/1.1" 200 47200 "-" "Mozilla/5.0 (compatible; bingbot/2.0; +http://www.bing.com/bingbot.htm)" "www.mantech8.com"
114.119.133.166 - - [11/Sep/2022:04:00:55 -0700] "GET /bimages/hgallery/thump/?C=S%3BO%3DA HTTP/1.1" 200 506 "http://mantech8.com/bimages/hgallery/thump/?C=N%3BO%3DD" "Mozilla/5.0 (Linux; Android 7.0;) AppleWebKit/537.36 (KHTML, like Gecko) Mobile Safari/537.36 (compatible; PetalBot;+https://webmaster.petalsearch.com/site/petalbot)" "mantech8.com"
40.77.167.54 - - [11/Sep/2022:04:02:59 -0700] "GET /index.php/sitemap14851.xml HTTP/1.1" 200 329998 "-" "Mozilla/5.0 (compatible; bingbot/2.0; +http://www.bing.com/bingbot.htm)" "mantech8.com"
157.55.39.103 - - [11/Sep/2022:04:05:22 -0700] "GET /bimages/gallery/thump/pb4.jpg HTTP/1.1" 200 441577 "-" "Mozilla/5.0 (compatible; bingbot/2.0; +http://www.bing.com/bingbot.htm)" "mantech8.com"
77.75.78.166 - - [11/Sep/2022:04:06:15 -0700] "GET /robots.txt HTTP/1.1" 200 2442 "-" "Mozilla/5.0 (compatible; SeznamBot/3.2; +http://napoveda.seznam.cz/en/seznambot-intro/)" "mantech8.com"
77.75.78.166 - - [11/Sep/2022:04:06:16 -0700] "GET /sitemap-index-4.xml HTTP/1.1" 404 88 "-" "Mozilla/5.0 (compatible; SeznamBot/3.2; +http://napoveda.seznam.cz/en/seznambot-intro/)" "mantech8.com"
157.55.39.103 - - [11/Sep/2022:04:06:43 -0700] "GET /index.php?takiko.xml HTTP/1.1" 200 287268 "-" "Mozilla/5.0 (compatible; bingbot/2.0; +http://www.bing.com/bingbot.htm)" "mantech8.com"
40.77.167.54 - - [11/Sep/2022:04:07:19 -0700] "GET /?sitemap24613.xml HTTP/1.1" 200 318506 "-" "Mozilla/5.0 (compatible; bingbot/2.0; +http://www.bing.com/bingbot.htm)" "mantech8.com"
207.46.13.23 - - [11/Sep/2022:04:07:32 -0700] "GET /index.php?ravenings.xml HTTP/1.1" 200 276785 "-" "Mozilla/5.0 (compatible; bingbot/2.0; +http://www.bing.com/bingbot.htm)" "mantech8.com"
157.55.39.86 - - [11/Sep/2022:04:13:15 -0700] "GET /?sitemap870.xml HTTP/1.1" 200 300872 "-" "Mozilla/5.0 (compatible; bingbot/2.0; +http://www.bing.com/bingbot.htm)" "mantech8.com"
157.55.39.104 - - [11/Sep/2022:04:13:33 -0700] "GET /index.php?ching-kuo.xml HTTP/1.1" 200 342919 "-" "Mozilla/5.0 (compatible; bingbot/2.0; +http://www.bing.com/bingbot.htm)" "mantech8.com"
207.46.13.39 - - [11/Sep/2022:04:13:54 -0700] "GET /index.php/sitemap44.xml HTTP/1.1" 200 253285 "-" "Mozilla/5.0 (compatible; bingbot/2.0; +http://www.bing.com/bingbot.htm)" "mantech8.com"
157.55.39.86 - - [11/Sep/2022:04:13:59 -0700] "GET /index.php?larges.xml HTTP/1.1" 200 305641 "-" "Mozilla/5.0 (compatible; bingbot/2.0; +http://www.bing.com/bingbot.htm)" "mantech8.com"
40.77.167.54 - - [11/Sep/2022:04:14:09 -0700] "GET /index.php?sitemap7639.xml HTTP/1.1" 200 312334 "-" "Mozilla/5.0 (compatible; bingbot/2.0; +http://www.bing.com/bingbot.htm)" "mantech8.com"
40.77.167.54 - - [11/Sep/2022:04:14:30 -0700] "GET /index.php/sitemap92.xml HTTP/1.1" 200 346796 "-" "Mozilla/5.0 (compatible; bingbot/2.0; +http://www.bing.com/bingbot.htm)" "mantech8.com"
207.46.13.39 - - [11/Sep/2022:04:15:14 -0700] "GET /index.php/sitemap493.xml HTTP/1.1" 200 290064 "-" "Mozilla/5.0 (compatible; bingbot/2.0; +http://www.bing.com/bingbot.htm)" "mantech8.com"
157.55.39.86 - - [11/Sep/2022:04:15:18 -0700] "GET /index.php/furnacite.xml HTTP/1.1" 200 266488 "-" "Mozilla/5.0 (compatible; bingbot/2.0; +http://www.bing.com/bingbot.htm)" "mantech8.com"
40.77.167.54 - - [11/Sep/2022:04:16:50 -0700] "GET /index.php?impenetration.xml HTTP/1.1" 200 343469 "-" "Mozilla/5.0 (compatible; bingbot/2.0; +http://www.bing.com/bingbot.htm)" "mantech8.com"
114.119.133.158 - - [11/Sep/2022:04:18:14 -0700] "GET /bimages/vision/sysinfo.lib.php HTTP/1.1" 200 32 "http://www.mantech8.com/bimages/vision/?C=S%3BO%3DA" "Mozilla/5.0 (Linux; Android 7.0;) AppleWebKit/537.36 (KHTML, like Gecko) Mobile Safari/537.36 (compatible; PetalBot;+https://webmaster.petalsearch.com/site/petalbot)" "www.mantech8.com"
216.244.66.241 - - [11/Sep/2022:04:18:31 -0700] "GET /robots.txt HTTP/1.1" 200 26464 "-" "Mozilla/5.0 (compatible; DotBot/1.2; +https://opensiteexplorer.org/dotbot; help@moz.com)" "www.mantech8.com"
216.244.66.241 - - [11/Sep/2022:04:18:31 -0700] "GET /robots.txt HTTP/1.1" 200 26464 "-" "Mozilla/5.0 (compatible; DotBot/1.2; +https://opensiteexplorer.org/dotbot; help@moz.com)" "mantech8.com"
157.55.39.86 - - [11/Sep/2022:04:20:56 -0700] "GET /index.php?murium.xml HTTP/1.1" 200 330984 "-" "Mozilla/5.0 (compatible; bingbot/2.0; +http://www.bing.com/bingbot.htm)" "mantech8.com"
157.55.39.104 - - [11/Sep/2022:04:22:04 -0700] "GET /?diethers.xml HTTP/1.1" 200 321326 "-" "Mozilla/5.0 (compatible; bingbot/2.0; +http://www.bing.com/bingbot.htm)" "mantech8.com"
157.55.39.104 - - [11/Sep/2022:04:22:07 -0700] "GET /?sitemap4113.xml HTTP/1.1" 200 291489 "-" "Mozilla/5.0 (compatible; bingbot/2.0; +http://www.bing.com/bingbot.htm)" "mantech8.com"
157.55.39.104 - - [11/Sep/2022:04:23:54 -0700] "GET /index.php?sitemap7.xml HTTP/1.1" 200 322721 "-" "Mozilla/5.0 (compatible; bingbot/2.0; +http://www.bing.com/bingbot.htm)" "mantech8.com"
207.46.13.39 - - [11/Sep/2022:04:25:53 -0700] "GET /?sitemap-index-8.xml HTTP/1.1" 200 6069 "-" "Mozilla/5.0 (compatible; bingbot/2.0; +http://www.bing.com/bingbot.htm)" "mantech8.com"
157.55.39.103 - - [11/Sep/2022:04:26:34 -0700] "GET /index.php/sitemap9675.xml HTTP/1.1" 200 279766 "-" "Mozilla/5.0 (compatible; bingbot/2.0; +http://www.bing.com/bingbot.htm)" "mantech8.com"
157.55.39.103 - - [11/Sep/2022:04:26:35 -0700] "GET /?tarandean.xml HTTP/1.1" 200 293861 "-" "Mozilla/5.0 (compatible; bingbot/2.0; +http://www.bing.com/bingbot.htm)" "mantech8.com"
40.77.167.54 - - [11/Sep/2022:04:27:51 -0700] "GET /index.php?sitemap414.xml HTTP/1.1" 200 276447 "-" "Mozilla/5.0 (compatible; bingbot/2.0; +http://www.bing.com/bingbot.htm)" "mantech8.com"
